{"id":6948,"date":"2024-11-01T12:23:20","date_gmt":"2024-11-01T12:23:20","guid":{"rendered":"https:\/\/ruumistruumi.ee\/pood\/cementroheline-soogilaud-rose-hill-rh10-korglaikega-mdf-ja-roostevabast-terasest-jalad\/"},"modified":"2025-04-10T11:57:52","modified_gmt":"2025-04-10T11:57:52","slug":"roheline-soogilaud-rose-hill-rh10-korglaikega-mdf","status":"publish","type":"product","link":"https:\/\/blankpage.ee\/_ruumist-ruumi\/pood\/roheline-soogilaud-rose-hill-rh10-korglaikega-mdf\/","title":{"rendered":"Roheline s\u00f6\u00f6gilaud Rose Hill RH10, k\u00f5rgl\u00e4ikega MDF"},"content":{"rendered":"<p>Rose Hill RH10 s\u00f6\u00f6gilaud 200cm s\u00f6\u00f6gituppa. See modernne klassikaline s\u00f6\u00f6gilaud \u00fchendab endas elegantsuse ja funktsionaalsuse. Laua tsemendiroheline k\u00f5rgl\u00e4ikega MDF-plaadist pealispind loob harmoonilise koosluse, mida t\u00e4iustavad originaalses geomeetrilises mustris kuldsed roostevabast terasest jalad. Minimalistlik vorm lisab ruumile kaasaegset h\u00f5ngu, pakkudes samas mugavat ja praktilist lahendust.<\/p>\n<p>Omadused:<br \/>\n<strong>Materjal:<\/strong> K\u00f5rgl\u00e4ikega pulberv\u00e4rvitud MDF ja roostevabast terasest jalad.<br \/>\n<strong>V\u00e4rv:<\/strong> Tsemendiroheline pealispind, kuldsed jalad.<br \/>\n<strong>M\u00f5\u00f5tmed:<\/strong> Laius 200 cm, s\u00fcgavus 90 cm, k\u00f5rgus 76 cm.<br \/>\n<strong>T\u00e4iendavad detailid:<\/strong> Laua minimalistlik disain ja geomeetriline mustrijalgade lahendus.<br \/>\n<strong>Kokkupanek:<\/strong> T\u00e4ielik kokkupanek vajalik.<\/p>\n<p>&nbsp;<\/p>\n","protected":false},"excerpt":{"rendered":"<p>Rose Hill RH10 s\u00f6\u00f6gilaud 200cm s\u00f6\u00f6gituppa. See modernne klassikaline s\u00f6\u00f6gilaud \u00fchendab endas elegantsuse ja funktsionaalsuse. Laua tsemendiroheline k\u00f5rgl\u00e4ikega MDF-plaadist pealispind loob harmoonilise koosluse, mida t\u00e4iustavad originaalses geomeetrilises mustris kuldsed roostevabast terasest jalad. Minimalistlik vorm lisab ruumile kaasaegset h\u00f5ngu, pakkudes samas mugavat ja praktilist lahendust. Omadused: Materjal: K\u00f5rgl\u00e4ikega pulberv\u00e4rvitud MDF ja roostevabast terasest jalad. V\u00e4rv: Tsemendiroheline [&hellip;]<\/p>\n","protected":false},"featured_media":6949,"comment_status":"open","ping_status":"closed","template":"","meta":[],"product_brand":[],"product_cat":[93],"product_tag":[],"class_list":{"0":"post-6948","1":"product","2":"type-product","3":"status-publish","4":"has-post-thumbnail","6":"product_cat-soogilauad","7":"product_shipping_class-livin-hill","8":"pa_kollektsioon-rose-hill","9":"pa_materjal-kuldne","10":"pa_varv-roheline","12":"first","13":"instock","14":"sale","15":"taxable","16":"shipping-taxable","17":"purchasable","18":"product-type-simple"},"_links":{"self":[{"href":"https:\/\/blankpage.ee\/_ruumist-ruumi\/wp-json\/wp\/v2\/product\/6948","targetHints":{"allow":["GET"]}}],"collection":[{"href":"https:\/\/blankpage.ee\/_ruumist-ruumi\/wp-json\/wp\/v2\/product"}],"about":[{"href":"https:\/\/blankpage.ee\/_ruumist-ruumi\/wp-json\/wp\/v2\/types\/product"}],"replies":[{"embeddable":true,"href":"https:\/\/blankpage.ee\/_ruumist-ruumi\/wp-json\/wp\/v2\/comments?post=6948"}],"wp:featuredmedia":[{"embeddable":true,"href":"https:\/\/blankpage.ee\/_ruumist-ruumi\/wp-json\/wp\/v2\/media\/6949"}],"wp:attachment":[{"href":"https:\/\/blankpage.ee\/_ruumist-ruumi\/wp-json\/wp\/v2\/media?parent=6948"}],"wp:term":[{"taxonomy":"product_brand","embeddable":true,"href":"https:\/\/blankpage.ee\/_ruumist-ruumi\/wp-json\/wp\/v2\/product_brand?post=6948"},{"taxonomy":"product_cat","embeddable":true,"href":"https:\/\/blankpage.ee\/_ruumist-ruumi\/wp-json\/wp\/v2\/product_cat?post=6948"},{"taxonomy":"product_tag","embeddable":true,"href":"https:\/\/blankpage.ee\/_ruumist-ruumi\/wp-json\/wp\/v2\/product_tag?post=6948"}],"curies":[{"name":"wp","href":"https:\/\/api.w.org\/{rel}","templated":true}]}}