{"id":7116,"date":"2024-11-01T12:39:03","date_gmt":"2024-11-01T12:39:03","guid":{"rendered":"https:\/\/ruumistruumi.ee\/pood\/helebeez-seinapeegel-venezia-bianco-veb816k-kasepuust\/"},"modified":"2025-06-17T08:57:48","modified_gmt":"2025-06-17T08:57:48","slug":"helebeez-seinapeegel-venezia-bianco-veb816k-kasepuust","status":"publish","type":"product","link":"https:\/\/blankpage.ee\/_ruumist-ruumi\/pood\/helebeez-seinapeegel-venezia-bianco-veb816k-kasepuust\/","title":{"rendered":"Helebeez seinapeegel Venezia Bianco VEB816K, kasepuust"},"content":{"rendered":"<p>Venezia Bianco VEB816K seinapeegel on t\u00e4iuslik t\u00e4iendus igasse ruumi, kus soovitakse lisada provanssaalset elegantsi ja stiili. See peegel on valmistatud kvaliteetsest kaskepuidust, mis annab sellele vastupidavuse ja ajatu ilu. Raam on kaetud poolmati helebee\u017ei tooniga, millel on iseloomulik koore\u00fcraski muster ja dekoratiivsed needid, mis lisavad sellele unikaalsust ja isikup\u00e4ra.<\/p>\n<p>Peegli omadused on silmapaistvad ja praktilised. Selle m\u00f5\u00f5tmed on 89,5 cm lai, 9,5 cm s\u00fcgav ja 111,5 cm k\u00f5rge, pakkudes piisavalt suurust, et peegeldada valgust ja avardada ruumi visuaalselt. Peegli paneeli suurus on 68 x 88\/92 cm, siseraami laius 80 cm ja raami k\u00f5rgus ilma p\u00e4rjadeta on 104 cm, mis tagab, et see sobib suurep\u00e4raselt erinevatesse interj\u00f6\u00f6ridesse.<\/p>\n<p>Venezia Bianco kollektsiooni kuuluv peegel on kokkupandud, ei vaja paigaldust, s\u00e4\u00e4stes teie aega ja vaeva. See on ideaalne valik neile, kes hindavad kvaliteeti ja stiili oma kodu sisustamisel.<\/p>\n<p>Omadused:<br \/>\n<strong>Materjal:<\/strong> Kaskepuit.<br \/>\n<strong>V\u00e4rv:<\/strong> Helebee\u017e.<br \/>\n<strong>M\u00f5\u00f5tmed:<\/strong> Laius 89,5 cm, s\u00fcgavus 9,5 cm, k\u00f5rgus 111,5 cm.<br \/>\n<strong>T\u00e4iendavad detailid:<\/strong> Peegli paneeli suurus 68 x 88\/92 cm, siseraami laius 80 cm, raami k\u00f5rgus ilma p\u00e4rjadeta 104 cm, alumise raami m\u00f5\u00f5tmed 81,5 x 4,5 cm.<br \/>\n<strong>Kokkupanek:<\/strong> Kokkupandud, ei vaja paigaldust. S\u00e4\u00e4stab aega ja vaeva.<\/p>\n<p>&nbsp;<\/p>\n","protected":false},"excerpt":{"rendered":"<p>Venezia Bianco VEB816K seinapeegel on t\u00e4iuslik t\u00e4iendus igasse ruumi, kus soovitakse lisada provanssaalset elegantsi ja stiili. See peegel on valmistatud kvaliteetsest kaskepuidust, mis annab sellele vastupidavuse ja ajatu ilu. Raam on kaetud poolmati helebee\u017ei tooniga, millel on iseloomulik koore\u00fcraski muster ja dekoratiivsed needid, mis lisavad sellele unikaalsust ja isikup\u00e4ra. Peegli omadused on silmapaistvad ja praktilised. [&hellip;]<\/p>\n","protected":false},"featured_media":7117,"comment_status":"open","ping_status":"closed","template":"","meta":[],"product_brand":[],"product_cat":[104],"product_tag":[],"class_list":{"0":"post-7116","1":"product","2":"type-product","3":"status-publish","4":"has-post-thumbnail","6":"product_cat-peeglid","7":"product_shipping_class-livin-hill","8":"pa_kollektsioon-venezia-bianco","9":"pa_materjal-kaskpuit","10":"pa_varv-beez","12":"first","13":"instock","14":"sale","15":"taxable","16":"shipping-taxable","17":"purchasable","18":"product-type-simple"},"_links":{"self":[{"href":"https:\/\/blankpage.ee\/_ruumist-ruumi\/wp-json\/wp\/v2\/product\/7116","targetHints":{"allow":["GET"]}}],"collection":[{"href":"https:\/\/blankpage.ee\/_ruumist-ruumi\/wp-json\/wp\/v2\/product"}],"about":[{"href":"https:\/\/blankpage.ee\/_ruumist-ruumi\/wp-json\/wp\/v2\/types\/product"}],"replies":[{"embeddable":true,"href":"https:\/\/blankpage.ee\/_ruumist-ruumi\/wp-json\/wp\/v2\/comments?post=7116"}],"wp:featuredmedia":[{"embeddable":true,"href":"https:\/\/blankpage.ee\/_ruumist-ruumi\/wp-json\/wp\/v2\/media\/7117"}],"wp:attachment":[{"href":"https:\/\/blankpage.ee\/_ruumist-ruumi\/wp-json\/wp\/v2\/media?parent=7116"}],"wp:term":[{"taxonomy":"product_brand","embeddable":true,"href":"https:\/\/blankpage.ee\/_ruumist-ruumi\/wp-json\/wp\/v2\/product_brand?post=7116"},{"taxonomy":"product_cat","embeddable":true,"href":"https:\/\/blankpage.ee\/_ruumist-ruumi\/wp-json\/wp\/v2\/product_cat?post=7116"},{"taxonomy":"product_tag","embeddable":true,"href":"https:\/\/blankpage.ee\/_ruumist-ruumi\/wp-json\/wp\/v2\/product_tag?post=7116"}],"curies":[{"name":"wp","href":"https:\/\/api.w.org\/{rel}","templated":true}]}}