{"id":7202,"date":"2024-11-01T13:09:29","date_gmt":"2024-11-01T13:09:29","guid":{"rendered":"https:\/\/ruumistruumi.ee\/pood\/helebeez-vitriinkapp-venezia-bianco-veb859k-kasepuust\/"},"modified":"2025-01-29T10:02:07","modified_gmt":"2025-01-29T10:02:07","slug":"helebeez-riidekapp-venezia-bianco-veb859k-kasepuust","status":"publish","type":"product","link":"https:\/\/blankpage.ee\/_ruumist-ruumi\/pood\/helebeez-riidekapp-venezia-bianco-veb859k-kasepuust\/","title":{"rendered":"Helebee\u017e riidekapp Venezia Bianco VEB859K, kasepuust"},"content":{"rendered":"<p>Venezia Bianco VEB859K riidekapp magamistuppa. See elegantne t\u00e4ispuidust riidekapp, millel on kaunilt painutatud ja freesitud jalad, toob magamistuppa provanssaalse stiili v\u00f5lu. Kapi korpus on kaetud eba\u00fchtlase, poolmati helebee\u017ei tooniga, mis lisab sisekujundusele soojust ja isikup\u00e4ra. Kapi korpust ja viimistlust kaunistavad iseloomulikud koore\u00fcraski mustrid ja dekoratiivsed needid, mis annavad sellele ainulaadse ilme. <\/p>\n<p>Riidekapil on kaks ust ja viis riiulit, pakkudes rohkelt hoiuruumi teie riietele ja aksessuaaridele. Dekoratiivsed metallist k\u00e4epidemed lisavad kapile stiilset viimistlust ja muudavad selle kasutamise mugavaks. Kapp on kokkupandud, ei vaja paigaldust, s\u00e4\u00e4stes teie aega ja vaeva. <\/p>\n<p>Omadused:<br \/>\n<strong>Materjal:<\/strong> Kaskepuit.<br \/>\n<strong>V\u00e4rv:<\/strong> Helebee\u017e.<br \/>\n<strong>M\u00f5\u00f5tmed:<\/strong> Laius 120 cm, s\u00fcgavus 64 cm, k\u00f5rgus 204 cm.<br \/>\n<strong>T\u00e4iendavad detailid:<\/strong> 2 ust, 5 riiulit, metallist k\u00e4epidemed.<br \/>\n<strong>Kokkupanek:<\/strong> Kokkupandud, ei vaja paigaldust. S\u00e4\u00e4stab aega ja vaeva.<\/p>\n<p>&nbsp;<\/p>\n","protected":false},"excerpt":{"rendered":"<p>Venezia Bianco VEB859K riidekapp magamistuppa. See elegantne t\u00e4ispuidust riidekapp, millel on kaunilt painutatud ja freesitud jalad, toob magamistuppa provanssaalse stiili v\u00f5lu. Kapi korpus on kaetud eba\u00fchtlase, poolmati helebee\u017ei tooniga, mis lisab sisekujundusele soojust ja isikup\u00e4ra. Kapi korpust ja viimistlust kaunistavad iseloomulikud koore\u00fcraski mustrid ja dekoratiivsed needid, mis annavad sellele ainulaadse ilme. Riidekapil on kaks ust [&hellip;]<\/p>\n","protected":false},"featured_media":7203,"comment_status":"open","ping_status":"closed","template":"","meta":[],"product_brand":[],"product_cat":[71],"product_tag":[],"class_list":{"0":"post-7202","1":"product","2":"type-product","3":"status-publish","4":"has-post-thumbnail","6":"product_cat-moobel","7":"product_shipping_class-livin-hill","8":"pa_kaepidemed-metall","9":"pa_kollektsioon-venezia-bianco","10":"pa_materjal-kaskpuit","11":"pa_riiulite-arv-261","12":"pa_uste-arv-94","13":"pa_varv-beez","15":"first","16":"outofstock","17":"sale","18":"taxable","19":"shipping-taxable","20":"purchasable","21":"product-type-simple"},"_links":{"self":[{"href":"https:\/\/blankpage.ee\/_ruumist-ruumi\/wp-json\/wp\/v2\/product\/7202","targetHints":{"allow":["GET"]}}],"collection":[{"href":"https:\/\/blankpage.ee\/_ruumist-ruumi\/wp-json\/wp\/v2\/product"}],"about":[{"href":"https:\/\/blankpage.ee\/_ruumist-ruumi\/wp-json\/wp\/v2\/types\/product"}],"replies":[{"embeddable":true,"href":"https:\/\/blankpage.ee\/_ruumist-ruumi\/wp-json\/wp\/v2\/comments?post=7202"}],"wp:featuredmedia":[{"embeddable":true,"href":"https:\/\/blankpage.ee\/_ruumist-ruumi\/wp-json\/wp\/v2\/media\/7203"}],"wp:attachment":[{"href":"https:\/\/blankpage.ee\/_ruumist-ruumi\/wp-json\/wp\/v2\/media?parent=7202"}],"wp:term":[{"taxonomy":"product_brand","embeddable":true,"href":"https:\/\/blankpage.ee\/_ruumist-ruumi\/wp-json\/wp\/v2\/product_brand?post=7202"},{"taxonomy":"product_cat","embeddable":true,"href":"https:\/\/blankpage.ee\/_ruumist-ruumi\/wp-json\/wp\/v2\/product_cat?post=7202"},{"taxonomy":"product_tag","embeddable":true,"href":"https:\/\/blankpage.ee\/_ruumist-ruumi\/wp-json\/wp\/v2\/product_tag?post=7202"}],"curies":[{"name":"wp","href":"https:\/\/api.w.org\/{rel}","templated":true}]}}