{"id":7244,"date":"2024-11-01T13:20:31","date_gmt":"2024-11-01T13:20:31","guid":{"rendered":"https:\/\/ruumistruumi.ee\/pood\/helebeez-kohvilaud-venezia-bianco-veb884k-kasepuidust\/"},"modified":"2024-12-13T12:28:39","modified_gmt":"2024-12-13T12:28:39","slug":"helebeez-kohvilaud-venezia-bianco-veb884k-kasepuust","status":"publish","type":"product","link":"https:\/\/blankpage.ee\/_ruumist-ruumi\/pood\/helebeez-kohvilaud-venezia-bianco-veb884k-kasepuust\/","title":{"rendered":"Helebee\u017e kohvilaud Venezia Bianco VEB884K, kasepuust"},"content":{"rendered":"<p>Venezia Bianco VEB884K kohvilaud elutuppa. See elegantne puidust kohvilaud, millel on k\u00f5verdatud ja freespinkiga jalad, toob teie elutuppa provencali stiili. Laua raam on poolmatt helebee\u017eis v\u00e4rvitoonis, mis loob sooja ja kutsuva atmosf\u00e4\u00e4ri. Iseloomulikud detailid ja dekoratiivsed nupud lisavad lauapinnale unikaalsust ja karakterit, muutes selle silmapaistvaks igas interj\u00f6\u00f6ris.<\/p>\n<p>Omadused:<br \/>\n<strong>Materjal:<\/strong> Tugev kasepuit, mis tagab vastupidavuse ja pikaealisuse.<br \/>\n<strong>V\u00e4rv:<\/strong> Helebee\u017e, mis sobib suurep\u00e4raselt erinevate sisekujunduslahendustega.<br \/>\n<strong>M\u00f5\u00f5tmed:<\/strong> Laua laius 122 cm, s\u00fcgavus 80 cm, k\u00f5rgus 45 cm. Jalade vahe on 35,5 cm, jalade vahe 59\/104 cm.<br \/>\n<strong>T\u00e4iendavad detailid:<\/strong> Laua disain on ainulaadne, pakkudes nii esteetilist ilu kui ka praktilisust.<br \/>\n<strong>Kokkupanek:<\/strong> Osaliselt kokku pandud, ei vaja paigaldust. S\u00e4\u00e4stab aega ja vaeva.<\/p>\n<p>Venezia Bianco kohvilaud on suurep\u00e4rane valik, et t\u00e4iendada teie elutoa sisustust, pakkudes samas funktsionaalsust ja stiili.<\/p>\n<p>&nbsp;<\/p>\n","protected":false},"excerpt":{"rendered":"<p>Venezia Bianco VEB884K kohvilaud elutuppa. See elegantne puidust kohvilaud, millel on k\u00f5verdatud ja freespinkiga jalad, toob teie elutuppa provencali stiili. Laua raam on poolmatt helebee\u017eis v\u00e4rvitoonis, mis loob sooja ja kutsuva atmosf\u00e4\u00e4ri. Iseloomulikud detailid ja dekoratiivsed nupud lisavad lauapinnale unikaalsust ja karakterit, muutes selle silmapaistvaks igas interj\u00f6\u00f6ris. Omadused: Materjal: Tugev kasepuit, mis tagab vastupidavuse ja [&hellip;]<\/p>\n","protected":false},"featured_media":7245,"comment_status":"open","ping_status":"closed","template":"","meta":[],"product_brand":[],"product_cat":[118],"product_tag":[],"class_list":{"0":"post-7244","1":"product","2":"type-product","3":"status-publish","4":"has-post-thumbnail","6":"product_cat-diivanilauad","7":"product_shipping_class-livin-hill","8":"pa_kollektsioon-venezia-bianco","9":"pa_materjal-kaskpuit","10":"pa_varv-beez","12":"first","13":"outofstock","14":"sale","15":"taxable","16":"shipping-taxable","17":"purchasable","18":"product-type-simple"},"_links":{"self":[{"href":"https:\/\/blankpage.ee\/_ruumist-ruumi\/wp-json\/wp\/v2\/product\/7244","targetHints":{"allow":["GET"]}}],"collection":[{"href":"https:\/\/blankpage.ee\/_ruumist-ruumi\/wp-json\/wp\/v2\/product"}],"about":[{"href":"https:\/\/blankpage.ee\/_ruumist-ruumi\/wp-json\/wp\/v2\/types\/product"}],"replies":[{"embeddable":true,"href":"https:\/\/blankpage.ee\/_ruumist-ruumi\/wp-json\/wp\/v2\/comments?post=7244"}],"wp:featuredmedia":[{"embeddable":true,"href":"https:\/\/blankpage.ee\/_ruumist-ruumi\/wp-json\/wp\/v2\/media\/7245"}],"wp:attachment":[{"href":"https:\/\/blankpage.ee\/_ruumist-ruumi\/wp-json\/wp\/v2\/media?parent=7244"}],"wp:term":[{"taxonomy":"product_brand","embeddable":true,"href":"https:\/\/blankpage.ee\/_ruumist-ruumi\/wp-json\/wp\/v2\/product_brand?post=7244"},{"taxonomy":"product_cat","embeddable":true,"href":"https:\/\/blankpage.ee\/_ruumist-ruumi\/wp-json\/wp\/v2\/product_cat?post=7244"},{"taxonomy":"product_tag","embeddable":true,"href":"https:\/\/blankpage.ee\/_ruumist-ruumi\/wp-json\/wp\/v2\/product_tag?post=7244"}],"curies":[{"name":"wp","href":"https:\/\/api.w.org\/{rel}","templated":true}]}}