{"id":7272,"date":"2024-11-01T13:22:54","date_gmt":"2024-11-01T13:22:54","guid":{"rendered":"https:\/\/ruumistruumi.ee\/pood\/turkiis-ja-mundiroheline-kummut-avola-av1615-48-akatsiapuust-vineerist\/"},"modified":"2025-04-10T11:58:01","modified_gmt":"2025-04-10T11:58:01","slug":"mundiroheline-avola-av1615-48-kummut-akaatsiapuidust","status":"publish","type":"product","link":"https:\/\/blankpage.ee\/_ruumist-ruumi\/pood\/mundiroheline-avola-av1615-48-kummut-akaatsiapuidust\/","title":{"rendered":"M\u00fcndiroheline Avola AV1615-48 kummut, akaatsiapuidust"},"content":{"rendered":"<p>Avola AV1615-48 puhvetkapp elutuppa. See rustikaalne puhvetkapp toob elutuppa iseloomuliku vanutatud v\u00e4limuse ja dekoratiivsed liistud. Puhvetkapp on kaunistatud t\u00fcrkiissinise ja m\u00fcndirohelise v\u00e4rviga ning sellel on klaasuks ja freesitud pealisplaat.<\/p>\n<p>Omadused:<br \/>\n<strong>Materjal:<\/strong> Akaatsiapuit ja vineer.<br \/>\n<strong>V\u00e4rv:<\/strong> T\u00fcrkiissinine ja m\u00fcndiroheline.<br \/>\n<strong>M\u00f5\u00f5tmed:<\/strong> Laius 122 cm, s\u00fcgavus 38 cm, k\u00f5rgus 106,5 cm.<br \/>\n<strong>T\u00e4iendavad detailid:<\/strong> 4 ust, 1 riiul, reguleeritav sisemine riiul, vanutatud v\u00e4rviviimistlus.<br \/>\n<strong>Kokkupanek:<\/strong> Kokkupandud, ei vaja paigaldust. S\u00e4\u00e4stab aega ja vaeva.<br \/>\n<strong>K\u00e4epidemed:<\/strong> Puidust.<br \/>\n<strong>Lisam\u00f5\u00f5tmed:<\/strong> Kapi m\u00f5\u00f5tmed &#8211; 48 x 81,5 cm; riiuli m\u00f5\u00f5tmed &#8211; 54,5 x 29 cm.<\/p>\n<p>Avola kollektsiooni puhvetkapp on ideaalne valik neile, kes hindavad ajatut disaini ja praktilisust.<\/p>\n<p>&nbsp;<\/p>\n","protected":false},"excerpt":{"rendered":"<p>Avola AV1615-48 puhvetkapp elutuppa. See rustikaalne puhvetkapp toob elutuppa iseloomuliku vanutatud v\u00e4limuse ja dekoratiivsed liistud. Puhvetkapp on kaunistatud t\u00fcrkiissinise ja m\u00fcndirohelise v\u00e4rviga ning sellel on klaasuks ja freesitud pealisplaat. Omadused: Materjal: Akaatsiapuit ja vineer. V\u00e4rv: T\u00fcrkiissinine ja m\u00fcndiroheline. M\u00f5\u00f5tmed: Laius 122 cm, s\u00fcgavus 38 cm, k\u00f5rgus 106,5 cm. T\u00e4iendavad detailid: 4 ust, 1 riiul, reguleeritav [&hellip;]<\/p>\n","protected":false},"featured_media":7273,"comment_status":"open","ping_status":"closed","template":"","meta":[],"product_brand":[],"product_cat":[81],"product_tag":[],"class_list":{"0":"post-7272","1":"product","2":"type-product","3":"status-publish","4":"has-post-thumbnail","6":"product_cat-kapid-riiulid-ja-kummutid","7":"product_shipping_class-livin-hill","8":"pa_kaepidemed-puitunud","9":"pa_kollektsioon-avola","10":"pa_materjal-akaatsiapuit","11":"pa_riiulite-arv-99","12":"pa_uste-arv-75","13":"pa_varv-roheline","15":"first","16":"outofstock","17":"sale","18":"taxable","19":"shipping-taxable","20":"purchasable","21":"product-type-simple"},"_links":{"self":[{"href":"https:\/\/blankpage.ee\/_ruumist-ruumi\/wp-json\/wp\/v2\/product\/7272","targetHints":{"allow":["GET"]}}],"collection":[{"href":"https:\/\/blankpage.ee\/_ruumist-ruumi\/wp-json\/wp\/v2\/product"}],"about":[{"href":"https:\/\/blankpage.ee\/_ruumist-ruumi\/wp-json\/wp\/v2\/types\/product"}],"replies":[{"embeddable":true,"href":"https:\/\/blankpage.ee\/_ruumist-ruumi\/wp-json\/wp\/v2\/comments?post=7272"}],"wp:featuredmedia":[{"embeddable":true,"href":"https:\/\/blankpage.ee\/_ruumist-ruumi\/wp-json\/wp\/v2\/media\/7273"}],"wp:attachment":[{"href":"https:\/\/blankpage.ee\/_ruumist-ruumi\/wp-json\/wp\/v2\/media?parent=7272"}],"wp:term":[{"taxonomy":"product_brand","embeddable":true,"href":"https:\/\/blankpage.ee\/_ruumist-ruumi\/wp-json\/wp\/v2\/product_brand?post=7272"},{"taxonomy":"product_cat","embeddable":true,"href":"https:\/\/blankpage.ee\/_ruumist-ruumi\/wp-json\/wp\/v2\/product_cat?post=7272"},{"taxonomy":"product_tag","embeddable":true,"href":"https:\/\/blankpage.ee\/_ruumist-ruumi\/wp-json\/wp\/v2\/product_tag?post=7272"}],"curies":[{"name":"wp","href":"https:\/\/api.w.org\/{rel}","templated":true}]}}