{"id":7281,"date":"2024-11-01T13:23:40","date_gmt":"2024-11-01T13:23:40","guid":{"rendered":"https:\/\/ruumistruumi.ee\/pood\/antikvalge-avola-av1706-70-kummut-taaskasutatud-mannipuidust\/"},"modified":"2025-04-10T11:58:01","modified_gmt":"2025-04-10T11:58:01","slug":"antiikvalge-kummut-avola-av1706-70-taaskasutatud-mannipuidust","status":"publish","type":"product","link":"https:\/\/blankpage.ee\/_ruumist-ruumi\/pood\/antiikvalge-kummut-avola-av1706-70-taaskasutatud-mannipuidust\/","title":{"rendered":"Antiikvalge kummut Avola AV1706-70, taaskasutatud m\u00e4nnipuidust"},"content":{"rendered":"<p>Avola AV1706-70 puhvetkapp elutuppa. See rustikaalses stiilis puhvetkapp on valmistatud taaskasutatud m\u00e4nnipuidust, mis lisab igasse elutuppa sooja ja maal\u00e4hedase atmosf\u00e4\u00e4ri. Kapi liuguksed ja stiliseeritud metallist detailid t\u00e4iendavad suurep\u00e4raselt selle stiili, pakkudes samas praktilist hoiuruumi.<\/p>\n<p>Puhvetkapi kaks ust ja \u00fcks reguleeritav riiul pakuvad piisavalt ruumi, et hoida k\u00f5ik vajalik k\u00e4ep\u00e4rast. Kapi puidust freesitud k\u00e4epidemed lisavad sellele unikaalsust ja elegantsi. Kapi m\u00f5\u00f5tmed on 178 cm lai, 46 cm s\u00fcgav ja 86,5 cm k\u00f5rge, mis muudab selle ideaalseks nii suurematesse kui ka v\u00e4iksematesse elutubadesse.<\/p>\n<p>Omadused:<br \/>\n<strong>Materjal:<\/strong> Taaskasutatud m\u00e4nnipuit.<br \/>\n<strong>V\u00e4rv:<\/strong> Antiikvalge, pruun pealisplaat ja detailid.<br \/>\n<strong>M\u00f5\u00f5tmed:<\/strong> Laius 178 cm, s\u00fcgavus 46 cm, k\u00f5rgus 86,5 cm.<br \/>\n<strong>T\u00e4iendavad detailid:<\/strong> Liuguksed, reguleeritav sisemine riiul.<br \/>\n<strong>Kokkupanek:<\/strong> Kokkupandud, ei vaja paigaldust. S\u00e4\u00e4stab aega ja vaeva.<\/p>\n<p>&nbsp;<\/p>\n","protected":false},"excerpt":{"rendered":"<p>Avola AV1706-70 puhvetkapp elutuppa. See rustikaalses stiilis puhvetkapp on valmistatud taaskasutatud m\u00e4nnipuidust, mis lisab igasse elutuppa sooja ja maal\u00e4hedase atmosf\u00e4\u00e4ri. Kapi liuguksed ja stiliseeritud metallist detailid t\u00e4iendavad suurep\u00e4raselt selle stiili, pakkudes samas praktilist hoiuruumi. Puhvetkapi kaks ust ja \u00fcks reguleeritav riiul pakuvad piisavalt ruumi, et hoida k\u00f5ik vajalik k\u00e4ep\u00e4rast. Kapi puidust freesitud k\u00e4epidemed lisavad sellele [&hellip;]<\/p>\n","protected":false},"featured_media":7282,"comment_status":"open","ping_status":"closed","template":"","meta":[],"product_brand":[],"product_cat":[81],"product_tag":[],"class_list":{"0":"post-7281","1":"product","2":"type-product","3":"status-publish","4":"has-post-thumbnail","6":"product_cat-kapid-riiulid-ja-kummutid","7":"product_shipping_class-livin-hill","8":"pa_kaepidemed-puit-freespinkiga-toodeldud-kaepidemed","9":"pa_kollektsioon-avola","10":"pa_materjal-taaskasutatud-mand","11":"pa_riiulite-arv-99","12":"pa_sahtlite-arv-100","13":"pa_uste-arv-94","14":"pa_varv-valge","16":"first","17":"instock","18":"sale","19":"taxable","20":"shipping-taxable","21":"purchasable","22":"product-type-simple"},"_links":{"self":[{"href":"https:\/\/blankpage.ee\/_ruumist-ruumi\/wp-json\/wp\/v2\/product\/7281","targetHints":{"allow":["GET"]}}],"collection":[{"href":"https:\/\/blankpage.ee\/_ruumist-ruumi\/wp-json\/wp\/v2\/product"}],"about":[{"href":"https:\/\/blankpage.ee\/_ruumist-ruumi\/wp-json\/wp\/v2\/types\/product"}],"replies":[{"embeddable":true,"href":"https:\/\/blankpage.ee\/_ruumist-ruumi\/wp-json\/wp\/v2\/comments?post=7281"}],"wp:featuredmedia":[{"embeddable":true,"href":"https:\/\/blankpage.ee\/_ruumist-ruumi\/wp-json\/wp\/v2\/media\/7282"}],"wp:attachment":[{"href":"https:\/\/blankpage.ee\/_ruumist-ruumi\/wp-json\/wp\/v2\/media?parent=7281"}],"wp:term":[{"taxonomy":"product_brand","embeddable":true,"href":"https:\/\/blankpage.ee\/_ruumist-ruumi\/wp-json\/wp\/v2\/product_brand?post=7281"},{"taxonomy":"product_cat","embeddable":true,"href":"https:\/\/blankpage.ee\/_ruumist-ruumi\/wp-json\/wp\/v2\/product_cat?post=7281"},{"taxonomy":"product_tag","embeddable":true,"href":"https:\/\/blankpage.ee\/_ruumist-ruumi\/wp-json\/wp\/v2\/product_tag?post=7281"}],"curies":[{"name":"wp","href":"https:\/\/api.w.org\/{rel}","templated":true}]}}