{"id":7337,"date":"2024-11-01T13:27:36","date_gmt":"2024-11-01T13:27:36","guid":{"rendered":"https:\/\/ruumistruumi.ee\/pood\/helepruun-kummut-avola-av1995-72-akaatsiapuidust\/"},"modified":"2025-04-10T11:58:04","modified_gmt":"2025-04-10T11:58:04","slug":"helepruun-kummut-avola-av1995-72-akaatsiapuidust","status":"publish","type":"product","link":"https:\/\/blankpage.ee\/_ruumist-ruumi\/pood\/helepruun-kummut-avola-av1995-72-akaatsiapuidust\/","title":{"rendered":"Helepruun kummut Avola AV1995-72, akaatsiapuidust"},"content":{"rendered":"<p>Avola AV1995-72 kummut elutuppa. See elegantne kummut on valmistatud naturaalsest akaatsiapuidust, mille parametraalne esipaneel toob esile puidu unikaalse struktuuri. Mustad metallist jalad lisavad kogu konstruktsioonile kergust ja modernsust.<\/p>\n<p>Kummutil on kolm ust ja \u00fcks riiul, pakkudes piisavalt hoiuruumi. Uksed avanevad mugavalt push to open s\u00fcsteemiga, mis lisab kasutusmugavust ja stiili. Parempoolse ja keskmise ukse m\u00f5\u00f5tmed on 54,5 x 54,5 cm ning vasakpoolse ukse m\u00f5\u00f5tmed on 55,5 x 54,5 cm. Riiuli k\u00f5rgust ei saa reguleerida, kuid see on optimaalselt paigutatud, et mahutada erineva suurusega esemeid.<\/p>\n<p>Kokkuv\u00f5ttes on Avola AV1995-72 kummut ideaalne lisa igasse elutuppa, pakkudes nii funktsionaalsust kui ka esteetilist naudingut. <\/p>\n<p>Omadused:<br \/>\n<strong>Materjal:<\/strong> Akaatsiapuit ja metallist jalad.<br \/>\n<strong>V\u00e4rv:<\/strong> Naturaalne hele puit ja mustad jalad.<br \/>\n<strong>M\u00f5\u00f5tmed:<\/strong> Laius 183 cm, s\u00fcgavus 46 cm, k\u00f5rgus 88 cm.<br \/>\n<strong>T\u00e4iendavad detailid:<\/strong> Kokkupandud, ei vaja paigaldust. S\u00e4\u00e4stab aega ja vaeva.<\/p>\n<p>&nbsp;<\/p>\n","protected":false},"excerpt":{"rendered":"<p>Avola AV1995-72 kummut elutuppa. See elegantne kummut on valmistatud naturaalsest akaatsiapuidust, mille parametraalne esipaneel toob esile puidu unikaalse struktuuri. Mustad metallist jalad lisavad kogu konstruktsioonile kergust ja modernsust. Kummutil on kolm ust ja \u00fcks riiul, pakkudes piisavalt hoiuruumi. Uksed avanevad mugavalt push to open s\u00fcsteemiga, mis lisab kasutusmugavust ja stiili. Parempoolse ja keskmise ukse m\u00f5\u00f5tmed [&hellip;]<\/p>\n","protected":false},"featured_media":7338,"comment_status":"open","ping_status":"closed","template":"","meta":[],"product_brand":[],"product_cat":[81],"product_tag":[],"class_list":{"0":"post-7337","1":"product","2":"type-product","3":"status-publish","4":"has-post-thumbnail","6":"product_cat-kapid-riiulid-ja-kummutid","7":"product_shipping_class-livin-hill","8":"pa_kaepidemed-suruge-et-avada","9":"pa_kollektsioon-avola","10":"pa_materjal-akaatsiapuit","11":"pa_riiulite-arv-99","12":"pa_uste-arv-84","13":"pa_varv-pruun","15":"first","16":"instock","17":"sale","18":"taxable","19":"shipping-taxable","20":"purchasable","21":"product-type-simple"},"_links":{"self":[{"href":"https:\/\/blankpage.ee\/_ruumist-ruumi\/wp-json\/wp\/v2\/product\/7337","targetHints":{"allow":["GET"]}}],"collection":[{"href":"https:\/\/blankpage.ee\/_ruumist-ruumi\/wp-json\/wp\/v2\/product"}],"about":[{"href":"https:\/\/blankpage.ee\/_ruumist-ruumi\/wp-json\/wp\/v2\/types\/product"}],"replies":[{"embeddable":true,"href":"https:\/\/blankpage.ee\/_ruumist-ruumi\/wp-json\/wp\/v2\/comments?post=7337"}],"wp:featuredmedia":[{"embeddable":true,"href":"https:\/\/blankpage.ee\/_ruumist-ruumi\/wp-json\/wp\/v2\/media\/7338"}],"wp:attachment":[{"href":"https:\/\/blankpage.ee\/_ruumist-ruumi\/wp-json\/wp\/v2\/media?parent=7337"}],"wp:term":[{"taxonomy":"product_brand","embeddable":true,"href":"https:\/\/blankpage.ee\/_ruumist-ruumi\/wp-json\/wp\/v2\/product_brand?post=7337"},{"taxonomy":"product_cat","embeddable":true,"href":"https:\/\/blankpage.ee\/_ruumist-ruumi\/wp-json\/wp\/v2\/product_cat?post=7337"},{"taxonomy":"product_tag","embeddable":true,"href":"https:\/\/blankpage.ee\/_ruumist-ruumi\/wp-json\/wp\/v2\/product_tag?post=7337"}],"curies":[{"name":"wp","href":"https:\/\/api.w.org\/{rel}","templated":true}]}}