{"id":7484,"date":"2024-11-01T13:53:43","date_gmt":"2024-11-01T13:53:43","guid":{"rendered":"https:\/\/ruumistruumi.ee\/pood\/turkiissinine-kummut-avola-av2253-38-akatsiapuust-ja-mdf-st\/"},"modified":"2025-04-10T11:58:07","modified_gmt":"2025-04-10T11:58:07","slug":"turkiissinine-kummut-avola-av2253-38-akatsiapuust-ja-mdf-st","status":"publish","type":"product","link":"https:\/\/blankpage.ee\/_ruumist-ruumi\/pood\/turkiissinine-kummut-avola-av2253-38-akatsiapuust-ja-mdf-st\/","title":{"rendered":"T\u00fcrkiissinine kummut Avola AV2253-38, akaatsiapuidust"},"content":{"rendered":"<p>Avola AV2253-38 kummut elutuppa. See elegantne t\u00fcrkiissinine kummut peegeldab stiili ja praktilisust, olles samal ajal kaunis sisustuselement igas elutoas. Kummuti peegliuksed on kaunistatud dekoratiivsete muntinidega, mis lisavad sellele unikaalse v\u00e4limuse. Valmistatud akaatsiapuidust ja MDF-st, on kummuti pind sile ja vastupidav.<\/p>\n<p>Kummutil on kaks ust ja \u00fcks reguleeritav riiul, mis pakub piisavalt hoiuruumi teie esemetele. Metallist k\u00e4epidemed lisavad modernset h\u00f5ngu ning peegliuksed aitavad ruumi visuaalselt avardada. Kummuti sisemust saab kohandada vastavalt vajadusele, t\u00e4nu reguleeritavale riiulile, mille m\u00f5\u00f5tmed on 85,5 x 38,5 x 26,5 cm, muudetav kuni 31,75 ja 37 cm k\u00f5rguseks.<\/p>\n<p>Omadused:<br \/>\n<strong>Materjal:<\/strong> Akaatsiapuit ja MDF.<br \/>\n<strong>V\u00e4rv:<\/strong> T\u00fcrkiissinine, pealis- ja trimmiv\u00e4rv.<br \/>\n<strong>M\u00f5\u00f5tmed:<\/strong> Laius 96,5 cm, s\u00fcgavus 48,5 cm, k\u00f5rgus 81,5 cm.<br \/>\n<strong>T\u00e4iendavad detailid:<\/strong> Reguleeritav sisemine riiul, peegliuksed ja dekoratiivsed muntinid.<br \/>\n<strong>Kokkupanek:<\/strong> Kokkupandud, ei vaja paigaldust. S\u00e4\u00e4stab aega ja vaeva.<\/p>\n<p>&nbsp;<\/p>\n","protected":false},"excerpt":{"rendered":"<p>Avola AV2253-38 kummut elutuppa. See elegantne t\u00fcrkiissinine kummut peegeldab stiili ja praktilisust, olles samal ajal kaunis sisustuselement igas elutoas. Kummuti peegliuksed on kaunistatud dekoratiivsete muntinidega, mis lisavad sellele unikaalse v\u00e4limuse. Valmistatud akaatsiapuidust ja MDF-st, on kummuti pind sile ja vastupidav. Kummutil on kaks ust ja \u00fcks reguleeritav riiul, mis pakub piisavalt hoiuruumi teie esemetele. Metallist [&hellip;]<\/p>\n","protected":false},"featured_media":7485,"comment_status":"open","ping_status":"closed","template":"","meta":[],"product_brand":[],"product_cat":[81],"product_tag":[],"class_list":{"0":"post-7484","1":"product","2":"type-product","3":"status-publish","4":"has-post-thumbnail","6":"product_cat-kapid-riiulid-ja-kummutid","7":"product_shipping_class-livin-hill","8":"pa_kaepidemed-metall","9":"pa_kollektsioon-avola","10":"pa_materjal-akaatsiapuit","11":"pa_riiulite-arv-99","12":"pa_uste-arv-94","13":"pa_varv-sinine","15":"first","16":"instock","17":"sale","18":"taxable","19":"shipping-taxable","20":"purchasable","21":"product-type-simple"},"_links":{"self":[{"href":"https:\/\/blankpage.ee\/_ruumist-ruumi\/wp-json\/wp\/v2\/product\/7484","targetHints":{"allow":["GET"]}}],"collection":[{"href":"https:\/\/blankpage.ee\/_ruumist-ruumi\/wp-json\/wp\/v2\/product"}],"about":[{"href":"https:\/\/blankpage.ee\/_ruumist-ruumi\/wp-json\/wp\/v2\/types\/product"}],"replies":[{"embeddable":true,"href":"https:\/\/blankpage.ee\/_ruumist-ruumi\/wp-json\/wp\/v2\/comments?post=7484"}],"wp:featuredmedia":[{"embeddable":true,"href":"https:\/\/blankpage.ee\/_ruumist-ruumi\/wp-json\/wp\/v2\/media\/7485"}],"wp:attachment":[{"href":"https:\/\/blankpage.ee\/_ruumist-ruumi\/wp-json\/wp\/v2\/media?parent=7484"}],"wp:term":[{"taxonomy":"product_brand","embeddable":true,"href":"https:\/\/blankpage.ee\/_ruumist-ruumi\/wp-json\/wp\/v2\/product_brand?post=7484"},{"taxonomy":"product_cat","embeddable":true,"href":"https:\/\/blankpage.ee\/_ruumist-ruumi\/wp-json\/wp\/v2\/product_cat?post=7484"},{"taxonomy":"product_tag","embeddable":true,"href":"https:\/\/blankpage.ee\/_ruumist-ruumi\/wp-json\/wp\/v2\/product_tag?post=7484"}],"curies":[{"name":"wp","href":"https:\/\/api.w.org\/{rel}","templated":true}]}}