{"id":7496,"date":"2024-11-01T13:54:42","date_gmt":"2024-11-01T13:54:42","guid":{"rendered":"https:\/\/ruumistruumi.ee\/pood\/turkiissinine-kummut-avola-av2253-54-akatsiapuust-ja-mdf-st\/"},"modified":"2025-04-10T11:58:08","modified_gmt":"2025-04-10T11:58:08","slug":"turkiissinine-kummut-avola-av2253-54-akatsiapuust-ja-mdf-st","status":"publish","type":"product","link":"https:\/\/blankpage.ee\/_ruumist-ruumi\/pood\/turkiissinine-kummut-avola-av2253-54-akatsiapuust-ja-mdf-st\/","title":{"rendered":"T\u00fcrkiissinine Avola AV2253-54 kummut, akaatsiapuidust"},"content":{"rendered":"<p>Avola AV2253-54 kummut elutuppa. See elegantne t\u00fcrkiissinine kummut peegeldab rafineeritust, olles varustatud peegeluste ja dekoratiivsete muntinatega. Valmistatud akaatsiapuidust ja MDF-ist, kummut pakub sujuvat pinnaviimistlust, mis lisab teie elutoale stiili ja praktilisust.<\/p>\n<p>Kummutil on kolm ust ja kaks reguleeritavat riiulit, mis v\u00f5imaldavad paindlikku hoiustamist. Metallist k\u00e4epidemed lisavad kaasaegset aktsenti, samas kui reguleeritavad sisemised riiulid tagavad, et saate oma asjad korralikult paigutada. Peegeluksed koos dekoratiivsete muntinatega loovad ruumis avaruse ja valguse m\u00e4ngu.<\/p>\n<p>Omadused:<br \/>\n<strong>Materjal:<\/strong> Akaatsiapuit ja MDF.<br \/>\n<strong>V\u00e4rv:<\/strong> T\u00fcrkiissinine, \u00fclaosa\/trimmi v\u00e4rv.<br \/>\n<strong>M\u00f5\u00f5tmed:<\/strong> Laius 137 cm, s\u00fcgavus 48,5 cm, k\u00f5rgus 81,5 cm.<br \/>\n<strong>T\u00e4iendavad detailid:<\/strong> Reguleeritav sisemine riiul; peegeluksed; dekoratiivsed muntinad.<br \/>\n<strong>Kokkupanek:<\/strong> T\u00e4ielik kokkupanek, ei vaja paigaldust. S\u00e4\u00e4stab aega ja vaeva.<\/p>\n<p>&nbsp;<\/p>\n","protected":false},"excerpt":{"rendered":"<p>Avola AV2253-54 kummut elutuppa. See elegantne t\u00fcrkiissinine kummut peegeldab rafineeritust, olles varustatud peegeluste ja dekoratiivsete muntinatega. Valmistatud akaatsiapuidust ja MDF-ist, kummut pakub sujuvat pinnaviimistlust, mis lisab teie elutoale stiili ja praktilisust. Kummutil on kolm ust ja kaks reguleeritavat riiulit, mis v\u00f5imaldavad paindlikku hoiustamist. Metallist k\u00e4epidemed lisavad kaasaegset aktsenti, samas kui reguleeritavad sisemised riiulid tagavad, et [&hellip;]<\/p>\n","protected":false},"featured_media":7497,"comment_status":"open","ping_status":"closed","template":"","meta":[],"product_brand":[],"product_cat":[81],"product_tag":[],"class_list":{"0":"post-7496","1":"product","2":"type-product","3":"status-publish","4":"has-post-thumbnail","6":"product_cat-kapid-riiulid-ja-kummutid","7":"product_shipping_class-livin-hill","8":"pa_kaepidemed-metall","9":"pa_kollektsioon-avola","10":"pa_materjal-akaatsiapuit","11":"pa_riiulite-arv-76","12":"pa_uste-arv-84","13":"pa_varv-sinine","15":"first","16":"instock","17":"sale","18":"taxable","19":"shipping-taxable","20":"purchasable","21":"product-type-simple"},"_links":{"self":[{"href":"https:\/\/blankpage.ee\/_ruumist-ruumi\/wp-json\/wp\/v2\/product\/7496","targetHints":{"allow":["GET"]}}],"collection":[{"href":"https:\/\/blankpage.ee\/_ruumist-ruumi\/wp-json\/wp\/v2\/product"}],"about":[{"href":"https:\/\/blankpage.ee\/_ruumist-ruumi\/wp-json\/wp\/v2\/types\/product"}],"replies":[{"embeddable":true,"href":"https:\/\/blankpage.ee\/_ruumist-ruumi\/wp-json\/wp\/v2\/comments?post=7496"}],"wp:featuredmedia":[{"embeddable":true,"href":"https:\/\/blankpage.ee\/_ruumist-ruumi\/wp-json\/wp\/v2\/media\/7497"}],"wp:attachment":[{"href":"https:\/\/blankpage.ee\/_ruumist-ruumi\/wp-json\/wp\/v2\/media?parent=7496"}],"wp:term":[{"taxonomy":"product_brand","embeddable":true,"href":"https:\/\/blankpage.ee\/_ruumist-ruumi\/wp-json\/wp\/v2\/product_brand?post=7496"},{"taxonomy":"product_cat","embeddable":true,"href":"https:\/\/blankpage.ee\/_ruumist-ruumi\/wp-json\/wp\/v2\/product_cat?post=7496"},{"taxonomy":"product_tag","embeddable":true,"href":"https:\/\/blankpage.ee\/_ruumist-ruumi\/wp-json\/wp\/v2\/product_tag?post=7496"}],"curies":[{"name":"wp","href":"https:\/\/api.w.org\/{rel}","templated":true}]}}