{"id":7509,"date":"2024-11-01T13:55:39","date_gmt":"2024-11-01T13:55:39","guid":{"rendered":"https:\/\/ruumistruumi.ee\/pood\/antikvalge-ja-pruun-ummargune-kummut-avola-av1706-35-taaskasutatud-mannipuidust\/"},"modified":"2025-06-17T08:57:54","modified_gmt":"2025-06-17T08:57:54","slug":"antikvalge-ja-pruun-ummargune-kummut-avola-av1706-35-taaskasutatud-mannipuidust","status":"publish","type":"product","link":"https:\/\/blankpage.ee\/_ruumist-ruumi\/pood\/antikvalge-ja-pruun-ummargune-kummut-avola-av1706-35-taaskasutatud-mannipuidust\/","title":{"rendered":"Antiikvalge Avola AV1706-35 kummut, taaskasutatud m\u00e4nnipuidust"},"content":{"rendered":"<p>Avola AV1706-35 kummut elutuppa. See rustikaalses stiilis kummut on valmistatud taaskasutatud m\u00e4nnipuidust, millel on antiikvalge viimistlus ja pruun pealispind. Kummuti liuguksed ja stiliseeritud metallist detailid loovad ainulaadse ja maal\u00e4hedase ilme, mis sobib suurep\u00e4raselt igasse elutuppa.<\/p>\n<p>Kummutil on kaks ust ja \u00fcks reguleeritav riiul, pakkudes piisavalt ruumi erinevate esemete hoiustamiseks. Puidust ja freesitud k\u00e4epidemed lisavad elegantsi ja praktilisust. Kummuti m\u00f5\u00f5tmed on laius 152,5 cm, s\u00fcgavus 46 cm ja k\u00f5rgus 89 cm, mis teeb sellest ruumikas ja praktiline m\u00f6\u00f6bliese.<\/p>\n<p>Omadused:<br \/>\n<strong>Materjal:<\/strong> Taaskasutatud m\u00e4nnipuit.<br \/>\n<strong>V\u00e4rv:<\/strong> Antiikvalge viimistlus pruuni pealispinnaga.<br \/>\n<strong>M\u00f5\u00f5tmed:<\/strong> Laius 152,5 cm, s\u00fcgavus 46 cm, k\u00f5rgus 89 cm.<br \/>\n<strong>T\u00e4iendavad detailid:<\/strong> Liuguksed, reguleeritav sisemine riiul.<br \/>\n<strong>Kokkupanek:<\/strong> Kokkupandud, ei vaja paigaldust. S\u00e4\u00e4stab aega ja vaeva.<\/p>\n<p>&nbsp;<\/p>\n","protected":false},"excerpt":{"rendered":"<p>Avola AV1706-35 kummut elutuppa. See rustikaalses stiilis kummut on valmistatud taaskasutatud m\u00e4nnipuidust, millel on antiikvalge viimistlus ja pruun pealispind. Kummuti liuguksed ja stiliseeritud metallist detailid loovad ainulaadse ja maal\u00e4hedase ilme, mis sobib suurep\u00e4raselt igasse elutuppa. Kummutil on kaks ust ja \u00fcks reguleeritav riiul, pakkudes piisavalt ruumi erinevate esemete hoiustamiseks. Puidust ja freesitud k\u00e4epidemed lisavad elegantsi [&hellip;]<\/p>\n","protected":false},"featured_media":7510,"comment_status":"open","ping_status":"closed","template":"","meta":[],"product_brand":[],"product_cat":[81],"product_tag":[],"class_list":{"0":"post-7509","1":"product","2":"type-product","3":"status-publish","4":"has-post-thumbnail","6":"product_cat-kapid-riiulid-ja-kummutid","7":"product_shipping_class-livin-hill","8":"pa_kaepidemed-puit-freespinkiga-toodeldud-kaepidemed","9":"pa_kollektsioon-avola","10":"pa_materjal-taaskasutatud-manni-puit","11":"pa_riiulite-arv-99","12":"pa_sahtlite-arv-100","13":"pa_uste-arv-94","14":"pa_varv-valge","16":"first","17":"instock","18":"sale","19":"taxable","20":"shipping-taxable","21":"purchasable","22":"product-type-simple"},"_links":{"self":[{"href":"https:\/\/blankpage.ee\/_ruumist-ruumi\/wp-json\/wp\/v2\/product\/7509","targetHints":{"allow":["GET"]}}],"collection":[{"href":"https:\/\/blankpage.ee\/_ruumist-ruumi\/wp-json\/wp\/v2\/product"}],"about":[{"href":"https:\/\/blankpage.ee\/_ruumist-ruumi\/wp-json\/wp\/v2\/types\/product"}],"replies":[{"embeddable":true,"href":"https:\/\/blankpage.ee\/_ruumist-ruumi\/wp-json\/wp\/v2\/comments?post=7509"}],"wp:featuredmedia":[{"embeddable":true,"href":"https:\/\/blankpage.ee\/_ruumist-ruumi\/wp-json\/wp\/v2\/media\/7510"}],"wp:attachment":[{"href":"https:\/\/blankpage.ee\/_ruumist-ruumi\/wp-json\/wp\/v2\/media?parent=7509"}],"wp:term":[{"taxonomy":"product_brand","embeddable":true,"href":"https:\/\/blankpage.ee\/_ruumist-ruumi\/wp-json\/wp\/v2\/product_brand?post=7509"},{"taxonomy":"product_cat","embeddable":true,"href":"https:\/\/blankpage.ee\/_ruumist-ruumi\/wp-json\/wp\/v2\/product_cat?post=7509"},{"taxonomy":"product_tag","embeddable":true,"href":"https:\/\/blankpage.ee\/_ruumist-ruumi\/wp-json\/wp\/v2\/product_tag?post=7509"}],"curies":[{"name":"wp","href":"https:\/\/api.w.org\/{rel}","templated":true}]}}