{"id":7607,"date":"2024-11-01T14:02:59","date_gmt":"2024-11-01T14:02:59","guid":{"rendered":"https:\/\/ruumistruumi.ee\/pood\/valge-riidekapp-rimini-riw044a-paulownia-puidust\/"},"modified":"2025-02-19T09:25:47","modified_gmt":"2025-02-19T09:25:47","slug":"valge-riidekapp-rimini-white-riw044a-lehtpuu-puidust","status":"publish","type":"product","link":"https:\/\/blankpage.ee\/_ruumist-ruumi\/pood\/valge-riidekapp-rimini-white-riw044a-lehtpuu-puidust\/","title":{"rendered":"Valge riidekapp Rimini White RIW044A, lehtpuu puidust"},"content":{"rendered":"<p>Rimini White RIW044A riidekapp magamistuppa. See mahukas valge Provance&#8217;i stiilis riidekapp toob igasse magamistuppa ajatu elegantsi. Kapi kumerad jalad ja uste esik\u00fclgedele nikerdatud detailid lisavad sellele m\u00f6\u00f6bliesemele ainulaadset v\u00f5lu ja isikup\u00e4ra.<\/p>\n<p>Riidekapp on valmistatud kvaliteetsest Paulownia puidust ja MDF-ist, mis tagab vastupidavuse ja pikaealisuse. Valge viimistlus koos pruunide detailidega loob harmoonilise ja rahuliku atmosf\u00e4\u00e4ri. Kapi sees on kolm riiulit, mis pakuvad rohkelt hoiuruumi riiete ja aksessuaaride jaoks, ning kaks ust, millel on stiilsed metallist k\u00e4epidemed, mis lisavad modernset puudutust.<\/p>\n<p>Kokkuv\u00f5ttes on Rimini White RIW044A riidekapp suurep\u00e4rane valik neile, kes hindavad praktilisust ja stiili. Selle m\u00f5\u00f5tmed on 120 cm laius, 60 cm s\u00fcgavus ja 200 cm k\u00f5rgus, mis teeb sellest sobiva lahenduse igas suuruses magamistuppa. Kokkupandud, ei vaja paigaldust. S\u00e4\u00e4stab aega ja vaeva, v\u00f5imaldades teil kohe nautida selle kauni m\u00f6\u00f6blieseme praktilisust ja esteetilist v\u00e4\u00e4rtust.<\/p>\n<p>Omadused:<br \/>\n<strong>Materjal:<\/strong> Paulownia puit ja MDF.<br \/>\n<strong>V\u00e4rv:<\/strong> Valge pruunide detailidega.<br \/>\n<strong>M\u00f5\u00f5tmed:<\/strong> Laius 120 cm, s\u00fcgavus 60 cm, k\u00f5rgus 200 cm.<br \/>\n<strong>T\u00e4iendavad detailid:<\/strong> Naturaalne, pleegitatud spoon n\u00e4htavate oksakohtadega.<br \/>\n<strong>Kokkupanek:<\/strong> Kokkupandud, ei vaja paigaldust. S\u00e4\u00e4stab aega ja vaeva.<\/p>\n<p>&nbsp;<\/p>\n","protected":false},"excerpt":{"rendered":"<p>Rimini White RIW044A riidekapp magamistuppa. See mahukas valge Provance&#8217;i stiilis riidekapp toob igasse magamistuppa ajatu elegantsi. Kapi kumerad jalad ja uste esik\u00fclgedele nikerdatud detailid lisavad sellele m\u00f6\u00f6bliesemele ainulaadset v\u00f5lu ja isikup\u00e4ra. Riidekapp on valmistatud kvaliteetsest Paulownia puidust ja MDF-ist, mis tagab vastupidavuse ja pikaealisuse. Valge viimistlus koos pruunide detailidega loob harmoonilise ja rahuliku atmosf\u00e4\u00e4ri. Kapi [&hellip;]<\/p>\n","protected":false},"featured_media":7608,"comment_status":"open","ping_status":"closed","template":"","meta":[],"product_brand":[],"product_cat":[257],"product_tag":[],"class_list":{"0":"post-7607","1":"product","2":"type-product","3":"status-publish","4":"has-post-thumbnail","6":"product_cat-riidekapid","7":"product_shipping_class-livin-hill","8":"pa_kaepidemed-metall","9":"pa_kollektsioon-rimini-white","10":"pa_materjal-paulownia-puit","11":"pa_riiulite-arv-89","12":"pa_uste-arv-94","13":"pa_varv-valge","15":"first","16":"outofstock","17":"sale","18":"taxable","19":"shipping-taxable","20":"purchasable","21":"product-type-simple"},"_links":{"self":[{"href":"https:\/\/blankpage.ee\/_ruumist-ruumi\/wp-json\/wp\/v2\/product\/7607","targetHints":{"allow":["GET"]}}],"collection":[{"href":"https:\/\/blankpage.ee\/_ruumist-ruumi\/wp-json\/wp\/v2\/product"}],"about":[{"href":"https:\/\/blankpage.ee\/_ruumist-ruumi\/wp-json\/wp\/v2\/types\/product"}],"replies":[{"embeddable":true,"href":"https:\/\/blankpage.ee\/_ruumist-ruumi\/wp-json\/wp\/v2\/comments?post=7607"}],"wp:featuredmedia":[{"embeddable":true,"href":"https:\/\/blankpage.ee\/_ruumist-ruumi\/wp-json\/wp\/v2\/media\/7608"}],"wp:attachment":[{"href":"https:\/\/blankpage.ee\/_ruumist-ruumi\/wp-json\/wp\/v2\/media?parent=7607"}],"wp:term":[{"taxonomy":"product_brand","embeddable":true,"href":"https:\/\/blankpage.ee\/_ruumist-ruumi\/wp-json\/wp\/v2\/product_brand?post=7607"},{"taxonomy":"product_cat","embeddable":true,"href":"https:\/\/blankpage.ee\/_ruumist-ruumi\/wp-json\/wp\/v2\/product_cat?post=7607"},{"taxonomy":"product_tag","embeddable":true,"href":"https:\/\/blankpage.ee\/_ruumist-ruumi\/wp-json\/wp\/v2\/product_tag?post=7607"}],"curies":[{"name":"wp","href":"https:\/\/api.w.org\/{rel}","templated":true}]}}