{"id":7652,"date":"2024-11-01T14:06:12","date_gmt":"2024-11-01T14:06:12","guid":{"rendered":"https:\/\/ruumistruumi.ee\/pood\/helebeez-polsterdatud-pink-leith-let70n-100-poluesterkate-alus-popliipuit\/"},"modified":"2025-04-10T11:58:12","modified_gmt":"2025-04-10T11:58:12","slug":"helebeez-pink-leith-let70n-100-poluestrist","status":"publish","type":"product","link":"https:\/\/blankpage.ee\/_ruumist-ruumi\/pood\/helebeez-pink-leith-let70n-100-poluestrist\/","title":{"rendered":"Helebee\u017e pink Leith LET70N, 100% pol\u00fcestrist"},"content":{"rendered":"<p>Leith LET70N polsterdatud pink esikusse. See elegantne helebee\u017e polsterdatud pink on valmistatud k\u00f5rgeima kvaliteediga chenille-kangast, mis lisab igasse ruumi rafineeritust ja mugavust. Selle lihtne ja avatud vorm sobib suurep\u00e4raselt elutuppa, magamistuppa v\u00f5i esikusse, pakkudes stiilset istumiskohta, mis t\u00e4iendab teie kodu sisekujundust.<\/p>\n<p>Omadused:<br \/>\n<strong>Materjal:<\/strong> 100% pol\u00fcesterpolsterdus; alus: paplipuu vineer.<br \/>\n<strong>V\u00e4rv:<\/strong> Helebee\u017e.<br \/>\n<strong>M\u00f5\u00f5tmed:<\/strong> Laius 119,5 cm, s\u00fcgavus 45,5 cm, k\u00f5rgus 48 cm.<br \/>\n<strong>T\u00e4iendavad detailid:<\/strong> Puhastuskood SW = lahusti v\u00f5i vesi; paindlik istumisosa; lopsakas chenille-polsterdus.<br \/>\n<strong>Kokkupanek:<\/strong> Kokkupandud, ei vaja paigaldust. S\u00e4\u00e4stab aega ja vaeva.<\/p>\n<p>&nbsp;<\/p>\n","protected":false},"excerpt":{"rendered":"<p>Leith LET70N polsterdatud pink esikusse. See elegantne helebee\u017e polsterdatud pink on valmistatud k\u00f5rgeima kvaliteediga chenille-kangast, mis lisab igasse ruumi rafineeritust ja mugavust. Selle lihtne ja avatud vorm sobib suurep\u00e4raselt elutuppa, magamistuppa v\u00f5i esikusse, pakkudes stiilset istumiskohta, mis t\u00e4iendab teie kodu sisekujundust. Omadused: Materjal: 100% pol\u00fcesterpolsterdus; alus: paplipuu vineer. V\u00e4rv: Helebee\u017e. M\u00f5\u00f5tmed: Laius 119,5 cm, s\u00fcgavus [&hellip;]<\/p>\n","protected":false},"featured_media":7653,"comment_status":"open","ping_status":"closed","template":"","meta":[],"product_brand":[],"product_cat":[136],"product_tag":[],"class_list":{"0":"post-7652","1":"product","2":"type-product","3":"status-publish","4":"has-post-thumbnail","6":"product_cat-esikupingid","7":"product_shipping_class-livin-hill","8":"pa_kollektsioon-leith","9":"pa_materjal-poluester","10":"pa_varv-beez","12":"first","13":"instock","14":"sale","15":"taxable","16":"shipping-taxable","17":"purchasable","18":"product-type-simple"},"_links":{"self":[{"href":"https:\/\/blankpage.ee\/_ruumist-ruumi\/wp-json\/wp\/v2\/product\/7652","targetHints":{"allow":["GET"]}}],"collection":[{"href":"https:\/\/blankpage.ee\/_ruumist-ruumi\/wp-json\/wp\/v2\/product"}],"about":[{"href":"https:\/\/blankpage.ee\/_ruumist-ruumi\/wp-json\/wp\/v2\/types\/product"}],"replies":[{"embeddable":true,"href":"https:\/\/blankpage.ee\/_ruumist-ruumi\/wp-json\/wp\/v2\/comments?post=7652"}],"wp:featuredmedia":[{"embeddable":true,"href":"https:\/\/blankpage.ee\/_ruumist-ruumi\/wp-json\/wp\/v2\/media\/7653"}],"wp:attachment":[{"href":"https:\/\/blankpage.ee\/_ruumist-ruumi\/wp-json\/wp\/v2\/media?parent=7652"}],"wp:term":[{"taxonomy":"product_brand","embeddable":true,"href":"https:\/\/blankpage.ee\/_ruumist-ruumi\/wp-json\/wp\/v2\/product_brand?post=7652"},{"taxonomy":"product_cat","embeddable":true,"href":"https:\/\/blankpage.ee\/_ruumist-ruumi\/wp-json\/wp\/v2\/product_cat?post=7652"},{"taxonomy":"product_tag","embeddable":true,"href":"https:\/\/blankpage.ee\/_ruumist-ruumi\/wp-json\/wp\/v2\/product_tag?post=7652"}],"curies":[{"name":"wp","href":"https:\/\/api.w.org\/{rel}","templated":true}]}}