{"id":79312,"date":"2025-01-07T10:52:08","date_gmt":"2025-01-07T10:52:08","guid":{"rendered":"https:\/\/ruumistruumi.ee\/?post_type=product&#038;p=79312"},"modified":"2025-08-21T08:21:45","modified_gmt":"2025-08-21T08:21:45","slug":"ohuniisutaja-deerma-f628w-5l-uv-valgusega","status":"publish","type":"product","link":"https:\/\/blankpage.ee\/_ruumist-ruumi\/pood\/ohuniisutaja-deerma-f628w-5l-uv-valgusega\/","title":{"rendered":"\u00d5huniisutaja Deerma F628W, 5L UV-valgusega"},"content":{"rendered":"<h3>Deerma F628W &#8211; Korralikult niisutatud \u00f5hk sinu tervisele<\/h3>\n<p>Deerma F628W ultraheli \u00f5huniisutaja on sinu liitlane v\u00f5itluses tervise v\u00f5tme, korralikult niisutatud \u00f5hu, eest. V\u00e4ike, lihtne kasutada ja v\u00e4ga t\u00f5hus, see \u00fcllatab sind oma v\u00f5imekusega ja avaldab positiivset m\u00f5ju sinu heaolule.<\/p>\n<p><img decoding=\"async\" src=\"https:\/\/blankpage.ee\/_ruumist-ruumi\/wp-content\/uploads\/2025\/01\/6.jpg\" alt=\"width=1000\" height=\"637\" border=\"0\" \/><\/p>\n<h3>Unusta keeruline kasutamine<\/h3>\n<p>Niisutaja kasutamine on v\u00e4ga lihtne &#8211; saad sellega h\u00f5lpsasti hakkama. Lihtsalt vala vesi paaki ja keera nuppu. Seade hakkab kohe vett puhastama ja pihustama ning sa saad nautida korralikult niisutatud \u00f5hku! Nupu abil saad reguleerida ka pihustatava udu intensiivsust &#8211; kohanda seda vabalt oma vajadustele.<\/p>\n<p><img decoding=\"async\" src=\"https:\/\/blankpage.ee\/_ruumist-ruumi\/wp-content\/uploads\/2025\/01\/2-1.jpg\" alt=\"width=1000\" height=\"637\" border=\"0\" \/><\/p>\n<h3>\u00dcllatav j\u00f5udlus<\/h3>\n<p>Mahukas 5-liitrine Deerma F628W paak v\u00f5imaldab niisutajal t\u00f6\u00f6tada mitu tundi. Seega ei pea sa muretsema sagedase vee lisamise p\u00e4rast &#8211; lihtsalt tee seda kord p\u00e4evas. Seade on v\u00e4ga t\u00f5hus ja suudab pihustada kuni 270 ml\/h &#8211; see v\u00f5imaldab sul kiiresti saavutada \u00f5ige niiskustaseme. Deerma F628W on niisutaja, mis vastab k\u00f5igile sinu ootustele.<\/p>\n<p><img decoding=\"async\" src=\"https:\/\/blankpage.ee\/_ruumist-ruumi\/wp-content\/uploads\/2025\/01\/8-1.jpg\" alt=\"width=1000\" height=\"637\" border=\"0\" \/><\/p>\n<h3>Nauti rahu ja vaikust<\/h3>\n<p>K\u00f5rge j\u00f5udlus v\u00f5ib olla kombineeritud vaikse t\u00f6\u00f6ga &#8211; Deerma F628W on selle parim n\u00e4ide. Seadme helitase ei \u00fcleta 34dB. Seega saad unustada t\u00fc\u00fctava, eluohtliku m\u00fcra. M\u00e4ngi, t\u00f6\u00f6ta, puhka ja maga rahus &#8211; Deerma F628W on vaikne kaaslane sinu igap\u00e4evastes tegevustes ja aitab sul hoida \u00f5hku niisutatuna \u00f6\u00f6p\u00e4evaringselt.<\/p>\n<p><img decoding=\"async\" src=\"https:\/\/blankpage.ee\/_ruumist-ruumi\/wp-content\/uploads\/2025\/01\/9-1.jpg\" alt=\"width=1000\" height=\"637\" border=\"0\" \/><\/p>\n<h3>Lihtne disain, mis r\u00f5\u00f5mustab sind<\/h3>\n<p>Deerma F628W niisutajat iseloomustab ka elegantne, minimalistlik disain. Lihtne disain ja sile korpus muudavad selle puhastamise lihtsaks. L\u00e4bipaistev veetaseme n\u00e4idik v\u00f5imaldab kiiresti kontrollida, millal seda t\u00e4ita. Helged, peened v\u00e4rvid muudavad niisutaja ideaalselt sobivaks igasse ruumi &#8211; see v\u00f5ib olla funktsionaalne ja esteetiline t\u00e4iendus magamistoas, elutoas v\u00f5i kontoris. Pane see oma koju ja vaata ise, mida see suudab!<\/p>\n<p><img decoding=\"async\" src=\"https:\/\/blankpage.ee\/_ruumist-ruumi\/wp-content\/uploads\/2025\/01\/5.jpg\" alt=\"width=1000\" height=\"637\" border=\"0\" \/><\/p>\n<div class=\"table-wrapper\">\n<table>\n<tbody>\n<tr>\n<th>Br\u00e4nd<\/th>\n<td>Deerma<\/td>\n<\/tr>\n<tr>\n<th>Mudel<\/th>\n<td>F628W<\/td>\n<\/tr>\n<tr>\n<th>V\u00f5imsus<\/th>\n<td>25W<\/td>\n<\/tr>\n<tr>\n<th>Nimipinge<\/th>\n<td>220-240V~50-60Hz<\/td>\n<\/tr>\n<tr>\n<th>M\u00f5\u00f5tmed<\/th>\n<td>187 x 200 x 295 mm<\/td>\n<\/tr>\n<tr>\n<th>Veepaagi maht<\/th>\n<td>5l<\/td>\n<\/tr>\n<\/tbody>\n<\/table>\n<\/div>\n","protected":false},"excerpt":{"rendered":"<p>Deerma F628W &#8211; Korralikult niisutatud \u00f5hk sinu tervisele Deerma F628W ultraheli \u00f5huniisutaja on sinu liitlane v\u00f5itluses tervise v\u00f5tme, korralikult niisutatud \u00f5hu, eest. V\u00e4ike, lihtne kasutada ja v\u00e4ga t\u00f5hus, see \u00fcllatab sind oma v\u00f5imekusega ja avaldab positiivset m\u00f5ju sinu heaolule. Unusta keeruline kasutamine Niisutaja kasutamine on v\u00e4ga lihtne &#8211; saad sellega h\u00f5lpsasti hakkama. Lihtsalt vala vesi [&hellip;]<\/p>\n","protected":false},"featured_media":79318,"comment_status":"open","ping_status":"closed","template":"","meta":[],"product_brand":[],"product_cat":[1210],"product_tag":[],"class_list":{"0":"post-79312","1":"product","2":"type-product","3":"status-publish","4":"has-post-thumbnail","6":"product_cat-ohuniisutajad","7":"product_shipping_class-innpro","9":"first","10":"instock","11":"sale","12":"taxable","13":"shipping-taxable","14":"purchasable","15":"product-type-simple"},"_links":{"self":[{"href":"https:\/\/blankpage.ee\/_ruumist-ruumi\/wp-json\/wp\/v2\/product\/79312","targetHints":{"allow":["GET"]}}],"collection":[{"href":"https:\/\/blankpage.ee\/_ruumist-ruumi\/wp-json\/wp\/v2\/product"}],"about":[{"href":"https:\/\/blankpage.ee\/_ruumist-ruumi\/wp-json\/wp\/v2\/types\/product"}],"replies":[{"embeddable":true,"href":"https:\/\/blankpage.ee\/_ruumist-ruumi\/wp-json\/wp\/v2\/comments?post=79312"}],"wp:featuredmedia":[{"embeddable":true,"href":"https:\/\/blankpage.ee\/_ruumist-ruumi\/wp-json\/wp\/v2\/media\/79318"}],"wp:attachment":[{"href":"https:\/\/blankpage.ee\/_ruumist-ruumi\/wp-json\/wp\/v2\/media?parent=79312"}],"wp:term":[{"taxonomy":"product_brand","embeddable":true,"href":"https:\/\/blankpage.ee\/_ruumist-ruumi\/wp-json\/wp\/v2\/product_brand?post=79312"},{"taxonomy":"product_cat","embeddable":true,"href":"https:\/\/blankpage.ee\/_ruumist-ruumi\/wp-json\/wp\/v2\/product_cat?post=79312"},{"taxonomy":"product_tag","embeddable":true,"href":"https:\/\/blankpage.ee\/_ruumist-ruumi\/wp-json\/wp\/v2\/product_tag?post=79312"}],"curies":[{"name":"wp","href":"https:\/\/api.w.org\/{rel}","templated":true}]}}