{"id":79403,"date":"2025-01-07T10:52:08","date_gmt":"2025-01-07T10:52:08","guid":{"rendered":"https:\/\/ruumistruumi.ee\/?post_type=product&#038;p=79403"},"modified":"2025-08-21T08:21:45","modified_gmt":"2025-08-21T08:21:45","slug":"ohuniisutaja-deerma-f600-5l","status":"publish","type":"product","link":"https:\/\/blankpage.ee\/_ruumist-ruumi\/pood\/ohuniisutaja-deerma-f600-5l\/","title":{"rendered":"\u00d5huniisutaja Deerma F600, 5L"},"content":{"rendered":"<h3>Deerma F600 &#8211; \u00f5huniisuti, mida vajate<\/h3>\n<p>F600-ga saavutate oma kodus optimaalse \u00f5huniiskuse taseme ning hoolitsete enda ja oma l\u00e4hedaste tervise eest. Seadmel on mahukas veepaak (5 l) ja see v\u00f5imaldab reguleerida \u00f5huniiskuse taset vastavalt teie vajadustele. Puutetundlik paneel koos ekraaniga annab teile teavet seadme t\u00f6\u00f6 kohta ning ajakava funktsioon v\u00f5imaldab teil F600 t\u00f6\u00f6d isikup\u00e4rastada. Lisaks sulandub seadme stiilne ja kaasaegne disain peaaegu igasse interj\u00f6\u00f6ri ning on ruumi ainulaadne kaunistus.<\/p>\n<p><img decoding=\"async\" src=\"https:\/\/blankpage.ee\/_ruumist-ruumi\/wp-content\/uploads\/2025\/01\/5-5.jpg\" \/><\/p>\n<h3>Usaldusv\u00e4\u00e4rne abi teie heaolu eest hoolitsemisel<\/h3>\n<p>Teie tervist m\u00f5jutavad paljud tegurid &#8211; nende hulka kuuluvad temperatuur ja \u00f5huniiskus. Tasub sellest teadlik olla ja hoolitseda optimaalse keskkonna eest kohtades, kus viibite k\u00f5ige sagedamini. Deerma niisuti v\u00f5imaldab teil seda teha &#8211; selle abiga tagate tervisliku, \u00f5igesti niisutatud keskkonna, kus veedate oma aega meeldivalt ja turvaliselt.<\/p>\n<p><img decoding=\"async\" src=\"https:\/\/blankpage.ee\/_ruumist-ruumi\/wp-content\/uploads\/2025\/01\/1-4.jpg\" \/><\/p>\n<h3>Disainitud just teile<\/h3>\n<p>Niisuti l\u00e4bim\u00f5eldud disain muudab selle \u00e4\u00e4rmiselt t\u00f5husaks ja samal ajal ohutuks. Eriline kate takistab t\u00f5husalt saastumist ja bakterite kasvu. Nii v\u00f5ite olla kindel, et vabanev veeuudu on ideaalselt puhastatud ja tervisele ohutu.<\/p>\n<p><img decoding=\"async\" src=\"https:\/\/blankpage.ee\/_ruumist-ruumi\/wp-content\/uploads\/2025\/01\/2-6.jpg\" \/><\/p>\n<h3>\u00dcllatavalt lihtne kasutada<\/h3>\n<p>Niisuti kasutamine on \u00e4\u00e4rmiselt lihtne. K\u00f5ik, mida peate tegema, on valada vesi spetsiaalsesse paaki, keerata kork kinni ja vajutada sisse l\u00fclitamise nuppu. See on k\u00f5ik, mida on vaja niisutatud \u00f5hu nautimiseks! Te ei pea ka muretsema sagedase vee vahetamise p\u00e4rast &#8211; paagi maht on lausa 5 l, mis v\u00f5imaldab mitmetunnist intensiivset t\u00f6\u00f6d. Vett tuleb t\u00e4ita vaid kord p\u00e4evas!<\/p>\n<p><img decoding=\"async\" src=\"https:\/\/blankpage.ee\/_ruumist-ruumi\/wp-content\/uploads\/2025\/01\/3-4.jpg\" \/><\/p>\n<h3>Kiiresti kontrollige huvipakkuvat teavet<\/h3>\n<p>Seadme kasutamist lihtsustab nutikas puutetundlik paneel koos digitaalse, silmas\u00f5braliku ekraaniga. Selle abil saate kontrollida ruumi temperatuuri reaalajas. Samuti saate valida huvipakkuva niisuti re\u017eiimi. Puutetundlik paneel r\u00f5\u00f5mustab teid nuppude tundlikkusega &#8211; nende reageerimisaeg on t\u00f5eliselt kiire.<\/p>\n<p><img decoding=\"async\" src=\"https:\/\/blankpage.ee\/_ruumist-ruumi\/wp-content\/uploads\/2025\/01\/8-6.jpg\" \/><\/p>\n<h3>Niisuti kohandatud teie jaoks<\/h3>\n<p>Saate Deerma F600 niisutit h\u00f5lpsasti oma vajadustele kohandada. Kui l\u00e4hete magama, saate sisse l\u00fclitada \u00f6\u00f6re\u017eiimi, mis l\u00fclitab ekraani v\u00e4lja &#8211; tarbetu valgus ei h\u00e4iri teie und. Teil on ka v\u00f5imalus seada seadme t\u00f6\u00f6 ajakava kuni 12 tunniks &#8211; niisuti l\u00fclitub m\u00e4\u00e4ratud aja m\u00f6\u00f6dudes automaatselt v\u00e4lja. Samuti saate otsustada pihustatud udu v\u00f5imsuse \u00fcle. Vahetage vabalt kolme saadaoleva taseme vahel ja reguleerige veekogust vastavalt oma eelistustele. Deerma F600 annab teile palju v\u00f5imalusi &#8211; proovige neid k\u00f5iki!<\/p>\n<p><img decoding=\"async\" src=\"https:\/\/blankpage.ee\/_ruumist-ruumi\/wp-content\/uploads\/2025\/01\/13.jpg\" \/><\/p>\n<h3>Universaalne disain<\/h3>\n<p>Mis veel iseloomustab Deerma F600 niisutit, on selle minimalistlik ja stiilne disain. Seade on valmistatud vastupidavast ABS-plastikust ja selle sile pind muudab puhastamise lihtsaks. Niisuti kaane all peituv mugav k\u00e4epide v\u00f5imaldab veepaaki vabalt kanda &#8211; n\u00e4iteks pesemiseks. L\u00e4bipaistev veetaseme indikaator v\u00f5imaldab kiiresti kontrollida, kui palju vett on alles ja kas peate seda varsti t\u00e4itma. Vaoshoitud v\u00e4rviskeem, kus domineerivad valge ja peen pruun, v\u00f5imaldab Deerma F600-l saada elegantseks ja praktiliseks lisandiks igas interj\u00f6\u00f6ris. See leiab kindlasti oma koha ka teie kodus!<\/p>\n<p><img decoding=\"async\" src=\"https:\/\/blankpage.ee\/_ruumist-ruumi\/wp-content\/uploads\/2025\/01\/4-3.jpg\" \/><\/p>\n<h3>L\u00f5\u00f5gastuge<\/h3>\n<p>See ei ole Deerma niisuti eeliste l\u00f5pp. Seade on varustatud spetsiaalse sahtliga, kuhu saate lisada paar tilka oma lemmik l\u00f5hna\u00f5li. T\u00e4nu sellele t\u00e4idate ruumi meeldiva aroomiga ja hoolitsete oma heaolu eest.<\/p>\n<p><img decoding=\"async\" src=\"https:\/\/blankpage.ee\/_ruumist-ruumi\/wp-content\/uploads\/2025\/01\/2-6.jpg\" \/><\/p>\n<div class=\"table-wrapper\">\n<table>\n<tbody>\n<tr>\n<th>Tootja<\/th>\n<td>Deerma<\/td>\n<\/tr>\n<tr>\n<th>Mudel<\/th>\n<td>F600<\/td>\n<\/tr>\n<tr>\n<th>Nimipinge<\/th>\n<td>220-240V~50\/60Hz<\/td>\n<\/tr>\n<tr>\n<th>Nimiv\u00f5imsus<\/th>\n<td>25 W<\/td>\n<\/tr>\n<tr>\n<th>M\u00f5\u00f5tmed<\/th>\n<td>210 \u00d7 210 \u00d7 330 mm<\/td>\n<\/tr>\n<tr>\n<th>Paagi maht<\/th>\n<td>5 L<\/td>\n<\/tr>\n<tr>\n<th>Aroomiteraapia<\/th>\n<td>Jah<\/td>\n<\/tr>\n<\/tbody>\n<\/table>\n<\/div>\n","protected":false},"excerpt":{"rendered":"<p>Deerma F600 &#8211; \u00f5huniisuti, mida vajate F600-ga saavutate oma kodus optimaalse \u00f5huniiskuse taseme ning hoolitsete enda ja oma l\u00e4hedaste tervise eest. Seadmel on mahukas veepaak (5 l) ja see v\u00f5imaldab reguleerida \u00f5huniiskuse taset vastavalt teie vajadustele. Puutetundlik paneel koos ekraaniga annab teile teavet seadme t\u00f6\u00f6 kohta ning ajakava funktsioon v\u00f5imaldab teil F600 t\u00f6\u00f6d isikup\u00e4rastada. Lisaks [&hellip;]<\/p>\n","protected":false},"featured_media":79411,"comment_status":"open","ping_status":"closed","template":"","meta":[],"product_brand":[],"product_cat":[1210],"product_tag":[],"class_list":{"0":"post-79403","1":"product","2":"type-product","3":"status-publish","4":"has-post-thumbnail","6":"product_cat-ohuniisutajad","7":"product_shipping_class-innpro","9":"first","10":"instock","11":"sale","12":"taxable","13":"shipping-taxable","14":"purchasable","15":"product-type-simple"},"_links":{"self":[{"href":"https:\/\/blankpage.ee\/_ruumist-ruumi\/wp-json\/wp\/v2\/product\/79403","targetHints":{"allow":["GET"]}}],"collection":[{"href":"https:\/\/blankpage.ee\/_ruumist-ruumi\/wp-json\/wp\/v2\/product"}],"about":[{"href":"https:\/\/blankpage.ee\/_ruumist-ruumi\/wp-json\/wp\/v2\/types\/product"}],"replies":[{"embeddable":true,"href":"https:\/\/blankpage.ee\/_ruumist-ruumi\/wp-json\/wp\/v2\/comments?post=79403"}],"wp:featuredmedia":[{"embeddable":true,"href":"https:\/\/blankpage.ee\/_ruumist-ruumi\/wp-json\/wp\/v2\/media\/79411"}],"wp:attachment":[{"href":"https:\/\/blankpage.ee\/_ruumist-ruumi\/wp-json\/wp\/v2\/media?parent=79403"}],"wp:term":[{"taxonomy":"product_brand","embeddable":true,"href":"https:\/\/blankpage.ee\/_ruumist-ruumi\/wp-json\/wp\/v2\/product_brand?post=79403"},{"taxonomy":"product_cat","embeddable":true,"href":"https:\/\/blankpage.ee\/_ruumist-ruumi\/wp-json\/wp\/v2\/product_cat?post=79403"},{"taxonomy":"product_tag","embeddable":true,"href":"https:\/\/blankpage.ee\/_ruumist-ruumi\/wp-json\/wp\/v2\/product_tag?post=79403"}],"curies":[{"name":"wp","href":"https:\/\/api.w.org\/{rel}","templated":true}]}}