{"id":79554,"date":"2025-04-19T21:20:56","date_gmt":"2025-04-19T21:20:56","guid":{"rendered":"https:\/\/ruumistruumi.ee\/?post_type=product&#038;p=79554"},"modified":"2025-08-21T08:18:25","modified_gmt":"2025-08-21T08:18:25","slug":"intelligentne-isepuhastuv-kassiliivakast-petkit-purobot-max-pro-koos-ai-kaameraga","status":"publish","type":"product","link":"https:\/\/blankpage.ee\/_ruumist-ruumi\/pood\/intelligentne-isepuhastuv-kassiliivakast-petkit-purobot-max-pro-koos-ai-kaameraga\/","title":{"rendered":"Nutikas kassiliivakast PETKIT Purobot MAX PRO AI-kaamera ja Wi-Fi-ga"},"content":{"rendered":"<h3>Nutikas kassiliivakast PETKIT Purobot MAX PRO AI-kaamera ja Wi-Fi-ga<\/h3>\n<p>Nutikas kassiliivakast PETKIT Purobot MAX PRO on innovaatiline automaatne liivakast, mis muudab kassi eest hoolitsemise lihtsamaks ning v\u00f5imaldab j\u00e4lgida sinu lemmiku tervisen\u00e4itajaid. Sisseehitatud nutika kaamera ja arenenud tehisintellekti abil j\u00e4lgib liivakast kassi tegemisi ning koostab \u00fcksikasjalikke raporteid kasutamise ja tervise kohta. S\u00fcsteem salvestab piltidena v\u00e4ljaheited ja liivakogumid, et aidata tuvastada v\u00f5imalikke kuseteede v\u00f5i seedes\u00fcsteemi probleeme.<\/p>\n<p><img decoding=\"async\" src=\"https:\/\/blankpage.ee\/_ruumist-ruumi\/wp-content\/uploads\/2025\/04\/17-1.webp\" alt=\"nutikas kassiliivakast PETKIT Purobot MAX PRO koos kaameraga\"\/><\/p>\n<h3>Nutikas lahendus mitmele kassile<\/h3>\n<p>PETKIT Purobot MAX PRO sobib ideaalselt mitme kassiga majapidamisse. Kaalutuvastuse ja tehisintellekti toel tuvastab liivakast iga kassi individuaalselt s\u00f5ltumata kaaluerinevustest. PETKIT \u00e4pi kaudu saad j\u00e4lgida iga kassi liivakasti k\u00fclastusi, kaaluk\u00f5ikumisi ja tervisen\u00e4itajaid eraldi profiilides.<\/p>\n<p><img decoding=\"async\" src=\"https:\/\/blankpage.ee\/_ruumist-ruumi\/wp-content\/uploads\/2025\/04\/13-9.webp\" alt=\"mitmele kassile sobiv kassiliivakast\"\/><\/p>\n<h3>Reaalajas j\u00e4lgimine ning t\u00e4ielik kontroll<\/h3>\n<p>24\/7 otse\u00fclekande funktsioon v\u00f5imaldab j\u00e4lgida oma kassi tegevusi liivakastis reaalajas, sh \u00f6\u00f6sel infrapuna re\u017eiimis. Kaamera t\u00f6\u00f6aega ja privaatsusseadeid saab h\u00f5lpsalt hallata \u00e4pi kaudu.<\/p>\n<p><img decoding=\"async\" src=\"https:\/\/blankpage.ee\/_ruumist-ruumi\/wp-content\/uploads\/2025\/04\/1-645.webp\" alt=\"reaalajas j\u00e4lgitav nutikas liivakast kassi jaoks\"\/><\/p>\n<h3>K\u00f5rge h\u00fcgieenitase ja mugav hooldus<\/h3>\n<p>Automaatne j\u00e4\u00e4tmete pakkimiss\u00fcsteem v\u00f5imaldab j\u00e4\u00e4tmete koristamist ilma otsese kokkupuuteta. 8-liitrine j\u00e4\u00e4tmekonteiner vajab t\u00fchjendamist vaid iga 17 p\u00e4eva tagant, mis sobib eriti ideaalselt sageli kodust \u00e4ra olevatele kassipidajatele. Kolmekordne l\u00f5hnaeemalduss\u00fcsteem hoiab liivakasti v\u00e4rskena kuni 45 p\u00e4eva.<\/p>\n<p><img decoding=\"async\" src=\"https:\/\/blankpage.ee\/_ruumist-ruumi\/wp-content\/uploads\/2025\/04\/15-2.webp\" alt=\"automaatse j\u00e4\u00e4tmekonteineriga nutikas kassiliivakast\"\/><\/p>\n<h3>Turvalisus ja lihtsus<\/h3>\n<p>Liivakastil on 12 turvaandurit, ummistust\u00f5rje ja lekkekindel disain. Lai sissep\u00e4\u00e4s ja 76-liitrine ruum teevad selle mugavaks erinevas suuruses kassidele.<\/p>\n<p><img decoding=\"async\" src=\"https:\/\/blankpage.ee\/_ruumist-ruumi\/wp-content\/uploads\/2025\/04\/9-153.webp\" alt=\"turvalise sissep\u00e4\u00e4suga automaatne kassiliivakast\"\/><\/p>\n<h3>Vaikne ja t\u00f5hus t\u00f6\u00f6tamine<\/h3>\n<p>Seadme t\u00f6\u00f6 on v\u00e4ga vaikne \u2013 m\u00fcratase k\u00f5igest 35 dB. Vahetatavad s\u00f5elad sobivad 99% t\u00fckikujulistele kassiliivadele, tagades puhtuse ning v\u00e4hendades liivakulu.<\/p>\n<p><img decoding=\"async\" src=\"https:\/\/blankpage.ee\/_ruumist-ruumi\/wp-content\/uploads\/2025\/04\/5-492.webp\" alt=\"vaikse t\u00f6\u00f6ga automaatne kassitoode\"\/><\/p>\n<h3>T\u00e4ielik juhtimine PETKIT \u00e4pist<\/h3>\n<p>PETKIT \u00e4pi abil saad kassiliivakasti distantsilt juhtida, valida puhastus- ja desodoreerimisre\u017eiime ning saada teavitusi liivakasti kasutamise ja seadme seisukorra kohta.<\/p>\n<p><img decoding=\"async\" src=\"https:\/\/blankpage.ee\/_ruumist-ruumi\/wp-content\/uploads\/2025\/04\/16-2.webp\" alt=\"nutika kassiliivakasti juhtimine PETKIT rakendusega\"\/><\/p>\n<h3>Komplekt sisaldab<\/h3>\n<ul>\n<li>kassiliivakast<\/li>\n<li>magnetiline liivaeemaldaja<\/li>\n<li>2 x liivakastis\u00f5ela<\/li>\n<li>Breezy nutikas l\u00f5hnaeemaldaja N60 padruniga<\/li>\n<li>l\u00f5hna neutraliseerija N50 2.0<\/li>\n<li>reeling liiva pudenemise vastu<\/li>\n<li>adapter<\/li>\n<li>j\u00e4\u00e4tmekott<\/li>\n<li>kasutusjuhend<\/li>\n<\/ul>\n<h3>Tehnilised andmed<\/h3>\n<table>\n<tbody>\n<tr>\n<th>Tootja<\/th>\n<td>PetKit<\/td>\n<\/tr>\n<tr>\n<th>Mudel<\/th>\n<td>P9904<\/td>\n<\/tr>\n<tr>\n<th>\u00dchenduvus<\/th>\n<td>Wi-Fi 2.4 GHz \/ 5 GHz<\/td>\n<\/tr>\n<tr>\n<th>M\u00f5\u00f5dud<\/th>\n<td>657 \u00d7 538 \u00d7 603 mm<\/td>\n<\/tr>\n<tr>\n<th>Sisenemisk\u00f5rgus<\/th>\n<td>250 mm<\/td>\n<\/tr>\n<tr>\n<th>Kaal<\/th>\n<td>umbes 11 kg<\/td>\n<\/tr>\n<tr>\n<th>Toiteallikas<\/th>\n<td>12V\u23932A<\/td>\n<\/tr>\n<tr>\n<th>Materjalid<\/th>\n<td>PP, ABS, TPE, silikoon<\/td>\n<\/tr>\n<tr>\n<th>Soovituslik kasutus<\/th>\n<td>Kassidele vanuses \u00fcle 6 kuu ja kaaluga alates 1,5 kg<\/td>\n<\/tr>\n<\/tbody>\n<\/table>\n<h3>Kaamera tehnilised omadused<\/h3>\n<table>\n<tbody>\n<tr>\n<th>Video lahutusv\u00f5ime<\/th>\n<td>1080p HD<\/td>\n<\/tr>\n<tr>\n<th>Vaatev\u00e4li<\/th>\n<td>210\u00b0<\/td>\n<\/tr>\n<tr>\n<th>Fookuskaugus<\/th>\n<td>1,12 mm<\/td>\n<\/tr>\n<tr>\n<th>Veekindlus<\/th>\n<td>IPX5<\/td>\n<\/tr>\n<tr>\n<th>Heli<\/th>\n<td>mikrofon<\/td>\n<\/tr>\n<\/tbody>\n<\/table>\n","protected":false},"excerpt":{"rendered":"<p>Nutikas kassiliivakast PETKIT Purobot MAX PRO AI-kaamera ja Wi-Fi-ga Nutikas kassiliivakast PETKIT Purobot MAX PRO on innovaatiline automaatne liivakast, mis muudab kassi eest hoolitsemise lihtsamaks ning v\u00f5imaldab j\u00e4lgida sinu lemmiku tervisen\u00e4itajaid. Sisseehitatud nutika kaamera ja arenenud tehisintellekti abil j\u00e4lgib liivakast kassi tegemisi ning koostab \u00fcksikasjalikke raporteid kasutamise ja tervise kohta. S\u00fcsteem salvestab piltidena v\u00e4ljaheited ja [&hellip;]<\/p>\n","protected":false},"featured_media":175242,"comment_status":"open","ping_status":"open","template":"","meta":[],"product_brand":[3103],"product_cat":[817],"product_tag":[],"class_list":{"0":"post-79554","1":"product","2":"type-product","3":"status-publish","4":"has-post-thumbnail","6":"product_brand-petkit","7":"product_cat-elektroonilised-kassi-liivakastid","8":"product_shipping_class-innpro","10":"first","11":"instock","12":"taxable","13":"shipping-taxable","14":"purchasable","15":"product-type-simple"},"_links":{"self":[{"href":"https:\/\/blankpage.ee\/_ruumist-ruumi\/wp-json\/wp\/v2\/product\/79554","targetHints":{"allow":["GET"]}}],"collection":[{"href":"https:\/\/blankpage.ee\/_ruumist-ruumi\/wp-json\/wp\/v2\/product"}],"about":[{"href":"https:\/\/blankpage.ee\/_ruumist-ruumi\/wp-json\/wp\/v2\/types\/product"}],"replies":[{"embeddable":true,"href":"https:\/\/blankpage.ee\/_ruumist-ruumi\/wp-json\/wp\/v2\/comments?post=79554"}],"wp:featuredmedia":[{"embeddable":true,"href":"https:\/\/blankpage.ee\/_ruumist-ruumi\/wp-json\/wp\/v2\/media\/175242"}],"wp:attachment":[{"href":"https:\/\/blankpage.ee\/_ruumist-ruumi\/wp-json\/wp\/v2\/media?parent=79554"}],"wp:term":[{"taxonomy":"product_brand","embeddable":true,"href":"https:\/\/blankpage.ee\/_ruumist-ruumi\/wp-json\/wp\/v2\/product_brand?post=79554"},{"taxonomy":"product_cat","embeddable":true,"href":"https:\/\/blankpage.ee\/_ruumist-ruumi\/wp-json\/wp\/v2\/product_cat?post=79554"},{"taxonomy":"product_tag","embeddable":true,"href":"https:\/\/blankpage.ee\/_ruumist-ruumi\/wp-json\/wp\/v2\/product_tag?post=79554"}],"curies":[{"name":"wp","href":"https:\/\/api.w.org\/{rel}","templated":true}]}}