{"id":83633,"date":"2025-01-18T08:02:57","date_gmt":"2025-01-18T08:02:57","guid":{"rendered":"https:\/\/ruumistruumi.ee\/pood\/saunaratikud-25-tk-80x200-cm-360-gsm-100-puuvill\/"},"modified":"2025-08-21T02:15:53","modified_gmt":"2025-08-21T02:15:53","slug":"saunaratikud-25-tk-80x200-cm-360-gsm-100-puuvill","status":"publish","type":"product","link":"https:\/\/blankpage.ee\/_ruumist-ruumi\/pood\/saunaratikud-25-tk-80x200-cm-360-gsm-100-puuvill\/","title":{"rendered":"Saunar\u00e4tikud 25 tk, 80&#215;200 cm, 360 gsm, 100% puuvill"},"content":{"rendered":"<p>Need saunalinad on h\u00fcgieenilised, imavad ja mugavad, et parandada teie saunakogemust. Pehme ja nahas\u00f5bralik materjal: need r\u00e4tikud on valmistatud 100% r\u00f5ngaskedratud puuvillast, mis on pehme, vastupidav ja pleekimiskindel. Need on OEKO-TEX STANDARD 100 sertifikaadiga ja testitud kahjulike ainete suhtes, mis muudab need usaldusv\u00e4\u00e4rseks ja usaldusv\u00e4\u00e4rseks kasutamiseks.Imavad: need puuvillased r\u00e4tikud suudavad kiiresti imada higi ja vett ning pakuvad pehmet ja \u00f5rna puudutust teie kehale, parandades seel\u00e4bi teie saunakogemust.Mitmeotstarbeline kasutamine: pehme r\u00e4tiku kasutamine keha ja saunalava vahele barj\u00e4\u00e4ri loomiseks aitab s\u00e4ilitada puhtust ja h\u00fcgieeni. Neid saab kasutada ka p\u00e4rast sauna keha \u00fcmber m\u00e4hkimiseks, et imada liigset niiskust.Mugav riputusaas: igal r\u00e4tikul on k\u00fclge \u00f5mmeldud riputusaas, mis v\u00f5imaldab neid h\u00f5lpsalt konksudele v\u00f5i r\u00e4tikutorudele riputada.Masipestav: puuvillased r\u00e4tikud on masinapestavad ning neid saab h\u00f5lpsasti pesta sooja vee ja \u00f5rnatoimelise seebilahusega.<\/p>\n<ul>\n<li>V\u00e4rvus: antratsiithall<\/li>\n<li>Materjal: 100% puuvill<\/li>\n<li>Suurus: 80 x 200 cm (L x P)<\/li>\n<li>360 gsm<\/li>\n<li>Sertifitseeritud OEKO-TEX\u00ae STANDARD 100 j\u00e4rgi<\/li>\n<li>Masinpestav<\/li>\n<li><strong>Komplekti kuulub:<\/strong><\/li>\n<li>25 x saunalina<\/li>\n<\/ul>\n","protected":false},"excerpt":{"rendered":"<p>Need saunalinad on h\u00fcgieenilised, imavad ja mugavad, et parandada teie saunakogemust. Pehme ja nahas\u00f5bralik materjal: need r\u00e4tikud on valmistatud 100% r\u00f5ngaskedratud puuvillast, mis on pehme, vastupidav ja pleekimiskindel. Need on OEKO-TEX STANDARD 100 sertifikaadiga ja testitud kahjulike ainete suhtes, mis muudab need usaldusv\u00e4\u00e4rseks ja usaldusv\u00e4\u00e4rseks kasutamiseks.Imavad: need puuvillased r\u00e4tikud suudavad kiiresti imada higi ja vett [&hellip;]<\/p>\n","protected":false},"featured_media":83634,"comment_status":"open","ping_status":"open","template":"","meta":[],"product_brand":[],"product_cat":[1227],"product_tag":[],"class_list":{"0":"post-83633","1":"product","2":"type-product","3":"status-publish","4":"has-post-thumbnail","6":"product_cat-ratikud","7":"product_shipping_class-vidaxl","8":"pa_varv-antratsiithall","10":"first","11":"outofstock","12":"taxable","13":"shipping-taxable","14":"purchasable","15":"product-type-simple"},"_links":{"self":[{"href":"https:\/\/blankpage.ee\/_ruumist-ruumi\/wp-json\/wp\/v2\/product\/83633","targetHints":{"allow":["GET"]}}],"collection":[{"href":"https:\/\/blankpage.ee\/_ruumist-ruumi\/wp-json\/wp\/v2\/product"}],"about":[{"href":"https:\/\/blankpage.ee\/_ruumist-ruumi\/wp-json\/wp\/v2\/types\/product"}],"replies":[{"embeddable":true,"href":"https:\/\/blankpage.ee\/_ruumist-ruumi\/wp-json\/wp\/v2\/comments?post=83633"}],"wp:featuredmedia":[{"embeddable":true,"href":"https:\/\/blankpage.ee\/_ruumist-ruumi\/wp-json\/wp\/v2\/media\/83634"}],"wp:attachment":[{"href":"https:\/\/blankpage.ee\/_ruumist-ruumi\/wp-json\/wp\/v2\/media?parent=83633"}],"wp:term":[{"taxonomy":"product_brand","embeddable":true,"href":"https:\/\/blankpage.ee\/_ruumist-ruumi\/wp-json\/wp\/v2\/product_brand?post=83633"},{"taxonomy":"product_cat","embeddable":true,"href":"https:\/\/blankpage.ee\/_ruumist-ruumi\/wp-json\/wp\/v2\/product_cat?post=83633"},{"taxonomy":"product_tag","embeddable":true,"href":"https:\/\/blankpage.ee\/_ruumist-ruumi\/wp-json\/wp\/v2\/product_tag?post=83633"}],"curies":[{"name":"wp","href":"https:\/\/api.w.org\/{rel}","templated":true}]}}