{"id":83785,"date":"2025-01-18T08:04:48","date_gmt":"2025-01-18T08:04:48","guid":{"rendered":"https:\/\/ruumistruumi.ee\/pood\/raskustekk-sinine-135x200-cm-10-kg-kangas\/"},"modified":"2025-08-21T02:15:43","modified_gmt":"2025-08-21T02:15:43","slug":"raskustekk-sinine-135x200-cm-10-kg-kangas","status":"publish","type":"product","link":"https:\/\/blankpage.ee\/_ruumist-ruumi\/pood\/raskustekk-sinine-135x200-cm-10-kg-kangas\/","title":{"rendered":"Raskustekk sinine 135&#215;200 cm 10 kg kangas"},"content":{"rendered":"<p>Kas teil on probleeme magamisega? Raskustekk aitab uinuda. Tekk avaldab pehmet ja mugavat survest, aidates kehal ja vaimul puhata. Mugav materjal: hingav ja vastupidav kangas on lihtsa ja puhta v\u00e4limusega. Teki \u00fcks pool on valmistatud sametisest kangast ja teine pool harjatud kangast.H\u00fcpoallergeenne t\u00e4idis: tekk on t\u00e4idetud pol\u00fcesterkiudude ja h\u00fcpoallergeensete l\u00f5hnatute klaashelmestega.\u00dchtlane raskuse jaotus: raskustekk peaks moodustama 10% teie kehakaalust. Selle kompaktsed tepitud taskud jaotavad raskuse \u00fchtlaselt kogu kehale.Praktilised siseaasad: siseaasadega rahustava teki saab kinnitada mis tahes sama suurusega tekikoti k\u00fclge.<\/p>\n<ul>\n<li>V\u00e4rvus: sinine<\/li>\n<li>Teki v\u00e4lismaterjal: kangas (100% harjatud pol\u00fcester mikrokiud)<\/li>\n<li>T\u00e4idise materjal: pol\u00fcester, h\u00fcpoallergeensed l\u00f5hnatud klaashelmed<\/li>\n<li>Suurus: 135 x 200 cm (L x P)<\/li>\n<li>Vateeritud ruudu suurus: 10 x 10 cm (P x L)<\/li>\n<li>Kaal: 10 kg<\/li>\n<\/ul>\n","protected":false},"excerpt":{"rendered":"<p>Kas teil on probleeme magamisega? Raskustekk aitab uinuda. Tekk avaldab pehmet ja mugavat survest, aidates kehal ja vaimul puhata. Mugav materjal: hingav ja vastupidav kangas on lihtsa ja puhta v\u00e4limusega. Teki \u00fcks pool on valmistatud sametisest kangast ja teine pool harjatud kangast.H\u00fcpoallergeenne t\u00e4idis: tekk on t\u00e4idetud pol\u00fcesterkiudude ja h\u00fcpoallergeensete l\u00f5hnatute klaashelmestega.\u00dchtlane raskuse jaotus: raskustekk peaks [&hellip;]<\/p>\n","protected":false},"featured_media":83786,"comment_status":"open","ping_status":"open","template":"","meta":[],"product_brand":[],"product_cat":[1219],"product_tag":[],"class_list":{"0":"post-83785","1":"product","2":"type-product","3":"status-publish","4":"has-post-thumbnail","6":"product_cat-tekid","7":"product_shipping_class-vidaxl","8":"pa_varv-sinine","10":"first","11":"outofstock","12":"taxable","13":"shipping-taxable","14":"purchasable","15":"product-type-simple"},"_links":{"self":[{"href":"https:\/\/blankpage.ee\/_ruumist-ruumi\/wp-json\/wp\/v2\/product\/83785","targetHints":{"allow":["GET"]}}],"collection":[{"href":"https:\/\/blankpage.ee\/_ruumist-ruumi\/wp-json\/wp\/v2\/product"}],"about":[{"href":"https:\/\/blankpage.ee\/_ruumist-ruumi\/wp-json\/wp\/v2\/types\/product"}],"replies":[{"embeddable":true,"href":"https:\/\/blankpage.ee\/_ruumist-ruumi\/wp-json\/wp\/v2\/comments?post=83785"}],"wp:featuredmedia":[{"embeddable":true,"href":"https:\/\/blankpage.ee\/_ruumist-ruumi\/wp-json\/wp\/v2\/media\/83786"}],"wp:attachment":[{"href":"https:\/\/blankpage.ee\/_ruumist-ruumi\/wp-json\/wp\/v2\/media?parent=83785"}],"wp:term":[{"taxonomy":"product_brand","embeddable":true,"href":"https:\/\/blankpage.ee\/_ruumist-ruumi\/wp-json\/wp\/v2\/product_brand?post=83785"},{"taxonomy":"product_cat","embeddable":true,"href":"https:\/\/blankpage.ee\/_ruumist-ruumi\/wp-json\/wp\/v2\/product_cat?post=83785"},{"taxonomy":"product_tag","embeddable":true,"href":"https:\/\/blankpage.ee\/_ruumist-ruumi\/wp-json\/wp\/v2\/product_tag?post=83785"}],"curies":[{"name":"wp","href":"https:\/\/api.w.org\/{rel}","templated":true}]}}