{"id":84793,"date":"2025-01-18T08:18:00","date_gmt":"2025-01-18T08:18:00","guid":{"rendered":"https:\/\/ruumistruumi.ee\/pood\/kummiga-voodilinad-2-tk-antratsiithall-160x200-cm-puuvill\/"},"modified":"2025-08-21T02:15:43","modified_gmt":"2025-08-21T02:15:43","slug":"kummiga-voodilinad-2-tk-antratsiithall-160x200-cm-puuvill","status":"publish","type":"product","link":"https:\/\/blankpage.ee\/_ruumist-ruumi\/pood\/kummiga-voodilinad-2-tk-antratsiithall-160x200-cm-puuvill\/","title":{"rendered":"Kummiga voodilinad 2 tk antratsiithall 160&#215;200 cm puuvill"},"content":{"rendered":"<p>Kummiga linad annavad igale voodile kauni ja hubase ilme ning tagavad heaks uneks vajaliku mugavuse. Pehme materjal: voodilina on valmistatud 100% puuvillast, \u00fclipehmest ja hingavast materjalist, mis muudab selle v\u00e4ga mugavaks.Elegantne v\u00e4limus: voodilina n\u00e4eb hea v\u00e4lja, kuna sellele on lisatud tekstuuri, mis annab magamistoale stiili ja elegantsi.Lihtne puhastada: voodipesu on lihtne pesumasinas puhastada.P\u00fcsivalt vastupidav: lina peab aastaid vastu ning on parema tuhmumis- ja plekikindlusega.<\/p>\n<ul>\n<li>V\u00e4rvus: antratsiithall<\/li>\n<li>Materjal: 100% puuvill<\/li>\n<li>Suurus: 160 x 200 cm (L x P)<\/li>\n<li>Kaal: 110 g\/m2<\/li>\n<li><strong>Komplekti kuulub:<\/strong><\/li>\n<li>2 x kummiga voodilina<\/li>\n<\/ul>\n","protected":false},"excerpt":{"rendered":"<p>Kummiga linad annavad igale voodile kauni ja hubase ilme ning tagavad heaks uneks vajaliku mugavuse. Pehme materjal: voodilina on valmistatud 100% puuvillast, \u00fclipehmest ja hingavast materjalist, mis muudab selle v\u00e4ga mugavaks.Elegantne v\u00e4limus: voodilina n\u00e4eb hea v\u00e4lja, kuna sellele on lisatud tekstuuri, mis annab magamistoale stiili ja elegantsi.Lihtne puhastada: voodipesu on lihtne pesumasinas puhastada.P\u00fcsivalt vastupidav: lina [&hellip;]<\/p>\n","protected":false},"featured_media":84794,"comment_status":"open","ping_status":"open","template":"","meta":[],"product_brand":[],"product_cat":[1224],"product_tag":[],"class_list":{"0":"post-84793","1":"product","2":"type-product","3":"status-publish","4":"has-post-thumbnail","6":"product_cat-voodilinad","7":"product_shipping_class-vidaxl","8":"pa_varv-antratsiithall","10":"first","11":"outofstock","12":"taxable","13":"shipping-taxable","14":"purchasable","15":"product-type-simple"},"_links":{"self":[{"href":"https:\/\/blankpage.ee\/_ruumist-ruumi\/wp-json\/wp\/v2\/product\/84793","targetHints":{"allow":["GET"]}}],"collection":[{"href":"https:\/\/blankpage.ee\/_ruumist-ruumi\/wp-json\/wp\/v2\/product"}],"about":[{"href":"https:\/\/blankpage.ee\/_ruumist-ruumi\/wp-json\/wp\/v2\/types\/product"}],"replies":[{"embeddable":true,"href":"https:\/\/blankpage.ee\/_ruumist-ruumi\/wp-json\/wp\/v2\/comments?post=84793"}],"wp:featuredmedia":[{"embeddable":true,"href":"https:\/\/blankpage.ee\/_ruumist-ruumi\/wp-json\/wp\/v2\/media\/84794"}],"wp:attachment":[{"href":"https:\/\/blankpage.ee\/_ruumist-ruumi\/wp-json\/wp\/v2\/media?parent=84793"}],"wp:term":[{"taxonomy":"product_brand","embeddable":true,"href":"https:\/\/blankpage.ee\/_ruumist-ruumi\/wp-json\/wp\/v2\/product_brand?post=84793"},{"taxonomy":"product_cat","embeddable":true,"href":"https:\/\/blankpage.ee\/_ruumist-ruumi\/wp-json\/wp\/v2\/product_cat?post=84793"},{"taxonomy":"product_tag","embeddable":true,"href":"https:\/\/blankpage.ee\/_ruumist-ruumi\/wp-json\/wp\/v2\/product_tag?post=84793"}],"curies":[{"name":"wp","href":"https:\/\/api.w.org\/{rel}","templated":true}]}}