{"id":8530,"date":"2024-11-01T15:04:52","date_gmt":"2024-11-01T15:04:52","guid":{"rendered":"https:\/\/ruumistruumi.ee\/pood\/tume-grafiitne-tv-alus-stilig-st916-roostevabast-terasest\/"},"modified":"2025-07-15T18:42:28","modified_gmt":"2025-07-15T18:42:28","slug":"tume-grafiit-tv-alus-stilig-st916-roostevaba-teras","status":"publish","type":"product","link":"https:\/\/blankpage.ee\/_ruumist-ruumi\/pood\/tume-grafiit-tv-alus-stilig-st916-roostevaba-teras\/","title":{"rendered":"Tume grafiit TV-alus Stilig ST916, roostevaba teras"},"content":{"rendered":"<p>Stilig ST916 TV-alus elutuppa. See stiilne tume grafiidiv\u00e4rvi TV-alus kuldsete aktsentide ja alumise p\u00e4rjaga lisab teie eluruumi elegantsi ja modernsust. Korpuse sooneline puit ja marmorviimistlusega t\u00f6\u00f6tasapind loovad luksusliku ja ajatu ilme.<\/p>\n<p>Stilig ST916 TV-alus on valmistatud roostevabast terasest, MDF-ist ja marmorist, tagades vastupidavuse ja pikaealisuse. Alusel on neli ust ja kaks riiulit, pakkudes piisavalt ruumi meelelahutusseadmete ja tarvikute hoidmiseks. Milled k\u00e4epidemed ja push to open funktsioon lisavad kasutusmugavust, samas kui reguleeritav sisemine riiul ja pehme sulgemise mehhanism tagavad praktilisuse. Reguleeritavad jalad v\u00f5imaldavad aluse stabiilsust ja tasakaalu igal pinnal.<\/p>\n<p>Omadused:<br \/>\n<strong>Materjal:<\/strong> Roostevaba teras, MDF, marmorist t\u00f6\u00f6tasapind.<br \/>\n<strong>V\u00e4rv:<\/strong> Pruun kuldsete aktsentidega, v\u00e4rvikas t\u00f6\u00f6tasapind.<br \/>\n<strong>M\u00f5\u00f5tmed:<\/strong> Laius 200 cm, s\u00fcgavus 40 cm, k\u00f5rgus 50 cm.<br \/>\n<strong>T\u00e4iendavad detailid:<\/strong> Sooneline puit, marmorist t\u00f6\u00f6tasapind, push to open funktsioon, reguleeritav sisemine riiul, pehme sulgemine, reguleeritavad jalad.<br \/>\n<strong>Kokkupanek:<\/strong> Kokkupandud, ei vaja paigaldust. S\u00e4\u00e4stab aega ja vaeva.<\/p>\n<p>&nbsp;<\/p>\n","protected":false},"excerpt":{"rendered":"<p>Stilig ST916 TV-alus elutuppa. See stiilne tume grafiidiv\u00e4rvi TV-alus kuldsete aktsentide ja alumise p\u00e4rjaga lisab teie eluruumi elegantsi ja modernsust. Korpuse sooneline puit ja marmorviimistlusega t\u00f6\u00f6tasapind loovad luksusliku ja ajatu ilme. Stilig ST916 TV-alus on valmistatud roostevabast terasest, MDF-ist ja marmorist, tagades vastupidavuse ja pikaealisuse. Alusel on neli ust ja kaks riiulit, pakkudes piisavalt ruumi [&hellip;]<\/p>\n","protected":false},"featured_media":8531,"comment_status":"open","ping_status":"closed","template":"","meta":[],"product_brand":[],"product_cat":[85],"product_tag":[],"class_list":{"0":"post-8530","1":"product","2":"type-product","3":"status-publish","4":"has-post-thumbnail","6":"product_cat-tv-alused","7":"product_shipping_class-livin-hill","8":"pa_kaepidemed-freesitud-kaepidemed","9":"pa_kollektsioon-stilig","10":"pa_materjal-roostevaba-teras","11":"pa_riiulite-arv-76","12":"pa_uste-arv-75","13":"pa_varv-pruun","15":"first","16":"outofstock","17":"sale","18":"taxable","19":"shipping-taxable","20":"purchasable","21":"product-type-simple"},"_links":{"self":[{"href":"https:\/\/blankpage.ee\/_ruumist-ruumi\/wp-json\/wp\/v2\/product\/8530","targetHints":{"allow":["GET"]}}],"collection":[{"href":"https:\/\/blankpage.ee\/_ruumist-ruumi\/wp-json\/wp\/v2\/product"}],"about":[{"href":"https:\/\/blankpage.ee\/_ruumist-ruumi\/wp-json\/wp\/v2\/types\/product"}],"replies":[{"embeddable":true,"href":"https:\/\/blankpage.ee\/_ruumist-ruumi\/wp-json\/wp\/v2\/comments?post=8530"}],"wp:featuredmedia":[{"embeddable":true,"href":"https:\/\/blankpage.ee\/_ruumist-ruumi\/wp-json\/wp\/v2\/media\/8531"}],"wp:attachment":[{"href":"https:\/\/blankpage.ee\/_ruumist-ruumi\/wp-json\/wp\/v2\/media?parent=8530"}],"wp:term":[{"taxonomy":"product_brand","embeddable":true,"href":"https:\/\/blankpage.ee\/_ruumist-ruumi\/wp-json\/wp\/v2\/product_brand?post=8530"},{"taxonomy":"product_cat","embeddable":true,"href":"https:\/\/blankpage.ee\/_ruumist-ruumi\/wp-json\/wp\/v2\/product_cat?post=8530"},{"taxonomy":"product_tag","embeddable":true,"href":"https:\/\/blankpage.ee\/_ruumist-ruumi\/wp-json\/wp\/v2\/product_tag?post=8530"}],"curies":[{"name":"wp","href":"https:\/\/api.w.org\/{rel}","templated":true}]}}