{"id":8626,"date":"2024-11-01T15:40:43","date_gmt":"2024-11-01T15:40:43","guid":{"rendered":"https:\/\/ruumistruumi.ee\/pood\/valge-kummut-avola-av2293-65-akatsiapuust-ja-vineerist\/"},"modified":"2025-04-10T11:58:33","modified_gmt":"2025-04-10T11:58:33","slug":"valge-kummut-avola-av2293-65-akatsiapuust-ja-vineerist","status":"publish","type":"product","link":"https:\/\/blankpage.ee\/_ruumist-ruumi\/pood\/valge-kummut-avola-av2293-65-akatsiapuust-ja-vineerist\/","title":{"rendered":"Valge Avola AV2293-65 kummut, akaatsiapuidust"},"content":{"rendered":"<p>Avola AV2293-65 kummut elutuppa. See elegantne valge kummut on valmistatud kvaliteetsest akaatsiapuidust ja viimistletud vineeriga, pakkudes nii vastupidavust kui ka esteetilist ilu. Kummutil on neli klaasitud ust, millel on dekoratiivsed kaared ja peened piklikud k\u00e4epidemed, mis lisavad ruumile \u00f5rna elegantsi. Lihtne vorm on rikastatud freesitud servade ja n\u00e4htava vineeristruktuuriga, tuues esile naturaalse puidu ilu.<\/p>\n<p>Kummuti praktilisus ja stiilne disain muudavad selle ideaalseks lisandiks igasse elutuppa. Neli ust ja kaks reguleeritavat riiulit pakuvad piisavalt hoiuruumi, et hoida k\u00f5ik vajalikud esemed k\u00e4ep\u00e4rast ja korrastatult. Metallist k\u00e4epidemed ja 5mm karastatud klaas tagavad vastupidavuse ja turvalisuse, samas kui naturaalse puidu sisemus lisab soojust ja hubasust.<\/p>\n<p>Omadused:<br \/>\n<strong>Materjal:<\/strong> Akaatsiapuit ja vineer.<br \/>\n<strong>V\u00e4rv:<\/strong> Valge v\u00e4rv, naturaalne puidu sisemus.<br \/>\n<strong>M\u00f5\u00f5tmed:<\/strong> Laius: 165 cm, s\u00fcgavus: 43 cm, k\u00f5rgus: 91,5 cm.<br \/>\n<strong>T\u00e4iendavad detailid:<\/strong> Neli ust, kaks reguleeritavat riiulit, metallist k\u00e4epidemed, 5mm karastatud klaas.<br \/>\n<strong>Kokkupanek:<\/strong> Kokkupandud, ei vaja paigaldust. S\u00e4\u00e4stab aega ja vaeva.<\/p>\n<p>&nbsp;<\/p>\n","protected":false},"excerpt":{"rendered":"<p>Avola AV2293-65 kummut elutuppa. See elegantne valge kummut on valmistatud kvaliteetsest akaatsiapuidust ja viimistletud vineeriga, pakkudes nii vastupidavust kui ka esteetilist ilu. Kummutil on neli klaasitud ust, millel on dekoratiivsed kaared ja peened piklikud k\u00e4epidemed, mis lisavad ruumile \u00f5rna elegantsi. Lihtne vorm on rikastatud freesitud servade ja n\u00e4htava vineeristruktuuriga, tuues esile naturaalse puidu ilu. Kummuti [&hellip;]<\/p>\n","protected":false},"featured_media":8627,"comment_status":"open","ping_status":"closed","template":"","meta":[],"product_brand":[],"product_cat":[71],"product_tag":[],"class_list":{"0":"post-8626","1":"product","2":"type-product","3":"status-publish","4":"has-post-thumbnail","6":"product_cat-moobel","7":"product_shipping_class-livin-hill","8":"pa_kaepidemed-metall","9":"pa_kollektsioon-avola","10":"pa_materjal-akaatsiapuit","11":"pa_riiulite-arv-76","12":"pa_uste-arv-75","13":"pa_varv-valge","15":"first","16":"instock","17":"sale","18":"taxable","19":"shipping-taxable","20":"purchasable","21":"product-type-simple"},"_links":{"self":[{"href":"https:\/\/blankpage.ee\/_ruumist-ruumi\/wp-json\/wp\/v2\/product\/8626","targetHints":{"allow":["GET"]}}],"collection":[{"href":"https:\/\/blankpage.ee\/_ruumist-ruumi\/wp-json\/wp\/v2\/product"}],"about":[{"href":"https:\/\/blankpage.ee\/_ruumist-ruumi\/wp-json\/wp\/v2\/types\/product"}],"replies":[{"embeddable":true,"href":"https:\/\/blankpage.ee\/_ruumist-ruumi\/wp-json\/wp\/v2\/comments?post=8626"}],"wp:featuredmedia":[{"embeddable":true,"href":"https:\/\/blankpage.ee\/_ruumist-ruumi\/wp-json\/wp\/v2\/media\/8627"}],"wp:attachment":[{"href":"https:\/\/blankpage.ee\/_ruumist-ruumi\/wp-json\/wp\/v2\/media?parent=8626"}],"wp:term":[{"taxonomy":"product_brand","embeddable":true,"href":"https:\/\/blankpage.ee\/_ruumist-ruumi\/wp-json\/wp\/v2\/product_brand?post=8626"},{"taxonomy":"product_cat","embeddable":true,"href":"https:\/\/blankpage.ee\/_ruumist-ruumi\/wp-json\/wp\/v2\/product_cat?post=8626"},{"taxonomy":"product_tag","embeddable":true,"href":"https:\/\/blankpage.ee\/_ruumist-ruumi\/wp-json\/wp\/v2\/product_tag?post=8626"}],"curies":[{"name":"wp","href":"https:\/\/api.w.org\/{rel}","templated":true}]}}