{"id":8703,"date":"2024-11-01T15:48:10","date_gmt":"2024-11-01T15:48:10","guid":{"rendered":"https:\/\/ruumistruumi.ee\/pood\/must-konsoollaud-modig-m20-150-susinikterasest-ja-sinterdatud-kivi-pealt\/"},"modified":"2025-06-17T08:58:12","modified_gmt":"2025-06-17T08:58:12","slug":"must-konsoollaud-modig-m20-150-susinikterasest-ja-sinterdatud-kivi-pealt","status":"publish","type":"product","link":"https:\/\/blankpage.ee\/_ruumist-ruumi\/pood\/must-konsoollaud-modig-m20-150-susinikterasest-ja-sinterdatud-kivi-pealt\/","title":{"rendered":"Must konsoollaud Modig M20-150, s\u00fcsinikterasest"},"content":{"rendered":"<p>Modig M20-150 konsoollaud esikusse. See ainulaadne konsoollaud on valmistatud s\u00fcsinikterasest, mille erip\u00e4raks on geomeetriline ruumiline jalg teravate servadega, mis sobib suurep\u00e4raselt lihtsa ristk\u00fclikukujulise, marmorimitatsiooniga lauaplaadiga. Modig kollektsiooni kuuluv konsoollaud lisab teie esikule kaasaegset stiili ja elegantsi.<\/p>\n<p>Omadused:<br \/>\n<strong>Materjal:<\/strong> S\u00fcsinikterasest raam ja tehismarmorist lauaplaat.<br \/>\n<strong>V\u00e4rv:<\/strong> Must raam ja marmorimitatsiooniga lauaplaat.<br \/>\n<strong>M\u00f5\u00f5tmed:<\/strong> Laius 150 cm, s\u00fcgavus 30 cm, k\u00f5rgus 80 cm.<br \/>\n<strong>T\u00e4iendavad detailid:<\/strong> Geomeetriline ruumiline jalg ja tehismarmorist lauaplaat.<br \/>\n<strong>Kokkupanek:<\/strong> Osaliselt kokku pandud, ei vaja paigaldust. S\u00e4\u00e4stab aega ja vaeva.<\/p>\n<p>&nbsp;<\/p>\n","protected":false},"excerpt":{"rendered":"<p>Modig M20-150 konsoollaud esikusse. See ainulaadne konsoollaud on valmistatud s\u00fcsinikterasest, mille erip\u00e4raks on geomeetriline ruumiline jalg teravate servadega, mis sobib suurep\u00e4raselt lihtsa ristk\u00fclikukujulise, marmorimitatsiooniga lauaplaadiga. Modig kollektsiooni kuuluv konsoollaud lisab teie esikule kaasaegset stiili ja elegantsi. Omadused: Materjal: S\u00fcsinikterasest raam ja tehismarmorist lauaplaat. V\u00e4rv: Must raam ja marmorimitatsiooniga lauaplaat. M\u00f5\u00f5tmed: Laius 150 cm, s\u00fcgavus 30 [&hellip;]<\/p>\n","protected":false},"featured_media":8704,"comment_status":"open","ping_status":"closed","template":"","meta":[],"product_brand":[],"product_cat":[83],"product_tag":[],"class_list":{"0":"post-8703","1":"product","2":"type-product","3":"status-publish","4":"has-post-thumbnail","6":"product_cat-konsoollauad","7":"product_shipping_class-livin-hill","8":"pa_kollektsioon-modig","9":"pa_materjal-susinikteras","10":"pa_varv-must","12":"first","13":"instock","14":"sale","15":"taxable","16":"shipping-taxable","17":"purchasable","18":"product-type-simple"},"_links":{"self":[{"href":"https:\/\/blankpage.ee\/_ruumist-ruumi\/wp-json\/wp\/v2\/product\/8703","targetHints":{"allow":["GET"]}}],"collection":[{"href":"https:\/\/blankpage.ee\/_ruumist-ruumi\/wp-json\/wp\/v2\/product"}],"about":[{"href":"https:\/\/blankpage.ee\/_ruumist-ruumi\/wp-json\/wp\/v2\/types\/product"}],"replies":[{"embeddable":true,"href":"https:\/\/blankpage.ee\/_ruumist-ruumi\/wp-json\/wp\/v2\/comments?post=8703"}],"wp:featuredmedia":[{"embeddable":true,"href":"https:\/\/blankpage.ee\/_ruumist-ruumi\/wp-json\/wp\/v2\/media\/8704"}],"wp:attachment":[{"href":"https:\/\/blankpage.ee\/_ruumist-ruumi\/wp-json\/wp\/v2\/media?parent=8703"}],"wp:term":[{"taxonomy":"product_brand","embeddable":true,"href":"https:\/\/blankpage.ee\/_ruumist-ruumi\/wp-json\/wp\/v2\/product_brand?post=8703"},{"taxonomy":"product_cat","embeddable":true,"href":"https:\/\/blankpage.ee\/_ruumist-ruumi\/wp-json\/wp\/v2\/product_cat?post=8703"},{"taxonomy":"product_tag","embeddable":true,"href":"https:\/\/blankpage.ee\/_ruumist-ruumi\/wp-json\/wp\/v2\/product_tag?post=8703"}],"curies":[{"name":"wp","href":"https:\/\/api.w.org\/{rel}","templated":true}]}}