{"id":8807,"date":"2024-11-01T15:55:07","date_gmt":"2024-11-01T15:55:07","guid":{"rendered":"https:\/\/ruumistruumi.ee\/pood\/kuldne-kohvilaud-modig-m68-kroomitud-roostevabast-terasest-alus\/"},"modified":"2025-06-17T08:58:14","modified_gmt":"2025-06-17T08:58:14","slug":"valge-kohvilaud-modig-m68-roostevaba-teras-nahk-kivi","status":"publish","type":"product","link":"https:\/\/blankpage.ee\/_ruumist-ruumi\/pood\/valge-kohvilaud-modig-m68-roostevaba-teras-nahk-kivi\/","title":{"rendered":"Valge kohvilaud Modig M68, roostevaba teras, nahk, kivi"},"content":{"rendered":"<p>Modig M68 kohvilaud elutuppa. See moodne kohvilaud lisab teie elutuppa stiili ja funktsionaalsust. Laua poolkerakujuline alus on kaetud \u00f6koloogilise nahaga, mis loob vertikaalsed voldid ja on viimistletud kuldse aktsendiga. \u00dcmar valge lauaplaat j\u00e4ljendab marmorit, pakkudes elegantset ja ajatut v\u00e4limust.<\/p>\n<p>Modig M68 kohvilaud on ideaalne valik neile, kes hindavad kaasaegset disaini ja kvaliteetset materjali. Kroomitud roostevabast terasest alus tagab stabiilsuse ja vastupidavuse, samal ajal kui sintersitud kivist lauaplaat lisab luksuslikku tunnet. Mikrofiber PU nahast keha t\u00e4iendab \u00fcldist disaini, luues harmoonilise ja peene ilme.<\/p>\n<p>Omadused:<br \/>\n<strong>Materjal:<\/strong> Kroomitud roostevabast terasest alus, sintersitud kivist lauaplaat, mikrofiber PU nahast keha.<br \/>\n<strong>V\u00e4rv:<\/strong> Kuldne alus, valge ecru keha, valge lauaplaat.<br \/>\n<strong>M\u00f5\u00f5tmed:<\/strong> Laius 70 cm, s\u00fcgavus 70 cm, k\u00f5rgus 36 cm.<br \/>\n<strong>T\u00e4iendavad detailid:<\/strong> Kunstmarmorist lauaplaat; keha kaetud \u00f6koloogilise nahaga, mis loob vertikaalsed voldid.<br \/>\n<strong>Kokkupanek:<\/strong> Kokkupandud, ei vaja paigaldust. S\u00e4\u00e4stab aega ja vaeva.<\/p>\n<p>&nbsp;<\/p>\n","protected":false},"excerpt":{"rendered":"<p>Modig M68 kohvilaud elutuppa. See moodne kohvilaud lisab teie elutuppa stiili ja funktsionaalsust. Laua poolkerakujuline alus on kaetud \u00f6koloogilise nahaga, mis loob vertikaalsed voldid ja on viimistletud kuldse aktsendiga. \u00dcmar valge lauaplaat j\u00e4ljendab marmorit, pakkudes elegantset ja ajatut v\u00e4limust. Modig M68 kohvilaud on ideaalne valik neile, kes hindavad kaasaegset disaini ja kvaliteetset materjali. Kroomitud roostevabast [&hellip;]<\/p>\n","protected":false},"featured_media":8808,"comment_status":"open","ping_status":"closed","template":"","meta":[],"product_brand":[],"product_cat":[118],"product_tag":[],"class_list":{"0":"post-8807","1":"product","2":"type-product","3":"status-publish","4":"has-post-thumbnail","6":"product_cat-diivanilauad","7":"product_shipping_class-livin-hill","8":"pa_kollektsioon-modig","9":"pa_materjal-kroomitud-roostevaba-teras","10":"pa_varv-valge","12":"first","13":"instock","14":"sale","15":"taxable","16":"shipping-taxable","17":"purchasable","18":"product-type-simple"},"_links":{"self":[{"href":"https:\/\/blankpage.ee\/_ruumist-ruumi\/wp-json\/wp\/v2\/product\/8807","targetHints":{"allow":["GET"]}}],"collection":[{"href":"https:\/\/blankpage.ee\/_ruumist-ruumi\/wp-json\/wp\/v2\/product"}],"about":[{"href":"https:\/\/blankpage.ee\/_ruumist-ruumi\/wp-json\/wp\/v2\/types\/product"}],"replies":[{"embeddable":true,"href":"https:\/\/blankpage.ee\/_ruumist-ruumi\/wp-json\/wp\/v2\/comments?post=8807"}],"wp:featuredmedia":[{"embeddable":true,"href":"https:\/\/blankpage.ee\/_ruumist-ruumi\/wp-json\/wp\/v2\/media\/8808"}],"wp:attachment":[{"href":"https:\/\/blankpage.ee\/_ruumist-ruumi\/wp-json\/wp\/v2\/media?parent=8807"}],"wp:term":[{"taxonomy":"product_brand","embeddable":true,"href":"https:\/\/blankpage.ee\/_ruumist-ruumi\/wp-json\/wp\/v2\/product_brand?post=8807"},{"taxonomy":"product_cat","embeddable":true,"href":"https:\/\/blankpage.ee\/_ruumist-ruumi\/wp-json\/wp\/v2\/product_cat?post=8807"},{"taxonomy":"product_tag","embeddable":true,"href":"https:\/\/blankpage.ee\/_ruumist-ruumi\/wp-json\/wp\/v2\/product_tag?post=8807"}],"curies":[{"name":"wp","href":"https:\/\/api.w.org\/{rel}","templated":true}]}}