{"id":8858,"date":"2024-11-01T15:58:08","date_gmt":"2024-11-01T15:58:08","guid":{"rendered":"https:\/\/ruumistruumi.ee\/pood\/mitmevarviline-konsoollaud-modig-m75-45-akruulist\/"},"modified":"2025-04-10T11:58:38","modified_gmt":"2025-04-10T11:58:38","slug":"mitmevarviline-lisalaud-modig-m75-45-akruul","status":"publish","type":"product","link":"https:\/\/blankpage.ee\/_ruumist-ruumi\/pood\/mitmevarviline-lisalaud-modig-m75-45-akruul\/","title":{"rendered":"Mitmev\u00e4rviline lisalaud Modig M75-45, Akr\u00fc\u00fcl"},"content":{"rendered":"<p>Modig M75-45 aktsentlaud elutuppa. See originaalne laud on valmistatud l\u00e4bipaistvast, opalestseeruvast akr\u00fc\u00fclist, mis lisab igale elutoale unikaalset v\u00f5lu. S\u00f5ltuvalt valguse langemisest ilmnevad erinevad v\u00e4rviefektid, mis muudavad selle laua t\u00f5eliseks pilgup\u00fc\u00fcdjaks. Lihtne vorm ja kerge konstruktsioon tagavad, et laud sobitub h\u00f5lpsasti igasse interj\u00f6\u00f6ri.<\/p>\n<p>Omadused:<br \/>\n<strong>Materjal:<\/strong> L\u00e4bipaistev opalestseeruv akr\u00fc\u00fcl.<br \/>\n<strong>V\u00e4rv:<\/strong> Mitmev\u00e4rviline, l\u00e4bipaistev opalestseeruv.<br \/>\n<strong>M\u00f5\u00f5tmed:<\/strong> Laius 45 cm, s\u00fcgavus 45 cm, k\u00f5rgus 47 cm.<br \/>\n<strong>T\u00e4iendavad detailid:<\/strong> Irdisev akr\u00fc\u00fcl, valguse langemise j\u00e4rgi ilmnevad erinevad v\u00e4rviefektid.<br \/>\n<strong>Kokkupanek:<\/strong> Kokkupandud, ei vaja paigaldust. S\u00e4\u00e4stab aega ja vaeva.<\/p>\n<p>&nbsp;<\/p>\n","protected":false},"excerpt":{"rendered":"<p>Modig M75-45 aktsentlaud elutuppa. See originaalne laud on valmistatud l\u00e4bipaistvast, opalestseeruvast akr\u00fc\u00fclist, mis lisab igale elutoale unikaalset v\u00f5lu. S\u00f5ltuvalt valguse langemisest ilmnevad erinevad v\u00e4rviefektid, mis muudavad selle laua t\u00f5eliseks pilgup\u00fc\u00fcdjaks. Lihtne vorm ja kerge konstruktsioon tagavad, et laud sobitub h\u00f5lpsasti igasse interj\u00f6\u00f6ri. Omadused: Materjal: L\u00e4bipaistev opalestseeruv akr\u00fc\u00fcl. V\u00e4rv: Mitmev\u00e4rviline, l\u00e4bipaistev opalestseeruv. M\u00f5\u00f5tmed: Laius 45 cm, [&hellip;]<\/p>\n","protected":false},"featured_media":8859,"comment_status":"open","ping_status":"closed","template":"","meta":[],"product_brand":[],"product_cat":[145],"product_tag":[],"class_list":{"0":"post-8858","1":"product","2":"type-product","3":"status-publish","4":"has-post-thumbnail","6":"product_cat-lisalauad","7":"product_shipping_class-livin-hill","8":"pa_kollektsioon-modig","9":"pa_materjal-akruul","10":"pa_varv-mitmevarviline","12":"first","13":"instock","14":"sale","15":"taxable","16":"shipping-taxable","17":"purchasable","18":"product-type-simple"},"_links":{"self":[{"href":"https:\/\/blankpage.ee\/_ruumist-ruumi\/wp-json\/wp\/v2\/product\/8858","targetHints":{"allow":["GET"]}}],"collection":[{"href":"https:\/\/blankpage.ee\/_ruumist-ruumi\/wp-json\/wp\/v2\/product"}],"about":[{"href":"https:\/\/blankpage.ee\/_ruumist-ruumi\/wp-json\/wp\/v2\/types\/product"}],"replies":[{"embeddable":true,"href":"https:\/\/blankpage.ee\/_ruumist-ruumi\/wp-json\/wp\/v2\/comments?post=8858"}],"wp:featuredmedia":[{"embeddable":true,"href":"https:\/\/blankpage.ee\/_ruumist-ruumi\/wp-json\/wp\/v2\/media\/8859"}],"wp:attachment":[{"href":"https:\/\/blankpage.ee\/_ruumist-ruumi\/wp-json\/wp\/v2\/media?parent=8858"}],"wp:term":[{"taxonomy":"product_brand","embeddable":true,"href":"https:\/\/blankpage.ee\/_ruumist-ruumi\/wp-json\/wp\/v2\/product_brand?post=8858"},{"taxonomy":"product_cat","embeddable":true,"href":"https:\/\/blankpage.ee\/_ruumist-ruumi\/wp-json\/wp\/v2\/product_cat?post=8858"},{"taxonomy":"product_tag","embeddable":true,"href":"https:\/\/blankpage.ee\/_ruumist-ruumi\/wp-json\/wp\/v2\/product_tag?post=8858"}],"curies":[{"name":"wp","href":"https:\/\/api.w.org\/{rel}","templated":true}]}}