{"id":9052,"date":"2024-11-01T16:12:03","date_gmt":"2024-11-01T16:12:03","guid":{"rendered":"https:\/\/ruumistruumi.ee\/pood\/polenud-oranz-lounge-tool-nua-n23-19-puuvillane-sametkangas-vaht\/"},"modified":"2025-06-17T08:58:17","modified_gmt":"2025-06-17T08:58:17","slug":"oranz-nua-n23-19-lounge-tool-puuvillane-sametkangas","status":"publish","type":"product","link":"https:\/\/blankpage.ee\/_ruumist-ruumi\/pood\/oranz-nua-n23-19-lounge-tool-puuvillane-sametkangas\/","title":{"rendered":"Oran\u017e Nua N23-19 lounge tool, puuvillane sametkangas"},"content":{"rendered":"<p>Nua N23-19 tugitool elutuppa. See modernne ja ikooniline tugitool on ideaalne lisa igasse elutuppa, pakkudes mugavust ja stiili. Tugitoolil on lihtne kuju, mida r\u00f5hutavad horisontaalsed \u00f5mblused ja keskne vertikaalne tepitud joon. Silmapaistev p\u00f5lenud oran\u017e v\u00e4rv lisab ruumile soojust ja isikup\u00e4ra.<\/p>\n<p>Nua kollektsiooni kuuluv tugitool on kaetud puuvillasest sametkangast, mis on tuntud oma pehmuse ja vastupidavuse poolest. Sametkangas koos n\u00e4htava koestruktuuriga annab sellele m\u00f6\u00f6bliesemele luksusliku ja ajatu v\u00e4limuse. Sisemine pehme vahtmaterjal tagab istumisel maksimaalse mugavuse, pakkudes toetust ja l\u00f5\u00f5gastust igal hetkel.<\/p>\n<p>Tugitooli m\u00f5\u00f5tmed on t\u00e4pselt sobivad, et pakkuda nii avarust kui ka intiimsust: laius 87 cm, s\u00fcgavus 102 cm ja k\u00f5rgus 70 cm. See on kokkupandud, ei vaja paigaldust, s\u00e4\u00e4stes teie aega ja vaeva.<\/p>\n<p>Omadused:<br \/>\n<strong>Materjal:<\/strong> Puuvillane sametkangas ja vaht.<br \/>\n<strong>V\u00e4rv:<\/strong> P\u00f5lenud oran\u017e.<br \/>\n<strong>M\u00f5\u00f5tmed:<\/strong> Laius 87 cm, s\u00fcgavus 102 cm, k\u00f5rgus 70 cm.<br \/>\n<strong>T\u00e4iendavad detailid:<\/strong> Sametkangas n\u00e4htava koestruktuuriga.<br \/>\n<strong>Kokkupanek:<\/strong> Kokkupandud, ei vaja paigaldust. S\u00e4\u00e4stab aega ja vaeva.<\/p>\n<p>&nbsp;<\/p>\n","protected":false},"excerpt":{"rendered":"<p>Nua N23-19 tugitool elutuppa. See modernne ja ikooniline tugitool on ideaalne lisa igasse elutuppa, pakkudes mugavust ja stiili. Tugitoolil on lihtne kuju, mida r\u00f5hutavad horisontaalsed \u00f5mblused ja keskne vertikaalne tepitud joon. Silmapaistev p\u00f5lenud oran\u017e v\u00e4rv lisab ruumile soojust ja isikup\u00e4ra. Nua kollektsiooni kuuluv tugitool on kaetud puuvillasest sametkangast, mis on tuntud oma pehmuse ja vastupidavuse [&hellip;]<\/p>\n","protected":false},"featured_media":9053,"comment_status":"open","ping_status":"closed","template":"","meta":[],"product_brand":[],"product_cat":[424],"product_tag":[],"class_list":{"0":"post-9052","1":"product","2":"type-product","3":"status-publish","4":"has-post-thumbnail","6":"product_cat-tugitoolid-ja-lounge-toolid","7":"product_shipping_class-livin-hill","8":"pa_kollektsioon-nua","9":"pa_materjal-kootud-samet","10":"pa_varv-pruun","12":"first","13":"instock","14":"sale","15":"taxable","16":"shipping-taxable","17":"purchasable","18":"product-type-simple"},"_links":{"self":[{"href":"https:\/\/blankpage.ee\/_ruumist-ruumi\/wp-json\/wp\/v2\/product\/9052","targetHints":{"allow":["GET"]}}],"collection":[{"href":"https:\/\/blankpage.ee\/_ruumist-ruumi\/wp-json\/wp\/v2\/product"}],"about":[{"href":"https:\/\/blankpage.ee\/_ruumist-ruumi\/wp-json\/wp\/v2\/types\/product"}],"replies":[{"embeddable":true,"href":"https:\/\/blankpage.ee\/_ruumist-ruumi\/wp-json\/wp\/v2\/comments?post=9052"}],"wp:featuredmedia":[{"embeddable":true,"href":"https:\/\/blankpage.ee\/_ruumist-ruumi\/wp-json\/wp\/v2\/media\/9053"}],"wp:attachment":[{"href":"https:\/\/blankpage.ee\/_ruumist-ruumi\/wp-json\/wp\/v2\/media?parent=9052"}],"wp:term":[{"taxonomy":"product_brand","embeddable":true,"href":"https:\/\/blankpage.ee\/_ruumist-ruumi\/wp-json\/wp\/v2\/product_brand?post=9052"},{"taxonomy":"product_cat","embeddable":true,"href":"https:\/\/blankpage.ee\/_ruumist-ruumi\/wp-json\/wp\/v2\/product_cat?post=9052"},{"taxonomy":"product_tag","embeddable":true,"href":"https:\/\/blankpage.ee\/_ruumist-ruumi\/wp-json\/wp\/v2\/product_tag?post=9052"}],"curies":[{"name":"wp","href":"https:\/\/api.w.org\/{rel}","templated":true}]}}