{"id":9173,"date":"2024-11-01T16:20:40","date_gmt":"2024-11-01T16:20:40","guid":{"rendered":"https:\/\/ruumistruumi.ee\/pood\/valge-ecru-diivan-nua-n77-1-boucle-kangast\/"},"modified":"2025-01-18T08:06:59","modified_gmt":"2025-01-18T08:06:59","slug":"valge-diivan-nua-n77-1-buklee-kangast","status":"publish","type":"product","link":"https:\/\/blankpage.ee\/_ruumist-ruumi\/pood\/valge-diivan-nua-n77-1-buklee-kangast\/","title":{"rendered":"Valge diivan Nua N77-1, buklee kangast"},"content":{"rendered":"<p>Nua N77-1 diivan elutuppa. See moodne Art Deco diivan on minimalistliku ovaalse kujuga, millel on C-kujuline alus ja \u00fcmarad servad. Stiilne valge ecru boucle kangas lisab igale interj\u00f6\u00f6rile v\u00e4rskust ja elegantsi.<\/p>\n<p>Diivan on valmistatud kvaliteetsest boucle kangast, millesse on kootud h\u00f5bedased niidid, pakkudes luksuslikku ja pehmet tunnetust. Selle laiad m\u00f5\u00f5tmed &#8211; laius 260 cm, s\u00fcgavus 125 cm ja k\u00f5rgus 75 cm &#8211; tagavad avara istumisala, mis muudab selle ideaalseks nii pere kui ka s\u00f5pradega koosolemiseks. Diivani valge ecru toon on lihtsasti kombineeritav erinevate v\u00e4rvilahendustega, tuues ruumi kaasaegset ja puhast joont.<\/p>\n<p>Omadused:<br \/>\n<strong>Materjal:<\/strong> Boucle kangas h\u00f5bedaste niitidega.<br \/>\n<strong>V\u00e4rv:<\/strong> Valge ecru.<br \/>\n<strong>M\u00f5\u00f5tmed:<\/strong> Laius 260 cm, s\u00fcgavus 125 cm, k\u00f5rgus 75 cm.<br \/>\n<strong>T\u00e4iendavad detailid:<\/strong> K\u00e4sitsi v\u00e4rvitud detailid ja \u00fcmarad servad.<br \/>\n<strong>Kokkupanek:<\/strong> Kokkupandud, ei vaja paigaldust. S\u00e4\u00e4stab aega ja vaeva.<\/p>\n<p>&nbsp;<\/p>\n","protected":false},"excerpt":{"rendered":"<p>Nua N77-1 diivan elutuppa. See moodne Art Deco diivan on minimalistliku ovaalse kujuga, millel on C-kujuline alus ja \u00fcmarad servad. Stiilne valge ecru boucle kangas lisab igale interj\u00f6\u00f6rile v\u00e4rskust ja elegantsi. Diivan on valmistatud kvaliteetsest boucle kangast, millesse on kootud h\u00f5bedased niidid, pakkudes luksuslikku ja pehmet tunnetust. Selle laiad m\u00f5\u00f5tmed &#8211; laius 260 cm, s\u00fcgavus [&hellip;]<\/p>\n","protected":false},"featured_media":9174,"comment_status":"open","ping_status":"closed","template":"","meta":[],"product_brand":[],"product_cat":[422],"product_tag":[],"class_list":{"0":"post-9173","1":"product","2":"type-product","3":"status-publish","4":"has-post-thumbnail","6":"product_cat-diivanid","7":"product_shipping_class-livin-hill","8":"pa_kollektsioon-nua","9":"pa_materjal-boucle-kangas-boucle","10":"pa_varv-valge","12":"first","13":"outofstock","14":"sale","15":"taxable","16":"shipping-taxable","17":"purchasable","18":"product-type-simple"},"_links":{"self":[{"href":"https:\/\/blankpage.ee\/_ruumist-ruumi\/wp-json\/wp\/v2\/product\/9173","targetHints":{"allow":["GET"]}}],"collection":[{"href":"https:\/\/blankpage.ee\/_ruumist-ruumi\/wp-json\/wp\/v2\/product"}],"about":[{"href":"https:\/\/blankpage.ee\/_ruumist-ruumi\/wp-json\/wp\/v2\/types\/product"}],"replies":[{"embeddable":true,"href":"https:\/\/blankpage.ee\/_ruumist-ruumi\/wp-json\/wp\/v2\/comments?post=9173"}],"wp:featuredmedia":[{"embeddable":true,"href":"https:\/\/blankpage.ee\/_ruumist-ruumi\/wp-json\/wp\/v2\/media\/9174"}],"wp:attachment":[{"href":"https:\/\/blankpage.ee\/_ruumist-ruumi\/wp-json\/wp\/v2\/media?parent=9173"}],"wp:term":[{"taxonomy":"product_brand","embeddable":true,"href":"https:\/\/blankpage.ee\/_ruumist-ruumi\/wp-json\/wp\/v2\/product_brand?post=9173"},{"taxonomy":"product_cat","embeddable":true,"href":"https:\/\/blankpage.ee\/_ruumist-ruumi\/wp-json\/wp\/v2\/product_cat?post=9173"},{"taxonomy":"product_tag","embeddable":true,"href":"https:\/\/blankpage.ee\/_ruumist-ruumi\/wp-json\/wp\/v2\/product_tag?post=9173"}],"curies":[{"name":"wp","href":"https:\/\/api.w.org\/{rel}","templated":true}]}}

<p>Nua N77-1 diivan elutuppa. See moodne Art Deco diivan on minimalistliku ovaalse kujuga, millel on C-kujuline alus ja ümarad servad. Stiilne valge ecru boucle kangas lisab igale interjöörile värskust ja elegantsi.</p>
<p>Diivan on valmistatud kvaliteetsest boucle kangast, millesse on kootud hõbedased niidid, pakkudes luksuslikku ja pehmet tunnetust. Selle laiad mõõtmed &#8211; laius 260 cm, sügavus 125 cm ja kõrgus 75 cm &#8211; tagavad avara istumisala, mis muudab selle ideaalseks nii pere kui ka sõpradega koosolemiseks. Diivani valge ecru toon on lihtsasti kombineeritav erinevate värvilahendustega, tuues ruumi kaasaegset ja puhast joont.</p>
<p>Omadused:<br />
<strong>Materjal:</strong> Boucle kangas hõbedaste niitidega.<br />
<strong>Värv:</strong> Valge ecru.<br />
<strong>Mõõtmed:</strong> Laius 260 cm, sügavus 125 cm, kõrgus 75 cm.<br />
<strong>Täiendavad detailid:</strong> Käsitsi värvitud detailid ja ümarad servad.<br />
<strong>Kokkupanek:</strong> Kokkupandud, ei vaja paigaldust. Säästab aega ja vaeva.</p>
<p>&nbsp;</p>

<p>Nua N77-1 diivan elutuppa. See moodne Art Deco diivan on minimalistliku ovaalse kujuga, millel on C-kujuline alus ja ümarad servad. Stiilne valge ecru boucle kangas lisab igale interjöörile värskust ja elegantsi. Diivan on valmistatud kvaliteetsest boucle kangast, millesse on kootud hõbedased niidid, pakkudes luksuslikku ja pehmet tunnetust. Selle laiad mõõtmed &#8211; laius 260 cm, sügavus [&hellip;]</p>
