{"id":9256,"date":"2024-11-01T16:26:22","date_gmt":"2024-11-01T16:26:22","guid":{"rendered":"https:\/\/ruumistruumi.ee\/pood\/helehall-valge-diivan-nua-n88-150-1-chenille-kangast\/"},"modified":"2025-04-10T11:58:46","modified_gmt":"2025-04-10T11:58:46","slug":"helehall-diivan-nua-n88-150-1-chenille-kangast","status":"publish","type":"product","link":"https:\/\/blankpage.ee\/_ruumist-ruumi\/pood\/helehall-diivan-nua-n88-150-1-chenille-kangast\/","title":{"rendered":"Helehall diivan Nua N88-150-1, chenille kangast"},"content":{"rendered":"<p>Nua N88-150-1 diivan elutuppa. See kaasaegne diivan, mille struktuur p\u00f5hineb kaarel, C-kujuline seljatugi ja W-kujuline esiosa, lisab teie elutuppa stiili ja mugavust. Pehme helehall chenille-kangas t\u00e4iendab ideaalselt diivani ebatavalist vormi, luues visuaalselt huvitava ja kutsuva atmosf\u00e4\u00e4ri.<\/p>\n<p>Omadused:<br \/>\n<strong>Materjal:<\/strong> Pehme chenille-kangas.<br \/>\n<strong>V\u00e4rv:<\/strong> Helehall-valge.<br \/>\n<strong>M\u00f5\u00f5tmed:<\/strong> Laius 150 cm, s\u00fcgavus 85 cm, k\u00f5rgus 75 cm.<br \/>\n<strong>T\u00e4iendavad detailid:<\/strong> S\u00f5lmeline chenille-kangas eba\u00fchtlase v\u00e4rvuse ja as\u00fcmmeetrilise struktuuriga.<br \/>\n<strong>Kokkupanek:<\/strong> Kokkupandud, ei vaja paigaldust. S\u00e4\u00e4stab aega ja vaeva.<\/p>\n<p>&nbsp;<\/p>\n","protected":false},"excerpt":{"rendered":"<p>Nua N88-150-1 diivan elutuppa. See kaasaegne diivan, mille struktuur p\u00f5hineb kaarel, C-kujuline seljatugi ja W-kujuline esiosa, lisab teie elutuppa stiili ja mugavust. Pehme helehall chenille-kangas t\u00e4iendab ideaalselt diivani ebatavalist vormi, luues visuaalselt huvitava ja kutsuva atmosf\u00e4\u00e4ri. Omadused: Materjal: Pehme chenille-kangas. V\u00e4rv: Helehall-valge. M\u00f5\u00f5tmed: Laius 150 cm, s\u00fcgavus 85 cm, k\u00f5rgus 75 cm. T\u00e4iendavad detailid: S\u00f5lmeline [&hellip;]<\/p>\n","protected":false},"featured_media":9257,"comment_status":"open","ping_status":"closed","template":"","meta":[],"product_brand":[],"product_cat":[422],"product_tag":[],"class_list":{"0":"post-9256","1":"product","2":"type-product","3":"status-publish","4":"has-post-thumbnail","6":"product_cat-diivanid","7":"product_shipping_class-livin-hill","8":"pa_kollektsioon-nua","9":"pa_materjal-kudumine","10":"pa_varv-helehall","12":"first","13":"instock","14":"sale","15":"taxable","16":"shipping-taxable","17":"purchasable","18":"product-type-simple"},"_links":{"self":[{"href":"https:\/\/blankpage.ee\/_ruumist-ruumi\/wp-json\/wp\/v2\/product\/9256","targetHints":{"allow":["GET"]}}],"collection":[{"href":"https:\/\/blankpage.ee\/_ruumist-ruumi\/wp-json\/wp\/v2\/product"}],"about":[{"href":"https:\/\/blankpage.ee\/_ruumist-ruumi\/wp-json\/wp\/v2\/types\/product"}],"replies":[{"embeddable":true,"href":"https:\/\/blankpage.ee\/_ruumist-ruumi\/wp-json\/wp\/v2\/comments?post=9256"}],"wp:featuredmedia":[{"embeddable":true,"href":"https:\/\/blankpage.ee\/_ruumist-ruumi\/wp-json\/wp\/v2\/media\/9257"}],"wp:attachment":[{"href":"https:\/\/blankpage.ee\/_ruumist-ruumi\/wp-json\/wp\/v2\/media?parent=9256"}],"wp:term":[{"taxonomy":"product_brand","embeddable":true,"href":"https:\/\/blankpage.ee\/_ruumist-ruumi\/wp-json\/wp\/v2\/product_brand?post=9256"},{"taxonomy":"product_cat","embeddable":true,"href":"https:\/\/blankpage.ee\/_ruumist-ruumi\/wp-json\/wp\/v2\/product_cat?post=9256"},{"taxonomy":"product_tag","embeddable":true,"href":"https:\/\/blankpage.ee\/_ruumist-ruumi\/wp-json\/wp\/v2\/product_tag?post=9256"}],"curies":[{"name":"wp","href":"https:\/\/api.w.org\/{rel}","templated":true}]}}