{"id":93024,"date":"2025-01-20T06:40:38","date_gmt":"2025-01-20T06:40:38","guid":{"rendered":"https:\/\/ruumistruumi.ee\/pood\/voile-kardinad-koos-rongastihendiga-2-tk-kollane-6\/"},"modified":"2025-08-21T02:17:22","modified_gmt":"2025-08-21T02:17:22","slug":"voile-kardinad-koos-rongastihendiga-2-tk-kollane-6","status":"publish","type":"product","link":"https:\/\/blankpage.ee\/_ruumist-ruumi\/pood\/voile-kardinad-koos-rongastihendiga-2-tk-kollane-6\/","title":{"rendered":"Voile kardinad koos r\u00f5ngastihendiga 2 tk Kollane"},"content":{"rendered":"<p>Naudi nende voolekardinatega h\u00e4sti valgustatud ruumi ilma karmi pimestamiseta. Vastupidav materjal: Kardin on valmistatud 100% pol\u00fcestrist, muutes selle vastupidavaks ja kauakestvaks.Pooll\u00e4bipaistev disain: v\u00f5rkkardin laseb v\u00e4rskel \u00f5hul sisse voolata ja teatud m\u00e4\u00e4ral varjab p\u00e4ikesevalgust, pakkudes hubast tunnet, kaitstes samal ajal teie ruumi uudishimulike pilkude eest.Kergesti riputatav aasaga \u00fclaosa: kardinapaneelil on 8 peal olevat tihendit, mis teeb paigaldamise lihtsaks ja v\u00f5imaldab kardinapuudel sujuvat liikumist.Mitmek\u00fclgne kasutus: l\u00e4bipaistev kardin sobib suurep\u00e4raselt raskemate kardinatega kihistamiseks v\u00f5i soolo kasutamiseks v\u00e4rske ja minimalistliku v\u00e4limuse saamiseks.Pestav: Kardinat on pestav madalal temperatuuril, mist\u00f5ttu on seda lihtne hooldada. Hea teada:Kardinapuu ei kuulu tarnekomplekti.<\/p>\n<ul>\n<li>V\u00e4rvus: kollane<\/li>\n<li>Materjal: kangas (100% pol\u00fcester)<\/li>\n<li>Suurus: 140 x 260 cm (L x K)<\/li>\n<li>Tihendi v\u00e4lisl\u00e4bim\u00f5\u00f5t: 6 cm<\/li>\n<li>Tihendi sisel\u00e4bim\u00f5\u00f5t: 4 cm<\/li>\n<li>Kummalgi kardinal on 8 aasa<\/li>\n<li><strong>Komplekti kuulub:<\/strong><\/li>\n<li>2 x Voile kardin<\/li>\n<\/ul>\n","protected":false},"excerpt":{"rendered":"<p>Naudi nende voolekardinatega h\u00e4sti valgustatud ruumi ilma karmi pimestamiseta. Vastupidav materjal: Kardin on valmistatud 100% pol\u00fcestrist, muutes selle vastupidavaks ja kauakestvaks.Pooll\u00e4bipaistev disain: v\u00f5rkkardin laseb v\u00e4rskel \u00f5hul sisse voolata ja teatud m\u00e4\u00e4ral varjab p\u00e4ikesevalgust, pakkudes hubast tunnet, kaitstes samal ajal teie ruumi uudishimulike pilkude eest.Kergesti riputatav aasaga \u00fclaosa: kardinapaneelil on 8 peal olevat tihendit, mis teeb [&hellip;]<\/p>\n","protected":false},"featured_media":241582,"comment_status":"open","ping_status":"open","template":"","meta":[],"product_brand":[],"product_cat":[842],"product_tag":[],"class_list":{"0":"post-93024","1":"product","2":"type-product","3":"status-publish","4":"has-post-thumbnail","6":"product_cat-kardinad","7":"product_shipping_class-vidaxl","8":"pa_varv-kollane","10":"first","11":"outofstock","12":"sale","13":"taxable","14":"shipping-taxable","15":"purchasable","16":"product-type-simple"},"_links":{"self":[{"href":"https:\/\/blankpage.ee\/_ruumist-ruumi\/wp-json\/wp\/v2\/product\/93024","targetHints":{"allow":["GET"]}}],"collection":[{"href":"https:\/\/blankpage.ee\/_ruumist-ruumi\/wp-json\/wp\/v2\/product"}],"about":[{"href":"https:\/\/blankpage.ee\/_ruumist-ruumi\/wp-json\/wp\/v2\/types\/product"}],"replies":[{"embeddable":true,"href":"https:\/\/blankpage.ee\/_ruumist-ruumi\/wp-json\/wp\/v2\/comments?post=93024"}],"wp:featuredmedia":[{"embeddable":true,"href":"https:\/\/blankpage.ee\/_ruumist-ruumi\/wp-json\/wp\/v2\/media\/241582"}],"wp:attachment":[{"href":"https:\/\/blankpage.ee\/_ruumist-ruumi\/wp-json\/wp\/v2\/media?parent=93024"}],"wp:term":[{"taxonomy":"product_brand","embeddable":true,"href":"https:\/\/blankpage.ee\/_ruumist-ruumi\/wp-json\/wp\/v2\/product_brand?post=93024"},{"taxonomy":"product_cat","embeddable":true,"href":"https:\/\/blankpage.ee\/_ruumist-ruumi\/wp-json\/wp\/v2\/product_cat?post=93024"},{"taxonomy":"product_tag","embeddable":true,"href":"https:\/\/blankpage.ee\/_ruumist-ruumi\/wp-json\/wp\/v2\/product_tag?post=93024"}],"curies":[{"name":"wp","href":"https:\/\/api.w.org\/{rel}","templated":true}]}}