{"id":9355,"date":"2024-11-01T16:33:24","date_gmt":"2024-11-01T16:33:24","guid":{"rendered":"https:\/\/ruumistruumi.ee\/pood\/valge-kummut-avola-av2251-69-akatsiapuust-ja-mdf-st\/"},"modified":"2025-04-10T11:58:48","modified_gmt":"2025-04-10T11:58:48","slug":"valge-kummut-avola-av2251-69-akatsiapuust-ja-mdf-st","status":"publish","type":"product","link":"https:\/\/blankpage.ee\/_ruumist-ruumi\/pood\/valge-kummut-avola-av2251-69-akatsiapuust-ja-mdf-st\/","title":{"rendered":"Valge kummut Avola AV2251-69, akaatsiapuidust"},"content":{"rendered":"<p>Avola AV2251-69 kapp elutuppa. See elegantne valge kapp peegeldab stiili ja praktilisust, olles ideaalne t\u00e4iendus igasse elutuppa. Kapi uksed on kaunistatud dekoratiivsete v\u00f5redega, mis lisavad visuaalset huvi ja s\u00fcgavust. Valmistatud akaatsiapuidust ja MDF-st, tagab see m\u00f6\u00f6bel vastupidavuse ja pikaealisuse, samas kui sile viimistlus annab sellele peene ja kaasaegse ilme.<\/p>\n<p>Kapp on varustatud nelja ukse ja kahe reguleeritava riiuliga, pakkudes rohkelt hoiuruumi k\u00f5igele, mida soovite silma alt \u00e4ra hoida. Peegeluksed mitte ainult ei lisa ruumi avarust, vaid ka peegeldavad valgust, muutes teie elutoa heledamaks ja avaramaks. Metallist k\u00e4epidemed annavad kapile elegantse ja ajatu viimistluse.<\/p>\n<p>Omadused:<br \/>\n<strong>Materjal:<\/strong> Akaatsiapuit ja MDF.<br \/>\n<strong>V\u00e4rv:<\/strong> Valge, pealmine\/trimmiv\u00e4rv.<br \/>\n<strong>M\u00f5\u00f5tmed:<\/strong> Laius 175,5 cm, s\u00fcgavus 48,5 cm, k\u00f5rgus 81,5 cm.<br \/>\n<strong>T\u00e4iendavad detailid:<\/strong> Reguleeritav sisemine riiul; peegeluksed; dekoratiivsed v\u00f5red.<br \/>\n<strong>Kokkupanek:<\/strong> T\u00e4ielikult kokkupandud, ei vaja paigaldust. S\u00e4\u00e4stab aega ja vaeva.<\/p>\n<p>&nbsp;<\/p>\n","protected":false},"excerpt":{"rendered":"<p>Avola AV2251-69 kapp elutuppa. See elegantne valge kapp peegeldab stiili ja praktilisust, olles ideaalne t\u00e4iendus igasse elutuppa. Kapi uksed on kaunistatud dekoratiivsete v\u00f5redega, mis lisavad visuaalset huvi ja s\u00fcgavust. Valmistatud akaatsiapuidust ja MDF-st, tagab see m\u00f6\u00f6bel vastupidavuse ja pikaealisuse, samas kui sile viimistlus annab sellele peene ja kaasaegse ilme. Kapp on varustatud nelja ukse ja [&hellip;]<\/p>\n","protected":false},"featured_media":9356,"comment_status":"open","ping_status":"closed","template":"","meta":[],"product_brand":[],"product_cat":[81],"product_tag":[],"class_list":{"0":"post-9355","1":"product","2":"type-product","3":"status-publish","4":"has-post-thumbnail","6":"product_cat-kapid-riiulid-ja-kummutid","7":"product_shipping_class-livin-hill","8":"pa_kaepidemed-metall","9":"pa_kollektsioon-avola","10":"pa_materjal-akaatsiapuit","11":"pa_riiulite-arv-76","12":"pa_uste-arv-75","13":"pa_varv-valge","15":"first","16":"outofstock","17":"sale","18":"taxable","19":"shipping-taxable","20":"purchasable","21":"product-type-simple"},"_links":{"self":[{"href":"https:\/\/blankpage.ee\/_ruumist-ruumi\/wp-json\/wp\/v2\/product\/9355","targetHints":{"allow":["GET"]}}],"collection":[{"href":"https:\/\/blankpage.ee\/_ruumist-ruumi\/wp-json\/wp\/v2\/product"}],"about":[{"href":"https:\/\/blankpage.ee\/_ruumist-ruumi\/wp-json\/wp\/v2\/types\/product"}],"replies":[{"embeddable":true,"href":"https:\/\/blankpage.ee\/_ruumist-ruumi\/wp-json\/wp\/v2\/comments?post=9355"}],"wp:featuredmedia":[{"embeddable":true,"href":"https:\/\/blankpage.ee\/_ruumist-ruumi\/wp-json\/wp\/v2\/media\/9356"}],"wp:attachment":[{"href":"https:\/\/blankpage.ee\/_ruumist-ruumi\/wp-json\/wp\/v2\/media?parent=9355"}],"wp:term":[{"taxonomy":"product_brand","embeddable":true,"href":"https:\/\/blankpage.ee\/_ruumist-ruumi\/wp-json\/wp\/v2\/product_brand?post=9355"},{"taxonomy":"product_cat","embeddable":true,"href":"https:\/\/blankpage.ee\/_ruumist-ruumi\/wp-json\/wp\/v2\/product_cat?post=9355"},{"taxonomy":"product_tag","embeddable":true,"href":"https:\/\/blankpage.ee\/_ruumist-ruumi\/wp-json\/wp\/v2\/product_tag?post=9355"}],"curies":[{"name":"wp","href":"https:\/\/api.w.org\/{rel}","templated":true}]}}