{"id":93738,"date":"2025-01-21T13:03:25","date_gmt":"2025-01-21T13:03:25","guid":{"rendered":"https:\/\/ruumistruumi.ee\/pood\/musta-kirjutuslaud-avola-av275-4820-akaatsiapuidust\/"},"modified":"2025-04-10T11:58:17","modified_gmt":"2025-04-10T11:58:17","slug":"musta-kirjutuslaud-avola-av275-4820-akaatsiapuidust","status":"publish","type":"product","link":"https:\/\/blankpage.ee\/_ruumist-ruumi\/pood\/musta-kirjutuslaud-avola-av275-4820-akaatsiapuidust\/","title":{"rendered":"Musta kirjutuslaud Avola AV275-4820, akaatsiapuidust"},"content":{"rendered":"<p>Avola AV275-4820 kirjutuslaud kodukontorisse. See klassikalise stiiliga must kirjutuslaud on ideaalne lisandus igasse kodukontorisse, pakkudes nii funktsionaalsust kui ka elegantsust. Kirjutuslaual on praktilised sahtlid ja sisseehitatud pistikupesa koos USB portidega, mis muudavad t\u00f6\u00f6ruumi korrastatuks ja mugavaks.<\/p>\n<p>Kirjutuslaud on valmistatud kvaliteetsest akaatsiapuidust ja MDF-ist, mis tagab vastupidavuse ja pikaealisuse. Metallist k\u00e4epidemed lisavad stiili ja vastupidavust. Laua m\u00f5\u00f5tmed on 122 cm lai, 51 cm s\u00fcgav ja 79 cm k\u00f5rge, pakkudes piisavalt t\u00f6\u00f6ruumi. Jalgade vaheline ruum on 103,5 cm, sahtli m\u00f5\u00f5tmed on 42 x 28,5 x 4,5 cm ning p\u00f5randast laua alumise osani on 61 cm.<\/p>\n<p>Lisaks on kirjutuslaual v\u00f5imsus\u00fcksus, mis sisaldab kahte pistikupesa ja kahte USB porti, v\u00f5imaldades h\u00f5lpsat seadmete laadimist. Laua pealispinnal on iseloomulikud punased kulumisj\u00e4ljed, mis lisavad unikaalsust ja isikup\u00e4ra.<\/p>\n<p>Omadused:<br \/>\n<strong>Materjal:<\/strong> Akaatsiapuit ja MDF.<br \/>\n<strong>V\u00e4rv:<\/strong> Must.<br \/>\n<strong>M\u00f5\u00f5tmed:<\/strong> Laius 122 cm, s\u00fcgavus 51 cm, k\u00f5rgus 79 cm.<br \/>\n<strong>T\u00e4iendavad detailid:<\/strong> V\u00f5imsus\u00fcksus kahe pistikupesa ja kahe USB portiga.<br \/>\n<strong>Kokkupanek:<\/strong> Osaliselt kokku pandud, ei vaja paigaldust. S\u00e4\u00e4stab aega ja vaeva.<\/p>\n<p>&nbsp;<\/p>\n","protected":false},"excerpt":{"rendered":"<p>Avola AV275-4820 kirjutuslaud kodukontorisse. See klassikalise stiiliga must kirjutuslaud on ideaalne lisandus igasse kodukontorisse, pakkudes nii funktsionaalsust kui ka elegantsust. Kirjutuslaual on praktilised sahtlid ja sisseehitatud pistikupesa koos USB portidega, mis muudavad t\u00f6\u00f6ruumi korrastatuks ja mugavaks. Kirjutuslaud on valmistatud kvaliteetsest akaatsiapuidust ja MDF-ist, mis tagab vastupidavuse ja pikaealisuse. Metallist k\u00e4epidemed lisavad stiili ja vastupidavust. Laua [&hellip;]<\/p>\n","protected":false},"featured_media":93739,"comment_status":"open","ping_status":"open","template":"","meta":[],"product_brand":[],"product_cat":[116],"product_tag":[],"class_list":{"0":"post-93738","1":"product","2":"type-product","3":"status-publish","4":"has-post-thumbnail","6":"product_cat-kontorilauad","7":"product_shipping_class-livin-hill","8":"pa_kaepidemed-metall","9":"pa_kollektsioon-avola","10":"pa_materjal-akaatsiapuit","11":"pa_sahtlite-arv-74","12":"pa_varv-must","14":"first","15":"outofstock","16":"taxable","17":"shipping-taxable","18":"purchasable","19":"product-type-simple"},"_links":{"self":[{"href":"https:\/\/blankpage.ee\/_ruumist-ruumi\/wp-json\/wp\/v2\/product\/93738","targetHints":{"allow":["GET"]}}],"collection":[{"href":"https:\/\/blankpage.ee\/_ruumist-ruumi\/wp-json\/wp\/v2\/product"}],"about":[{"href":"https:\/\/blankpage.ee\/_ruumist-ruumi\/wp-json\/wp\/v2\/types\/product"}],"replies":[{"embeddable":true,"href":"https:\/\/blankpage.ee\/_ruumist-ruumi\/wp-json\/wp\/v2\/comments?post=93738"}],"wp:featuredmedia":[{"embeddable":true,"href":"https:\/\/blankpage.ee\/_ruumist-ruumi\/wp-json\/wp\/v2\/media\/93739"}],"wp:attachment":[{"href":"https:\/\/blankpage.ee\/_ruumist-ruumi\/wp-json\/wp\/v2\/media?parent=93738"}],"wp:term":[{"taxonomy":"product_brand","embeddable":true,"href":"https:\/\/blankpage.ee\/_ruumist-ruumi\/wp-json\/wp\/v2\/product_brand?post=93738"},{"taxonomy":"product_cat","embeddable":true,"href":"https:\/\/blankpage.ee\/_ruumist-ruumi\/wp-json\/wp\/v2\/product_cat?post=93738"},{"taxonomy":"product_tag","embeddable":true,"href":"https:\/\/blankpage.ee\/_ruumist-ruumi\/wp-json\/wp\/v2\/product_tag?post=93738"}],"curies":[{"name":"wp","href":"https:\/\/api.w.org\/{rel}","templated":true}]}}