{"id":9376,"date":"2024-11-01T16:34:42","date_gmt":"2024-11-01T16:34:42","guid":{"rendered":"https:\/\/ruumistruumi.ee\/pood\/szarobezowy-pooratav-tugitool-leith-let74g-100-poluestertekstiil\/"},"modified":"2025-04-10T11:58:48","modified_gmt":"2025-04-10T11:58:48","slug":"beezikashall-poorlev-tugitool-leith-let74g-100-poluestrist","status":"publish","type":"product","link":"https:\/\/blankpage.ee\/_ruumist-ruumi\/pood\/beezikashall-poorlev-tugitool-leith-let74g-100-poluestrist\/","title":{"rendered":"Bee\u017eikashall p\u00f6\u00f6rlev tugitool Leith LET74G, 100% pol\u00fcestrist"},"content":{"rendered":"<p>Leith LET74G polsterdatud p\u00f6\u00f6rlev tugitool elutuppa. See elegantne tugitool on kaetud kvaliteetse pol\u00fcesterkangaga, mis on saadaval stiilses bee\u017ei ja halli toonis. M\u00f6\u00f6bli lihtne vorm ja moekad \u00fcmarad jooned lisavad igale elutoale iseloomu ja hubasust.<\/p>\n<p>Leith kollektsiooni tugitool pakub t\u00e4iuslikku kombinatsiooni mugavusest ja stiilist. Selle t\u00e4isp\u00f6\u00f6rlev mehhanism v\u00f5imaldab 360\u00b0 p\u00f6\u00f6rlemist, muutes istumise ja liikumise sujuvaks ning mugavaks. Tugitooli sisemuses on lainelised vedrud ja k\u00f5rge tihedusega vaht, mis tagavad pikaajalise vastupidavuse ja istumismugavuse. Lopsakas \u0161enillpolster lisab pehmust ja luksuslikkust, samas kui Paulownia puidust valmistatud alus tagab stabiilsuse ja vastupidavuse.<\/p>\n<p>Omadused:<br \/>\n<strong>Materjal:<\/strong> 100% pol\u00fcesterpolster; alus: Paulownia vineer.<br \/>\n<strong>V\u00e4rv:<\/strong> Szarobe\u017cowy.<br \/>\n<strong>M\u00f5\u00f5tmed:<\/strong> Laius 67,5 cm, s\u00fcgavus 77,5 cm, k\u00f5rgus 76 cm.<br \/>\n<strong>T\u00e4iendavad detailid:<\/strong> T\u00e4isp\u00f6\u00f6rlev mehhanism; puhastuskood SW = lahusti v\u00f5i vesi; lainelised vedrud ja rihmad; k\u00f5rge tihedusega vaht; lopsakas \u0161enillpolster.<br \/>\n<strong>Kokkupanek:<\/strong> Kokkupandud, ei vaja paigaldust. S\u00e4\u00e4stab aega ja vaeva.<\/p>\n<p>&nbsp;<\/p>\n","protected":false},"excerpt":{"rendered":"<p>Leith LET74G polsterdatud p\u00f6\u00f6rlev tugitool elutuppa. See elegantne tugitool on kaetud kvaliteetse pol\u00fcesterkangaga, mis on saadaval stiilses bee\u017ei ja halli toonis. M\u00f6\u00f6bli lihtne vorm ja moekad \u00fcmarad jooned lisavad igale elutoale iseloomu ja hubasust. Leith kollektsiooni tugitool pakub t\u00e4iuslikku kombinatsiooni mugavusest ja stiilist. Selle t\u00e4isp\u00f6\u00f6rlev mehhanism v\u00f5imaldab 360\u00b0 p\u00f6\u00f6rlemist, muutes istumise ja liikumise sujuvaks ning [&hellip;]<\/p>\n","protected":false},"featured_media":9377,"comment_status":"open","ping_status":"closed","template":"","meta":[],"product_brand":[],"product_cat":[424],"product_tag":[],"class_list":{"0":"post-9376","1":"product","2":"type-product","3":"status-publish","4":"has-post-thumbnail","6":"product_cat-tugitoolid-ja-lounge-toolid","7":"product_shipping_class-livin-hill","8":"pa_kollektsioon-leith","9":"pa_materjal-poluester","10":"pa_varv-hall","12":"first","13":"instock","14":"sale","15":"taxable","16":"shipping-taxable","17":"purchasable","18":"product-type-simple"},"_links":{"self":[{"href":"https:\/\/blankpage.ee\/_ruumist-ruumi\/wp-json\/wp\/v2\/product\/9376","targetHints":{"allow":["GET"]}}],"collection":[{"href":"https:\/\/blankpage.ee\/_ruumist-ruumi\/wp-json\/wp\/v2\/product"}],"about":[{"href":"https:\/\/blankpage.ee\/_ruumist-ruumi\/wp-json\/wp\/v2\/types\/product"}],"replies":[{"embeddable":true,"href":"https:\/\/blankpage.ee\/_ruumist-ruumi\/wp-json\/wp\/v2\/comments?post=9376"}],"wp:featuredmedia":[{"embeddable":true,"href":"https:\/\/blankpage.ee\/_ruumist-ruumi\/wp-json\/wp\/v2\/media\/9377"}],"wp:attachment":[{"href":"https:\/\/blankpage.ee\/_ruumist-ruumi\/wp-json\/wp\/v2\/media?parent=9376"}],"wp:term":[{"taxonomy":"product_brand","embeddable":true,"href":"https:\/\/blankpage.ee\/_ruumist-ruumi\/wp-json\/wp\/v2\/product_brand?post=9376"},{"taxonomy":"product_cat","embeddable":true,"href":"https:\/\/blankpage.ee\/_ruumist-ruumi\/wp-json\/wp\/v2\/product_cat?post=9376"},{"taxonomy":"product_tag","embeddable":true,"href":"https:\/\/blankpage.ee\/_ruumist-ruumi\/wp-json\/wp\/v2\/product_tag?post=9376"}],"curies":[{"name":"wp","href":"https:\/\/api.w.org\/{rel}","templated":true}]}}