{"id":93842,"date":"2025-01-22T06:45:21","date_gmt":"2025-01-22T06:45:21","guid":{"rendered":"https:\/\/ruumistruumi.ee\/pood\/tundrahall-voodiraam-capella-capq01-akaatsiapuidust\/"},"modified":"2025-01-22T06:49:11","modified_gmt":"2025-01-22T06:49:11","slug":"tundrahall-voodiraam-capella-capq01-akaatsiapuidust","status":"publish","type":"product","link":"https:\/\/blankpage.ee\/_ruumist-ruumi\/pood\/tundrahall-voodiraam-capella-capq01-akaatsiapuidust\/","title":{"rendered":"Tundrahall voodiraam Capella CAPQ01, akaatsiapuidust"},"content":{"rendered":"<p>Capella CAPQ01 voodiraam ja kaks \u00f6\u00f6kappi magamistuppa. Capella kollektsiooni kuuluv komplekt toob teie magamistuppa harmoonilise ja stiilse ilme. Voodiraam on valmistatud vastupidavast akaatsiapuidust ja MDF-ist, millele lisab pehmust ja elegantsi puudriroosa kangas. Tumeda grafiidi toonis jalad loovad kauni kontrasti, lisades kogu komplektile kaasaegse h\u00f5ngu.<\/p>\n<p>Komplektis olevad \u00f6\u00f6kapid t\u00e4iendavad voodiraami oma praktilisuse ja esteetilise v\u00e4limusega. Need pakuvad mugavat hoiuruumi, et hoida k\u00f5ik vajalik k\u00e4ep\u00e4rast. Capella komplekt on osaliselt kokku pandud, mis s\u00e4\u00e4stab teie aega ja vaeva paigaldamisel.<\/p>\n<p>Omadused:<br \/>\n<strong>Materjal:<\/strong> Akaatsiapuit, MDF, kangas.<br \/>\n<strong>V\u00e4rv:<\/strong> Tundrahall, tumedad grafiidist jalad, puudriroosa kangas.<br \/>\n<strong>M\u00f5\u00f5tmed:<\/strong> Laius 207 cm, s\u00fcgavus 145 cm, k\u00f5rgus 110 cm.<br \/>\n<strong>T\u00e4iendavad detailid:<\/strong> Komplekti kuuluvad voodiraam ja kaks \u00f6\u00f6kappi.<br \/>\n<strong>Kokkupanek:<\/strong> Osaliselt kokku pandud, ei vaja paigaldust. S\u00e4\u00e4stab aega ja vaeva.<\/p>\n<p>&nbsp;<\/p>\n","protected":false},"excerpt":{"rendered":"<p>Capella CAPQ01 voodiraam ja kaks \u00f6\u00f6kappi magamistuppa. Capella kollektsiooni kuuluv komplekt toob teie magamistuppa harmoonilise ja stiilse ilme. Voodiraam on valmistatud vastupidavast akaatsiapuidust ja MDF-ist, millele lisab pehmust ja elegantsi puudriroosa kangas. Tumeda grafiidi toonis jalad loovad kauni kontrasti, lisades kogu komplektile kaasaegse h\u00f5ngu. Komplektis olevad \u00f6\u00f6kapid t\u00e4iendavad voodiraami oma praktilisuse ja esteetilise v\u00e4limusega. Need [&hellip;]<\/p>\n","protected":false},"featured_media":93843,"comment_status":"open","ping_status":"open","template":"","meta":[],"product_brand":[],"product_cat":[156],"product_tag":[],"class_list":{"0":"post-93842","1":"product","2":"type-product","3":"status-publish","4":"has-post-thumbnail","6":"product_cat-voodid","7":"product_shipping_class-livin-hill","8":"pa_kollektsioon-capella","9":"pa_materjal-akaatsiapuit","10":"pa_varv-tundra","12":"first","13":"outofstock","14":"taxable","15":"shipping-taxable","16":"purchasable","17":"product-type-simple"},"_links":{"self":[{"href":"https:\/\/blankpage.ee\/_ruumist-ruumi\/wp-json\/wp\/v2\/product\/93842","targetHints":{"allow":["GET"]}}],"collection":[{"href":"https:\/\/blankpage.ee\/_ruumist-ruumi\/wp-json\/wp\/v2\/product"}],"about":[{"href":"https:\/\/blankpage.ee\/_ruumist-ruumi\/wp-json\/wp\/v2\/types\/product"}],"replies":[{"embeddable":true,"href":"https:\/\/blankpage.ee\/_ruumist-ruumi\/wp-json\/wp\/v2\/comments?post=93842"}],"wp:featuredmedia":[{"embeddable":true,"href":"https:\/\/blankpage.ee\/_ruumist-ruumi\/wp-json\/wp\/v2\/media\/93843"}],"wp:attachment":[{"href":"https:\/\/blankpage.ee\/_ruumist-ruumi\/wp-json\/wp\/v2\/media?parent=93842"}],"wp:term":[{"taxonomy":"product_brand","embeddable":true,"href":"https:\/\/blankpage.ee\/_ruumist-ruumi\/wp-json\/wp\/v2\/product_brand?post=93842"},{"taxonomy":"product_cat","embeddable":true,"href":"https:\/\/blankpage.ee\/_ruumist-ruumi\/wp-json\/wp\/v2\/product_cat?post=93842"},{"taxonomy":"product_tag","embeddable":true,"href":"https:\/\/blankpage.ee\/_ruumist-ruumi\/wp-json\/wp\/v2\/product_tag?post=93842"}],"curies":[{"name":"wp","href":"https:\/\/api.w.org\/{rel}","templated":true}]}}