{"id":94042,"date":"2025-01-22T10:31:29","date_gmt":"2025-01-22T10:31:29","guid":{"rendered":"https:\/\/ruumistruumi.ee\/pood\/kuldsete-jalgadega-kohvilaud-modig-m60-metallist\/"},"modified":"2025-08-22T10:03:34","modified_gmt":"2025-08-22T10:03:34","slug":"kuldsete-jalgadega-kohvilaud-modig-m60-metallist","status":"publish","type":"product","link":"https:\/\/blankpage.ee\/_ruumist-ruumi\/pood\/kuldsete-jalgadega-kohvilaud-modig-m60-metallist\/","title":{"rendered":"Kuldsete jalgadega kohvilaud Modig M60, metallist"},"content":{"rendered":"<p>Modig M60 kohvilaudade komplekt elutuppa. See originaalne kohvilaudade komplekt, millel on kuldne alus ja geomeetriline ruumiline kuju, toob teie elutuppa kaasaegse elegantsi. \u00dcmar valge lauaplaat, mis j\u00e4ljendab marmorit, loob harmoonilise koosluse valge marmori ja kulla vahel.<\/p>\n<p>Omadused:<br \/>\n<strong>Materjal:<\/strong> Roostevabast terasest alus ja sintersitud kivist lauaplaat.<br \/>\n<strong>V\u00e4rv:<\/strong> Kuldsed jalad ja valge lauaplaat.<br \/>\n<strong>M\u00f5\u00f5tmed:<\/strong> Suurem laud &#8211; laius 80 cm, s\u00fcgavus 80 cm, k\u00f5rgus 43 cm; v\u00e4iksem laud &#8211; laius 45 cm, s\u00fcgavus 45 cm, k\u00f5rgus 50 cm.<br \/>\n<strong>T\u00e4iendavad detailid:<\/strong> Geomeetriline ruumiline jalg lisab unikaalsust ja stiili.<br \/>\n<strong>Kokkupanek:<\/strong> Osaliselt kokku pandud, ei vaja paigaldust. S\u00e4\u00e4stab aega ja vaeva.<\/p>\n<p>&nbsp;<\/p>\n","protected":false},"excerpt":{"rendered":"<p>Modig M60 kohvilaudade komplekt elutuppa. See originaalne kohvilaudade komplekt, millel on kuldne alus ja geomeetriline ruumiline kuju, toob teie elutuppa kaasaegse elegantsi. \u00dcmar valge lauaplaat, mis j\u00e4ljendab marmorit, loob harmoonilise koosluse valge marmori ja kulla vahel. Omadused: Materjal: Roostevabast terasest alus ja sintersitud kivist lauaplaat. V\u00e4rv: Kuldsed jalad ja valge lauaplaat. M\u00f5\u00f5tmed: Suurem laud &#8211; [&hellip;]<\/p>\n","protected":false},"featured_media":94043,"comment_status":"open","ping_status":"closed","template":"","meta":[],"product_brand":[],"product_cat":[118],"product_tag":[],"class_list":{"0":"post-94042","1":"product","2":"type-product","3":"status-publish","4":"has-post-thumbnail","6":"product_cat-diivanilauad","7":"product_shipping_class-livin-hill","8":"pa_kollektsioon-modig","9":"pa_materjal-roostevaba-teras","10":"pa_varv-kuldne","12":"first","13":"instock","14":"taxable","15":"shipping-taxable","16":"purchasable","17":"product-type-simple"},"_links":{"self":[{"href":"https:\/\/blankpage.ee\/_ruumist-ruumi\/wp-json\/wp\/v2\/product\/94042","targetHints":{"allow":["GET"]}}],"collection":[{"href":"https:\/\/blankpage.ee\/_ruumist-ruumi\/wp-json\/wp\/v2\/product"}],"about":[{"href":"https:\/\/blankpage.ee\/_ruumist-ruumi\/wp-json\/wp\/v2\/types\/product"}],"replies":[{"embeddable":true,"href":"https:\/\/blankpage.ee\/_ruumist-ruumi\/wp-json\/wp\/v2\/comments?post=94042"}],"wp:featuredmedia":[{"embeddable":true,"href":"https:\/\/blankpage.ee\/_ruumist-ruumi\/wp-json\/wp\/v2\/media\/94043"}],"wp:attachment":[{"href":"https:\/\/blankpage.ee\/_ruumist-ruumi\/wp-json\/wp\/v2\/media?parent=94042"}],"wp:term":[{"taxonomy":"product_brand","embeddable":true,"href":"https:\/\/blankpage.ee\/_ruumist-ruumi\/wp-json\/wp\/v2\/product_brand?post=94042"},{"taxonomy":"product_cat","embeddable":true,"href":"https:\/\/blankpage.ee\/_ruumist-ruumi\/wp-json\/wp\/v2\/product_cat?post=94042"},{"taxonomy":"product_tag","embeddable":true,"href":"https:\/\/blankpage.ee\/_ruumist-ruumi\/wp-json\/wp\/v2\/product_tag?post=94042"}],"curies":[{"name":"wp","href":"https:\/\/api.w.org\/{rel}","templated":true}]}}