{"id":94143,"date":"2025-01-22T12:13:27","date_gmt":"2025-01-22T12:13:27","guid":{"rendered":"https:\/\/ruumistruumi.ee\/pood\/beez-kummut-stilig-st917b-metallist\/"},"modified":"2025-07-15T18:42:52","modified_gmt":"2025-07-15T18:42:52","slug":"beez-kummut-stilig-st917b-metallist-ja-mdf-marmorist-tasapinnaga","status":"publish","type":"product","link":"https:\/\/blankpage.ee\/_ruumist-ruumi\/pood\/beez-kummut-stilig-st917b-metallist-ja-mdf-marmorist-tasapinnaga\/","title":{"rendered":"Bee\u017e kummut Stilig ST917B, metallist ja MDF, marmorist tasapinnaga"},"content":{"rendered":"<p>Stilig ST917B kummut elutuppa. See stiilne hele kreemjas kummut kuldsete aktsentide ja alumise p\u00e4rjaga lisab teie elutuppa elegantsi ja funktsionaalsust. Kapi korpus on kaunistatud soonelise puiduga, mis loob visuaalset s\u00fcgavust ja isikup\u00e4ra. Lauaplaat on viimistletud mitmev\u00e4rvilise marmori efektiga, mis toob ruumi luksuslikku h\u00f5ngu.<\/p>\n<p>Kummuti kolm ust ja kaks reguleeritava k\u00f5rgusega riiulit pakuvad rohkelt hoiuruumi, et hoida teie elutuba korras ja organiseeritud. Peidetud freesitud k\u00e4epidemed ja push to open mehhanism lisavad kummutile modernset ja puhast v\u00e4limust. Pehme sulgumise funktsioon tagab, et uksed sulguvad vaikselt ja sujuvalt, kaitstes nii kummutit kui ka selle sisu.<\/p>\n<p>Kummuti jalad on varustatud reguleeritavate libistitega, mis v\u00f5imaldavad m\u00f6\u00f6blit h\u00f5lpsalt tasakaalustada ka ebatasasel p\u00f5randal. Kokkupandud kujul tarnitav kummut s\u00e4\u00e4stab teie aega ja vaeva, muutes selle paigaldamise kiireks ja lihtsaks.<\/p>\n<p>Omadused:<br \/>\n<strong>Materjal:<\/strong> Roostevaba teras, MDF, marmori viimistlusega lauaplaat.<br \/>\n<strong>V\u00e4rv:<\/strong> Hele kreemjas, kuldsed aktsendid ja mitmev\u00e4rviline marmori viimistlus.<br \/>\n<strong>M\u00f5\u00f5tmed:<\/strong> Laius 158 cm, s\u00fcgavus 40 cm, k\u00f5rgus 88 cm.<br \/>\n<strong>T\u00e4iendavad detailid:<\/strong> Sooneline puit, push to open mehhanism, reguleeritav sisemine riiul, pehme sulgumine, reguleeritavad libistid jalgadele.<br \/>\n<strong>Kokkupanek:<\/strong> Kokkupandud, ei vaja paigaldust. S\u00e4\u00e4stab aega ja vaeva.<\/p>\n<p>&nbsp;<\/p>\n","protected":false},"excerpt":{"rendered":"<p>Stilig ST917B kummut elutuppa. See stiilne hele kreemjas kummut kuldsete aktsentide ja alumise p\u00e4rjaga lisab teie elutuppa elegantsi ja funktsionaalsust. Kapi korpus on kaunistatud soonelise puiduga, mis loob visuaalset s\u00fcgavust ja isikup\u00e4ra. Lauaplaat on viimistletud mitmev\u00e4rvilise marmori efektiga, mis toob ruumi luksuslikku h\u00f5ngu. Kummuti kolm ust ja kaks reguleeritava k\u00f5rgusega riiulit pakuvad rohkelt hoiuruumi, et [&hellip;]<\/p>\n","protected":false},"featured_media":94144,"comment_status":"open","ping_status":"closed","template":"","meta":[],"product_brand":[],"product_cat":[81],"product_tag":[],"class_list":{"0":"post-94143","1":"product","2":"type-product","3":"status-publish","4":"has-post-thumbnail","6":"product_cat-kapid-riiulid-ja-kummutid","7":"product_shipping_class-livin-hill","8":"pa_kaepidemed-freesitud-kaepidemed","9":"pa_kollektsioon-stilig","10":"pa_materjal-roostevaba-teras","11":"pa_riiulite-arv-76","12":"pa_uste-arv-84","13":"pa_varv-beez","15":"first","16":"outofstock","17":"taxable","18":"shipping-taxable","19":"purchasable","20":"product-type-simple"},"_links":{"self":[{"href":"https:\/\/blankpage.ee\/_ruumist-ruumi\/wp-json\/wp\/v2\/product\/94143","targetHints":{"allow":["GET"]}}],"collection":[{"href":"https:\/\/blankpage.ee\/_ruumist-ruumi\/wp-json\/wp\/v2\/product"}],"about":[{"href":"https:\/\/blankpage.ee\/_ruumist-ruumi\/wp-json\/wp\/v2\/types\/product"}],"replies":[{"embeddable":true,"href":"https:\/\/blankpage.ee\/_ruumist-ruumi\/wp-json\/wp\/v2\/comments?post=94143"}],"wp:featuredmedia":[{"embeddable":true,"href":"https:\/\/blankpage.ee\/_ruumist-ruumi\/wp-json\/wp\/v2\/media\/94144"}],"wp:attachment":[{"href":"https:\/\/blankpage.ee\/_ruumist-ruumi\/wp-json\/wp\/v2\/media?parent=94143"}],"wp:term":[{"taxonomy":"product_brand","embeddable":true,"href":"https:\/\/blankpage.ee\/_ruumist-ruumi\/wp-json\/wp\/v2\/product_brand?post=94143"},{"taxonomy":"product_cat","embeddable":true,"href":"https:\/\/blankpage.ee\/_ruumist-ruumi\/wp-json\/wp\/v2\/product_cat?post=94143"},{"taxonomy":"product_tag","embeddable":true,"href":"https:\/\/blankpage.ee\/_ruumist-ruumi\/wp-json\/wp\/v2\/product_tag?post=94143"}],"curies":[{"name":"wp","href":"https:\/\/api.w.org\/{rel}","templated":true}]}}