{"id":9498,"date":"2024-11-01T16:50:00","date_gmt":"2024-11-01T16:50:00","guid":{"rendered":"https:\/\/ruumistruumi.ee\/pood\/helepruun-baaritool-leith-let71hc-100-poluestrist-polsterdus-alus-poppelipuit\/"},"modified":"2025-04-10T11:58:54","modified_gmt":"2025-04-10T11:58:54","slug":"helepruun-baaritool-leith-let71hc-100-poluestrist-polsterdus-alus-poppelipuit","status":"publish","type":"product","link":"https:\/\/blankpage.ee\/_ruumist-ruumi\/pood\/helepruun-baaritool-leith-let71hc-100-poluestrist-polsterdus-alus-poppelipuit\/","title":{"rendered":"Kaneelitooni polsterdatud baaritool Leith LET71HC, 100% pol\u00fcester"},"content":{"rendered":"<p>Leith LET71HC polsterdatud baaritool s\u00f6\u00f6gituppa. See elegantne kaneeliv\u00e4rvi baaritool on valmistatud k\u00f5rgeima kvaliteediga chenille-kangast, pakkudes stiilset ja mugavat istumislahendust. Lihtne m\u00f6\u00f6blidisain, mis p\u00f5hineb moekatel \u00fcmaratel vormidel, t\u00e4iustab iga s\u00f6\u00f6gituba.<\/p>\n<p>Leith kollektsiooni kuuluv baaritool on loodud silmas pidades nii esteetikat kui ka funktsionaalsust. Tooli polsterdus on valmistatud 100% pol\u00fcestrist, pakkudes pehmet ja vastupidavat pinda, mis on lihtne hooldada. Poplar vineerist valmistatud alus tagab stabiilsuse ja vastupidavuse. Tooli luksuslik chenille-kangas ja metallist jalatugi lisavad elegantsi igale interj\u00f6\u00f6rile.<\/p>\n<p>Tooli m\u00f5\u00f5tmed on 61 cm lai, 57 cm s\u00fcgav ja 89 cm k\u00f5rge, pakkudes piisavalt ruumi mugavaks istumiseks. Istme m\u00f5\u00f5tmed on 46 x 48,5 cm, istme k\u00f5rgus 62 cm, seljatoe k\u00f5rgus istmest 28 cm ja k\u00e4etoe k\u00f5rgus istmest 23 cm. Jalatugi asub 20 cm k\u00f5rgusel p\u00f5randast. Tool on kokkupandud, ei vaja paigaldust, s\u00e4\u00e4stes aega ja vaeva.<\/p>\n<p>Omadused:<br \/>\n<strong>Materjal:<\/strong> 100% pol\u00fcesterpolsterdus; alus: poplar vineer.<br \/>\n<strong>V\u00e4rv:<\/strong> Kaneel.<br \/>\n<strong>M\u00f5\u00f5tmed:<\/strong> Laius 61 cm, s\u00fcgavus 57 cm, k\u00f5rgus 89 cm.<br \/>\n<strong>T\u00e4iendavad detailid:<\/strong> Sinuous spring ja webbing, k\u00f5rge tihedusega vaht, puhastuskood W (veep\u00f5hised puhastusvahendid), kandev\u00f5ime kuni 115 kg, metallist jalatugi, luksuslik chenille-polsterdus.<br \/>\n<strong>Kokkupanek:<\/strong> Kokkupandud, ei vaja paigaldust. S\u00e4\u00e4stab aega ja vaeva.<\/p>\n<p>&nbsp;<\/p>\n","protected":false},"excerpt":{"rendered":"<p>Leith LET71HC polsterdatud baaritool s\u00f6\u00f6gituppa. See elegantne kaneeliv\u00e4rvi baaritool on valmistatud k\u00f5rgeima kvaliteediga chenille-kangast, pakkudes stiilset ja mugavat istumislahendust. Lihtne m\u00f6\u00f6blidisain, mis p\u00f5hineb moekatel \u00fcmaratel vormidel, t\u00e4iustab iga s\u00f6\u00f6gituba. Leith kollektsiooni kuuluv baaritool on loodud silmas pidades nii esteetikat kui ka funktsionaalsust. Tooli polsterdus on valmistatud 100% pol\u00fcestrist, pakkudes pehmet ja vastupidavat pinda, mis on [&hellip;]<\/p>\n","protected":false},"featured_media":9499,"comment_status":"open","ping_status":"closed","template":"","meta":[],"product_brand":[],"product_cat":[327],"product_tag":[],"class_list":{"0":"post-9498","1":"product","2":"type-product","3":"status-publish","4":"has-post-thumbnail","6":"product_cat-baaritoolid","7":"product_shipping_class-livin-hill","8":"pa_kollektsioon-leith","9":"pa_materjal-poluester","10":"pa_varv-pruun","12":"first","13":"instock","14":"sale","15":"taxable","16":"shipping-taxable","17":"purchasable","18":"product-type-simple"},"_links":{"self":[{"href":"https:\/\/blankpage.ee\/_ruumist-ruumi\/wp-json\/wp\/v2\/product\/9498","targetHints":{"allow":["GET"]}}],"collection":[{"href":"https:\/\/blankpage.ee\/_ruumist-ruumi\/wp-json\/wp\/v2\/product"}],"about":[{"href":"https:\/\/blankpage.ee\/_ruumist-ruumi\/wp-json\/wp\/v2\/types\/product"}],"replies":[{"embeddable":true,"href":"https:\/\/blankpage.ee\/_ruumist-ruumi\/wp-json\/wp\/v2\/comments?post=9498"}],"wp:featuredmedia":[{"embeddable":true,"href":"https:\/\/blankpage.ee\/_ruumist-ruumi\/wp-json\/wp\/v2\/media\/9499"}],"wp:attachment":[{"href":"https:\/\/blankpage.ee\/_ruumist-ruumi\/wp-json\/wp\/v2\/media?parent=9498"}],"wp:term":[{"taxonomy":"product_brand","embeddable":true,"href":"https:\/\/blankpage.ee\/_ruumist-ruumi\/wp-json\/wp\/v2\/product_brand?post=9498"},{"taxonomy":"product_cat","embeddable":true,"href":"https:\/\/blankpage.ee\/_ruumist-ruumi\/wp-json\/wp\/v2\/product_cat?post=9498"},{"taxonomy":"product_tag","embeddable":true,"href":"https:\/\/blankpage.ee\/_ruumist-ruumi\/wp-json\/wp\/v2\/product_tag?post=9498"}],"curies":[{"name":"wp","href":"https:\/\/api.w.org\/{rel}","templated":true}]}}