{"id":9548,"date":"2024-11-01T16:53:47","date_gmt":"2024-11-01T16:53:47","guid":{"rendered":"https:\/\/ruumistruumi.ee\/pood\/grafiitmust-tugitool-nua-n88-100-6-senillkangast\/"},"modified":"2025-04-10T11:58:57","modified_gmt":"2025-04-10T11:58:57","slug":"grafiitmust-tugitool-nua-n88-100-6-senillkangast","status":"publish","type":"product","link":"https:\/\/blankpage.ee\/_ruumist-ruumi\/pood\/grafiitmust-tugitool-nua-n88-100-6-senillkangast\/","title":{"rendered":"Grafiitmust Nua N88-100-6 tugitool, chenille kangast"},"content":{"rendered":"<p>Nua N88-100-6 tugitool elutuppa. See kaasaegne tugitool paistab silma oma kaarekujulise struktuuri, C-kujulise seljatoe ja W-kujulise esiosaga. Pehme grafiitmusta chenille-kangas t\u00e4iendab suurep\u00e4raselt tugitooli ebatavalist vormi, lisades igale interj\u00f6\u00f6rile ainulaadset iseloomu ja stiili.<\/p>\n<p>Nua kollektsiooni kuuluv tugitool pakub mugavust ja esteetilist naudingut. Selle s\u00f5lmeline chenille-kangas on mitmekesise v\u00e4rvitooniga ja as\u00fcmmeetrilise struktuuriga, luues visuaalset s\u00fcgavust ja tekstuuri. Tugitool on ideaalne valik neile, kes hindavad nii funktsionaalsust kui ka disaini, pakkudes suurep\u00e4rast istumismugavust ja pilkup\u00fc\u00fcdvat v\u00e4limust.<\/p>\n<p>Omadused:<br \/>\n<strong>Materjal:<\/strong> Pehme chenille-kangas.<br \/>\n<strong>V\u00e4rv:<\/strong> Antratsiit<br \/>\n<strong>M\u00f5\u00f5tmed:<\/strong> Laius 100 cm, s\u00fcgavus 85 cm, k\u00f5rgus 75 cm.<br \/>\n<strong>T\u00e4iendavad detailid:<\/strong> S\u00f5lmeline chenille-kangas mitmekesise v\u00e4rvitooniga ja as\u00fcmmeetrilise struktuuriga.<br \/>\n<strong>Kokkupanek:<\/strong> Kokkupandud, ei vaja paigaldust. S\u00e4\u00e4stab aega ja vaeva.<\/p>\n<p>&nbsp;<\/p>\n","protected":false},"excerpt":{"rendered":"<p>Nua N88-100-6 tugitool elutuppa. See kaasaegne tugitool paistab silma oma kaarekujulise struktuuri, C-kujulise seljatoe ja W-kujulise esiosaga. Pehme grafiitmusta chenille-kangas t\u00e4iendab suurep\u00e4raselt tugitooli ebatavalist vormi, lisades igale interj\u00f6\u00f6rile ainulaadset iseloomu ja stiili. Nua kollektsiooni kuuluv tugitool pakub mugavust ja esteetilist naudingut. Selle s\u00f5lmeline chenille-kangas on mitmekesise v\u00e4rvitooniga ja as\u00fcmmeetrilise struktuuriga, luues visuaalset s\u00fcgavust ja tekstuuri. [&hellip;]<\/p>\n","protected":false},"featured_media":9549,"comment_status":"open","ping_status":"closed","template":"","meta":[],"product_brand":[],"product_cat":[424],"product_tag":[],"class_list":{"0":"post-9548","1":"product","2":"type-product","3":"status-publish","4":"has-post-thumbnail","6":"product_cat-tugitoolid-ja-lounge-toolid","7":"product_shipping_class-livin-hill","8":"pa_kollektsioon-nua","9":"pa_materjal-senill","10":"pa_varv-antratsiit","12":"first","13":"instock","14":"sale","15":"taxable","16":"shipping-taxable","17":"purchasable","18":"product-type-simple"},"_links":{"self":[{"href":"https:\/\/blankpage.ee\/_ruumist-ruumi\/wp-json\/wp\/v2\/product\/9548","targetHints":{"allow":["GET"]}}],"collection":[{"href":"https:\/\/blankpage.ee\/_ruumist-ruumi\/wp-json\/wp\/v2\/product"}],"about":[{"href":"https:\/\/blankpage.ee\/_ruumist-ruumi\/wp-json\/wp\/v2\/types\/product"}],"replies":[{"embeddable":true,"href":"https:\/\/blankpage.ee\/_ruumist-ruumi\/wp-json\/wp\/v2\/comments?post=9548"}],"wp:featuredmedia":[{"embeddable":true,"href":"https:\/\/blankpage.ee\/_ruumist-ruumi\/wp-json\/wp\/v2\/media\/9549"}],"wp:attachment":[{"href":"https:\/\/blankpage.ee\/_ruumist-ruumi\/wp-json\/wp\/v2\/media?parent=9548"}],"wp:term":[{"taxonomy":"product_brand","embeddable":true,"href":"https:\/\/blankpage.ee\/_ruumist-ruumi\/wp-json\/wp\/v2\/product_brand?post=9548"},{"taxonomy":"product_cat","embeddable":true,"href":"https:\/\/blankpage.ee\/_ruumist-ruumi\/wp-json\/wp\/v2\/product_cat?post=9548"},{"taxonomy":"product_tag","embeddable":true,"href":"https:\/\/blankpage.ee\/_ruumist-ruumi\/wp-json\/wp\/v2\/product_tag?post=9548"}],"curies":[{"name":"wp","href":"https:\/\/api.w.org\/{rel}","templated":true}]}}