{"id":9602,"date":"2024-11-01T16:57:34","date_gmt":"2024-11-01T16:57:34","guid":{"rendered":"https:\/\/ruumistruumi.ee\/pood\/tumepruun-pikendatav-laud-avola-av1931-78-akatsiapuust-ja-vineerist\/"},"modified":"2025-06-17T08:58:30","modified_gmt":"2025-06-17T08:58:30","slug":"tumepruun-pikendatav-laud-avola-av1931-78-akaatsiapuidust","status":"publish","type":"product","link":"https:\/\/blankpage.ee\/_ruumist-ruumi\/pood\/tumepruun-pikendatav-laud-avola-av1931-78-akaatsiapuidust\/","title":{"rendered":"Tumepruun pikendatav laud Avola AV1931-78, akaatsiapuidust"},"content":{"rendered":"<p>Avola AV1931-78 pikendatav s\u00f6\u00f6gilaud s\u00f6\u00f6gituppa. See elegantne s\u00f6\u00f6gilaud on inspireeritud klassikalisest Provencali stiilist, kus on esile toodud \u00fcmarad ristkujulised jalad ja tume tamme toon. Massiivne lauaplaat on kaunistatud kalasabamustriga, mis lisab ruumile ajatut v\u00f5lu. M\u00f6\u00f6bli n\u00e4htav puidustruktuur toob esile akaatsiapuidu loomuliku ilu.<\/p>\n<p>Avola AV1931-78 laud on loodud mahutama nii v\u00e4iksemaid kui ka suuremaid seltskondi, t\u00e4nu oma pikendatavale funktsioonile, mis v\u00f5imaldab laua pikkust reguleerida vahemikus 152,5 kuni 198 cm. See on ideaalne valik neile, kes hindavad nii praktilisust kui ka esteetilist naudingut oma s\u00f6\u00f6gitoas.<\/p>\n<p>Omadused:<br \/>\n<strong>Materjal:<\/strong> Akaatsiapuit ja vineer.<br \/>\n<strong>V\u00e4rv:<\/strong> Tumepruun.<br \/>\n<strong>M\u00f5\u00f5tmed:<\/strong> Laius 152,5-198 cm, s\u00fcgavus 106,5 cm, k\u00f5rgus 77,5 cm.<br \/>\n<strong>T\u00e4iendavad detailid:<\/strong> Kalasabamustriline lauaplaat ja inkrusteeritud pealis.<br \/>\n<strong>Kokkupanek:<\/strong> Osaliselt kokku pandud, ei vaja paigaldust. S\u00e4\u00e4stab aega ja vaeva.<\/p>\n<p>&nbsp;<\/p>\n","protected":false},"excerpt":{"rendered":"<p>Avola AV1931-78 pikendatav s\u00f6\u00f6gilaud s\u00f6\u00f6gituppa. See elegantne s\u00f6\u00f6gilaud on inspireeritud klassikalisest Provencali stiilist, kus on esile toodud \u00fcmarad ristkujulised jalad ja tume tamme toon. Massiivne lauaplaat on kaunistatud kalasabamustriga, mis lisab ruumile ajatut v\u00f5lu. M\u00f6\u00f6bli n\u00e4htav puidustruktuur toob esile akaatsiapuidu loomuliku ilu. Avola AV1931-78 laud on loodud mahutama nii v\u00e4iksemaid kui ka suuremaid seltskondi, t\u00e4nu [&hellip;]<\/p>\n","protected":false},"featured_media":9603,"comment_status":"open","ping_status":"closed","template":"","meta":[],"product_brand":[],"product_cat":[93],"product_tag":[],"class_list":{"0":"post-9602","1":"product","2":"type-product","3":"status-publish","4":"has-post-thumbnail","6":"product_cat-soogilauad","7":"product_shipping_class-livin-hill","8":"pa_kollektsioon-avola","9":"pa_materjal-akaatsiapuit","10":"pa_varv-tumepruun","12":"first","13":"instock","14":"sale","15":"taxable","16":"shipping-taxable","17":"purchasable","18":"product-type-simple"},"_links":{"self":[{"href":"https:\/\/blankpage.ee\/_ruumist-ruumi\/wp-json\/wp\/v2\/product\/9602","targetHints":{"allow":["GET"]}}],"collection":[{"href":"https:\/\/blankpage.ee\/_ruumist-ruumi\/wp-json\/wp\/v2\/product"}],"about":[{"href":"https:\/\/blankpage.ee\/_ruumist-ruumi\/wp-json\/wp\/v2\/types\/product"}],"replies":[{"embeddable":true,"href":"https:\/\/blankpage.ee\/_ruumist-ruumi\/wp-json\/wp\/v2\/comments?post=9602"}],"wp:featuredmedia":[{"embeddable":true,"href":"https:\/\/blankpage.ee\/_ruumist-ruumi\/wp-json\/wp\/v2\/media\/9603"}],"wp:attachment":[{"href":"https:\/\/blankpage.ee\/_ruumist-ruumi\/wp-json\/wp\/v2\/media?parent=9602"}],"wp:term":[{"taxonomy":"product_brand","embeddable":true,"href":"https:\/\/blankpage.ee\/_ruumist-ruumi\/wp-json\/wp\/v2\/product_brand?post=9602"},{"taxonomy":"product_cat","embeddable":true,"href":"https:\/\/blankpage.ee\/_ruumist-ruumi\/wp-json\/wp\/v2\/product_cat?post=9602"},{"taxonomy":"product_tag","embeddable":true,"href":"https:\/\/blankpage.ee\/_ruumist-ruumi\/wp-json\/wp\/v2\/product_tag?post=9602"}],"curies":[{"name":"wp","href":"https:\/\/api.w.org\/{rel}","templated":true}]}}