{"id":96222,"date":"2025-04-19T21:46:02","date_gmt":"2025-04-19T21:46:02","guid":{"rendered":"https:\/\/ruumistruumi.ee\/?post_type=product&#038;p=96222"},"modified":"2025-08-21T08:18:23","modified_gmt":"2025-08-21T08:18:23","slug":"suurte-koerte-kaelarihm-qr-koodiga-lilla-nailonist-waudog-xl-rpet-37-58-cm","status":"publish","type":"product","link":"https:\/\/blankpage.ee\/_ruumist-ruumi\/pood\/suurte-koerte-kaelarihm-qr-koodiga-lilla-nailonist-waudog-xl-rpet-37-58-cm\/","title":{"rendered":"Suurte koerte kaelarihm QR-koodiga, lilla, nailonist Waudog XL (rPET, 37\u201358 cm)"},"content":{"rendered":"<h3>Suurte koerte kaelarihm Waudog XL QR-koodiga, lilla, nailonist<\/h3>\n<p>Sobivalt tugev ja vastupidav suure t\u00f5u koerale, see suurte koerte kaelarihm pakub igap\u00e4evasts kandmisel mugavust ning turvalisust. Kaelarihm on valmistatud taaskasutatud rPET-materjalist, mis tagab hea kulumiskindluse ning on keskkonnas\u00f5bralik. 25 mm laiune reguleeritav rihm sobib kaela\u00fcmberm\u00f5\u00f5dule 37\u201358 cm, v\u00f5imaldades kaelarihma t\u00e4pselt oma koerale kohandada.<\/p>\n<p>Nutikas QR-koodiga ID-m\u00e4rk on selle suure koera kaelarihma oluline turvalisuslahendus \u2013 kui koer peaks \u00e4ra eksima, saab leidja QR-koodi abil mugavalt omaniku kontaktiga \u00fchendust v\u00f5tta. Nii saad olla kindel, et sinu lemmik on kaitstud.<\/p>\n<p><img decoding=\"async\" src=\"https:\/\/blankpage.ee\/_ruumist-ruumi\/wp-content\/uploads\/2025\/04\/2-640.webp\" alt=\"Lilla suurte koerte kaelarihm QR-koodiga, valmistatud taaskasutatud nailonist\"\/><\/p>\n<h3>Tehnilised andmed ja materjalid: suurte koerte nailonkaelarihm<\/h3>\n<table>\n<tbody>\n<tr>\n<th>Tootja<\/th>\n<td>Waudog<\/td>\n<\/tr>\n<tr>\n<th>Materjal<\/th>\n<td>rPET (taaskasutatud nailon)<\/td>\n<\/tr>\n<tr>\n<th>V\u00e4rv<\/th>\n<td>Lilla<\/td>\n<\/tr>\n<tr>\n<th>Suurus<\/th>\n<td>XL<\/td>\n<\/tr>\n<tr>\n<th>Laius<\/th>\n<td>25 mm<\/td>\n<\/tr>\n<tr>\n<th>Kaela\u00fcmberm\u00f5\u00f5t<\/th>\n<td>37\u201358 cm<\/td>\n<\/tr>\n<tr>\n<th>Sobib t\u00f5ugudele<\/th>\n<td>suured ja v\u00e4ga suured koerad<\/td>\n<\/tr>\n<\/tbody>\n<\/table>\n<p><img decoding=\"async\" src=\"https:\/\/blankpage.ee\/_ruumist-ruumi\/wp-content\/uploads\/2025\/04\/1-663.webp\" alt=\"QR-koodiga ID-m\u00e4rk lilla suurte koerte kaelarihma k\u00fcljes\"\/><\/p>\n<p>Kindel kinnitus, trendikas gradientlilla disain ja praktiline QR-tuvastuse funktsioon muudavad selle kaelarihma parimaks valikuks igale suurele koerale, kui vajad usaldusv\u00e4\u00e4rset ja stiilset suurte koerte kaelarihma.<\/p>\n","protected":false},"excerpt":{"rendered":"<p>Suurte koerte kaelarihm Waudog XL QR-koodiga, lilla, nailonist Sobivalt tugev ja vastupidav suure t\u00f5u koerale, see suurte koerte kaelarihm pakub igap\u00e4evasts kandmisel mugavust ning turvalisust. Kaelarihm on valmistatud taaskasutatud rPET-materjalist, mis tagab hea kulumiskindluse ning on keskkonnas\u00f5bralik. 25 mm laiune reguleeritav rihm sobib kaela\u00fcmberm\u00f5\u00f5dule 37\u201358 cm, v\u00f5imaldades kaelarihma t\u00e4pselt oma koerale kohandada. Nutikas QR-koodiga ID-m\u00e4rk [&hellip;]<\/p>\n","protected":false},"featured_media":175379,"comment_status":"open","ping_status":"open","template":"","meta":[],"product_brand":[3117],"product_cat":[1262],"product_tag":[],"class_list":{"0":"post-96222","1":"product","2":"type-product","3":"status-publish","4":"has-post-thumbnail","6":"product_brand-waudog","7":"product_cat-lemmiklooma-transport-ja-jalutusrihmad","8":"product_shipping_class-innpro","10":"first","11":"instock","12":"sale","13":"taxable","14":"shipping-taxable","15":"purchasable","16":"product-type-simple"},"_links":{"self":[{"href":"https:\/\/blankpage.ee\/_ruumist-ruumi\/wp-json\/wp\/v2\/product\/96222","targetHints":{"allow":["GET"]}}],"collection":[{"href":"https:\/\/blankpage.ee\/_ruumist-ruumi\/wp-json\/wp\/v2\/product"}],"about":[{"href":"https:\/\/blankpage.ee\/_ruumist-ruumi\/wp-json\/wp\/v2\/types\/product"}],"replies":[{"embeddable":true,"href":"https:\/\/blankpage.ee\/_ruumist-ruumi\/wp-json\/wp\/v2\/comments?post=96222"}],"wp:featuredmedia":[{"embeddable":true,"href":"https:\/\/blankpage.ee\/_ruumist-ruumi\/wp-json\/wp\/v2\/media\/175379"}],"wp:attachment":[{"href":"https:\/\/blankpage.ee\/_ruumist-ruumi\/wp-json\/wp\/v2\/media?parent=96222"}],"wp:term":[{"taxonomy":"product_brand","embeddable":true,"href":"https:\/\/blankpage.ee\/_ruumist-ruumi\/wp-json\/wp\/v2\/product_brand?post=96222"},{"taxonomy":"product_cat","embeddable":true,"href":"https:\/\/blankpage.ee\/_ruumist-ruumi\/wp-json\/wp\/v2\/product_cat?post=96222"},{"taxonomy":"product_tag","embeddable":true,"href":"https:\/\/blankpage.ee\/_ruumist-ruumi\/wp-json\/wp\/v2\/product_tag?post=96222"}],"curies":[{"name":"wp","href":"https:\/\/api.w.org\/{rel}","templated":true}]}}