{"id":96252,"date":"2025-04-19T21:50:28","date_gmt":"2025-04-19T21:50:28","guid":{"rendered":"https:\/\/ruumistruumi.ee\/?post_type=product&#038;p=96252"},"modified":"2025-08-21T08:18:22","modified_gmt":"2025-08-21T08:18:22","slug":"lilla-qr-koodiga-nailonist-koerakaelarihm-waudog-m-28-40-cm","status":"publish","type":"product","link":"https:\/\/blankpage.ee\/_ruumist-ruumi\/pood\/lilla-qr-koodiga-nailonist-koerakaelarihm-waudog-m-28-40-cm\/","title":{"rendered":"Lilla QR-koodiga nailonist koerakaelarihm Waudog M (28\u201340 cm)"},"content":{"rendered":"<h3>Lilla koerakaelarihm QR-koodiga Waudog M (28\u201340 cm)<\/h3>\n<p>Lilla koerakaelarihm sobib keskmist kasvu koerale, pakkudes nii mugavust, vastupidavust kui ka lisaturvalisust. Rihm on valmistatud kvaliteetsest, taaskasutatud rPET-materjalist, mis talub igap\u00e4evast kasutust ja s\u00e4ilitab ka pikaajalise kandmise korral oma kauni v\u00e4limuse.<\/p>\n<p>Koerakaelarihma pikkust saab h\u00f5lpsasti reguleerida vahemikus 28\u201340 cm, et see sobituks t\u00e4pselt sinu lemmiku kaelale. 20 mm laiune rihm tagab kindla ja mugava kinnituse ning on ideaalne enamikule keskmise suurusega t\u00f5ugudele.<\/p>\n<p><img decoding=\"async\" src=\"https:\/\/blankpage.ee\/_ruumist-ruumi\/wp-content\/uploads\/2025\/04\/2-644.webp\" alt=\"Lilla koerakaelarihm QR-koodiga Waudog\" \/><\/p>\n<h3>QR-koodiga rihm \u2013 suurem kindlus igas olukorras<\/h3>\n<p>Koerakaelarihma \u00fcheks suureks plussiks on integreeritud QR-koodiga ripats, mis v\u00f5imaldab vajaduse korral kiiresti omaniku kontaktinfo kuvamist. See annab v\u00f5imaluse lemmik kiiremini koju tagasi tuua, kui koer peaks kaduma. QR-lahendus lisab igale jalutusk\u00e4igule ja seiklusele lisakindlust.<\/p>\n<p><img decoding=\"async\" src=\"https:\/\/blankpage.ee\/_ruumist-ruumi\/wp-content\/uploads\/2025\/04\/1-669.webp\" alt=\"Reguleeritav nailonist koerakaelarihm QR-koodiga ja v\u00e4rvilise pandlaga\" \/><\/p>\n<div class=\"table-wrapper\">\n<table>\n<tbody>\n<tr>\n<th>Tootja<\/th>\n<td>Waudog<\/td>\n<\/tr>\n<tr>\n<th>Materjal<\/th>\n<td>rPET (taaskasutatud nailon)<\/td>\n<\/tr>\n<tr>\n<th>V\u00e4rvus<\/th>\n<td>Lilla (v\u00e4rvi \u00fcleminekuga)<\/td>\n<\/tr>\n<tr>\n<th>Suurus<\/th>\n<td>M<\/td>\n<\/tr>\n<tr>\n<th>Laius<\/th>\n<td>20 mm<\/td>\n<\/tr>\n<tr>\n<th>Kaela \u00fcmberm\u00f5\u00f5t<\/th>\n<td>28\u201340 cm<\/td>\n<\/tr>\n<tr>\n<th>Sobivus<\/th>\n<td>Keskmist kasvu koertele<\/td>\n<\/tr>\n<\/tbody>\n<\/table>\n<\/div>\n","protected":false},"excerpt":{"rendered":"<p>Lilla koerakaelarihm QR-koodiga Waudog M (28\u201340 cm) Lilla koerakaelarihm sobib keskmist kasvu koerale, pakkudes nii mugavust, vastupidavust kui ka lisaturvalisust. Rihm on valmistatud kvaliteetsest, taaskasutatud rPET-materjalist, mis talub igap\u00e4evast kasutust ja s\u00e4ilitab ka pikaajalise kandmise korral oma kauni v\u00e4limuse. Koerakaelarihma pikkust saab h\u00f5lpsasti reguleerida vahemikus 28\u201340 cm, et see sobituks t\u00e4pselt sinu lemmiku kaelale. 20 [&hellip;]<\/p>\n","protected":false},"featured_media":175415,"comment_status":"open","ping_status":"open","template":"","meta":[],"product_brand":[3117],"product_cat":[1262],"product_tag":[],"class_list":{"0":"post-96252","1":"product","2":"type-product","3":"status-publish","4":"has-post-thumbnail","6":"product_brand-waudog","7":"product_cat-lemmiklooma-transport-ja-jalutusrihmad","8":"product_shipping_class-innpro","10":"first","11":"instock","12":"sale","13":"taxable","14":"shipping-taxable","15":"purchasable","16":"product-type-simple"},"_links":{"self":[{"href":"https:\/\/blankpage.ee\/_ruumist-ruumi\/wp-json\/wp\/v2\/product\/96252","targetHints":{"allow":["GET"]}}],"collection":[{"href":"https:\/\/blankpage.ee\/_ruumist-ruumi\/wp-json\/wp\/v2\/product"}],"about":[{"href":"https:\/\/blankpage.ee\/_ruumist-ruumi\/wp-json\/wp\/v2\/types\/product"}],"replies":[{"embeddable":true,"href":"https:\/\/blankpage.ee\/_ruumist-ruumi\/wp-json\/wp\/v2\/comments?post=96252"}],"wp:featuredmedia":[{"embeddable":true,"href":"https:\/\/blankpage.ee\/_ruumist-ruumi\/wp-json\/wp\/v2\/media\/175415"}],"wp:attachment":[{"href":"https:\/\/blankpage.ee\/_ruumist-ruumi\/wp-json\/wp\/v2\/media?parent=96252"}],"wp:term":[{"taxonomy":"product_brand","embeddable":true,"href":"https:\/\/blankpage.ee\/_ruumist-ruumi\/wp-json\/wp\/v2\/product_brand?post=96252"},{"taxonomy":"product_cat","embeddable":true,"href":"https:\/\/blankpage.ee\/_ruumist-ruumi\/wp-json\/wp\/v2\/product_cat?post=96252"},{"taxonomy":"product_tag","embeddable":true,"href":"https:\/\/blankpage.ee\/_ruumist-ruumi\/wp-json\/wp\/v2\/product_tag?post=96252"}],"curies":[{"name":"wp","href":"https:\/\/api.w.org\/{rel}","templated":true}]}}