{"id":9633,"date":"2024-11-01T16:59:47","date_gmt":"2024-11-01T16:59:47","guid":{"rendered":"https:\/\/ruumistruumi.ee\/pood\/kohviroosa-polsterdatud-tool-leith-let78b-100-poluester\/"},"modified":"2025-04-10T11:58:59","modified_gmt":"2025-04-10T11:58:59","slug":"tellisepruun-ja-hall-polsterdatud-tool-leith-let78b-100-poluester","status":"publish","type":"product","link":"https:\/\/blankpage.ee\/_ruumist-ruumi\/pood\/tellisepruun-ja-hall-polsterdatud-tool-leith-let78b-100-poluester\/","title":{"rendered":"Tellisepruun ja hall polsterdatud tool Leith LET78B, 100% pol\u00fcester"},"content":{"rendered":"<p>Leith LET78B polsterdatud tool s\u00f6\u00f6gituppa. See keskajast inspireeritud tool toob teie s\u00f6\u00f6gituppa stiilse ja ajatu ilme. Tooli telliskivipunane toon, mis on t\u00e4iendatud hallide t\u00e4ppidega, loob elegantse ja sooja atmosf\u00e4\u00e4ri, mis sobib ideaalselt igasse s\u00f6\u00f6giruumi.<\/p>\n<p>Tooli valmistamisel on kasutatud k\u00f5rgeima kvaliteediga chenille-kangast, mis on tuntud oma pehmuse ja vastupidavuse poolest. Lihtne vorm, mis p\u00f5hineb moekatel \u00fcmaratel kujunditel, lisab teie s\u00f6\u00f6gituppa rafineeritud ja kaasaegse ilme. Tooli polsterdus on valmistatud 100% pol\u00fcestrist, mis tagab mugavuse ja pikaealisuse, samal ajal kui alus on valmistatud vastupidavast paplipuust vineerist.<\/p>\n<p>Tooli m\u00f5\u00f5tmed on t\u00e4pselt sobivad, et pakkuda mugavust ja toetust: laius 54 cm, s\u00fcgavus 60,5 cm ja k\u00f5rgus 83 cm. Istme m\u00f5\u00f5dud on 48,5 x 49,5 cm, pakkudes piisavalt ruumi mugavaks istumiseks. T\u00e4nu kokkupandud konstruktsioonile ei vaja tool paigaldust, s\u00e4\u00e4stes teie aega ja vaeva.<\/p>\n<p>Omadused:<br \/>\n<strong>Materjal:<\/strong> 100% pol\u00fcesterpolsterdus, alus paplipuust vineer.<br \/>\n<strong>V\u00e4rv:<\/strong> Telliskivipunane hallide t\u00e4ppidega.<br \/>\n<strong>M\u00f5\u00f5tmed:<\/strong> Laius 54 cm, s\u00fcgavus 60,5 cm, k\u00f5rgus 83 cm.<br \/>\n<strong>T\u00e4iendavad detailid:<\/strong> Puhastuskood W (veep\u00f5hised puhastusvahendid); luksuslik chenille-polsterdus.<br \/>\n<strong>Kokkupanek:<\/strong> Kokkupandud, ei vaja paigaldust. S\u00e4\u00e4stab aega ja vaeva.<\/p>\n<p>&nbsp;<\/p>\n","protected":false},"excerpt":{"rendered":"<p>Leith LET78B polsterdatud tool s\u00f6\u00f6gituppa. See keskajast inspireeritud tool toob teie s\u00f6\u00f6gituppa stiilse ja ajatu ilme. Tooli telliskivipunane toon, mis on t\u00e4iendatud hallide t\u00e4ppidega, loob elegantse ja sooja atmosf\u00e4\u00e4ri, mis sobib ideaalselt igasse s\u00f6\u00f6giruumi. Tooli valmistamisel on kasutatud k\u00f5rgeima kvaliteediga chenille-kangast, mis on tuntud oma pehmuse ja vastupidavuse poolest. Lihtne vorm, mis p\u00f5hineb moekatel \u00fcmaratel [&hellip;]<\/p>\n","protected":false},"featured_media":9634,"comment_status":"open","ping_status":"closed","template":"","meta":[],"product_brand":[],"product_cat":[108],"product_tag":[],"class_list":{"0":"post-9633","1":"product","2":"type-product","3":"status-publish","4":"has-post-thumbnail","6":"product_cat-soogitoolid","7":"product_shipping_class-livin-hill","8":"pa_kollektsioon-leith","9":"pa_materjal-poluester","10":"pa_varv-kuldne","12":"first","13":"instock","14":"sale","15":"taxable","16":"shipping-taxable","17":"purchasable","18":"product-type-simple"},"_links":{"self":[{"href":"https:\/\/blankpage.ee\/_ruumist-ruumi\/wp-json\/wp\/v2\/product\/9633","targetHints":{"allow":["GET"]}}],"collection":[{"href":"https:\/\/blankpage.ee\/_ruumist-ruumi\/wp-json\/wp\/v2\/product"}],"about":[{"href":"https:\/\/blankpage.ee\/_ruumist-ruumi\/wp-json\/wp\/v2\/types\/product"}],"replies":[{"embeddable":true,"href":"https:\/\/blankpage.ee\/_ruumist-ruumi\/wp-json\/wp\/v2\/comments?post=9633"}],"wp:featuredmedia":[{"embeddable":true,"href":"https:\/\/blankpage.ee\/_ruumist-ruumi\/wp-json\/wp\/v2\/media\/9634"}],"wp:attachment":[{"href":"https:\/\/blankpage.ee\/_ruumist-ruumi\/wp-json\/wp\/v2\/media?parent=9633"}],"wp:term":[{"taxonomy":"product_brand","embeddable":true,"href":"https:\/\/blankpage.ee\/_ruumist-ruumi\/wp-json\/wp\/v2\/product_brand?post=9633"},{"taxonomy":"product_cat","embeddable":true,"href":"https:\/\/blankpage.ee\/_ruumist-ruumi\/wp-json\/wp\/v2\/product_cat?post=9633"},{"taxonomy":"product_tag","embeddable":true,"href":"https:\/\/blankpage.ee\/_ruumist-ruumi\/wp-json\/wp\/v2\/product_tag?post=9633"}],"curies":[{"name":"wp","href":"https:\/\/api.w.org\/{rel}","templated":true}]}}