{"id":96335,"date":"2025-04-19T22:05:03","date_gmt":"2025-04-19T22:05:03","guid":{"rendered":"https:\/\/ruumistruumi.ee\/?post_type=product&#038;p=96335"},"modified":"2025-08-21T08:18:20","modified_gmt":"2025-08-21T08:18:20","slug":"nahast-koerarihm-waudog-20-mm-122-cm-pruun","status":"publish","type":"product","link":"https:\/\/blankpage.ee\/_ruumist-ruumi\/pood\/nahast-koerarihm-waudog-20-mm-122-cm-pruun\/","title":{"rendered":"Nahast koerarihm WAUDOG, 20 mm, 122 cm, pruun"},"content":{"rendered":"<h3>Nahast koerarihm WAUDOG 20 mm, 122 cm, pruun<\/h3>\n<p>Nahast koerarihm on kindel valik igale koeraomanikule, kes v\u00e4\u00e4rtustab kvaliteeti ja vastupidavust. WAUDOG klassikaline jalutusrihm on valmistatud suurep\u00e4rasest naturaalnahast, mis tagab pika kasutusea ning mugavuse. Looduslik nahk ja hoolikas t\u00f6\u00f6tlus aitavad rihmal s\u00e4ilitada oma loomuliku ilu ning kaitsevad seda kulumise eest.<\/p>\n<p><img decoding=\"async\" src=\"https:\/\/blankpage.ee\/_ruumist-ruumi\/wp-content\/uploads\/2025\/04\/1-683.webp\" alt=\"Nahast koerarihm pruunis toonis rullis\"\/><\/p>\n<h3>Kvaliteetsed metallkinnitused ja r\u00f5ngad<\/h3>\n<p>Koerarihma vastupidavad kroomitud metallosad kaitsevad korrosiooni ja kulumise eest. T\u00e4nu tugevatele kinnitustele sobib nahast koerarihm nii igap\u00e4evasesse kasutusse kui ka pikematele jalutusk\u00e4ikudele.<\/p>\n<p><img decoding=\"async\" src=\"https:\/\/blankpage.ee\/_ruumist-ruumi\/wp-content\/uploads\/2025\/04\/3-618.webp\" alt=\"Vastupidavad kroomitud metallkinnitused koerarihmal\"\/><\/p>\n<h3>Mugav ning ergonoomiline k\u00e4epide<\/h3>\n<p>Polsterdatud ergonoomiline k\u00e4epide v\u00e4hendab h\u00f5\u00f5rdumist ja pakub mugavust ka pikema kasutuse korral. Selline k\u00e4epide muudab nahast rihma kasutamise eriti meeldivaks nii sinule kui ka su lemmikule.<\/p>\n<p><img decoding=\"async\" src=\"https:\/\/blankpage.ee\/_ruumist-ruumi\/wp-content\/uploads\/2025\/04\/2-658.webp\" alt=\"Mugav ergonoomiline k\u00e4epide nahast jalutusrihma otsas\"\/><\/p>\n<div class=\"table-wrapper\">\n<table>\n<tbody>\n<tr>\n<th>Tootja<\/th>\n<td>WAUDOG<\/td>\n<\/tr>\n<tr>\n<th>Tootekood<\/th>\n<td>08146<\/td>\n<\/tr>\n<tr>\n<th>V\u00e4rv<\/th>\n<td>Pruun<\/td>\n<\/tr>\n<tr>\n<th>Laius<\/th>\n<td>20 mm<\/td>\n<\/tr>\n<tr>\n<th>Pikkus<\/th>\n<td>122 cm<\/td>\n<\/tr>\n<\/tbody>\n<\/table>\n<\/div>\n","protected":false},"excerpt":{"rendered":"<p>Nahast koerarihm WAUDOG 20 mm, 122 cm, pruun Nahast koerarihm on kindel valik igale koeraomanikule, kes v\u00e4\u00e4rtustab kvaliteeti ja vastupidavust. WAUDOG klassikaline jalutusrihm on valmistatud suurep\u00e4rasest naturaalnahast, mis tagab pika kasutusea ning mugavuse. Looduslik nahk ja hoolikas t\u00f6\u00f6tlus aitavad rihmal s\u00e4ilitada oma loomuliku ilu ning kaitsevad seda kulumise eest. Kvaliteetsed metallkinnitused ja r\u00f5ngad Koerarihma vastupidavad [&hellip;]<\/p>\n","protected":false},"featured_media":175515,"comment_status":"open","ping_status":"open","template":"","meta":[],"product_brand":[3117],"product_cat":[1262],"product_tag":[],"class_list":{"0":"post-96335","1":"product","2":"type-product","3":"status-publish","4":"has-post-thumbnail","6":"product_brand-waudog","7":"product_cat-lemmiklooma-transport-ja-jalutusrihmad","8":"product_shipping_class-innpro","10":"first","11":"instock","12":"sale","13":"taxable","14":"shipping-taxable","15":"purchasable","16":"product-type-simple"},"_links":{"self":[{"href":"https:\/\/blankpage.ee\/_ruumist-ruumi\/wp-json\/wp\/v2\/product\/96335","targetHints":{"allow":["GET"]}}],"collection":[{"href":"https:\/\/blankpage.ee\/_ruumist-ruumi\/wp-json\/wp\/v2\/product"}],"about":[{"href":"https:\/\/blankpage.ee\/_ruumist-ruumi\/wp-json\/wp\/v2\/types\/product"}],"replies":[{"embeddable":true,"href":"https:\/\/blankpage.ee\/_ruumist-ruumi\/wp-json\/wp\/v2\/comments?post=96335"}],"wp:featuredmedia":[{"embeddable":true,"href":"https:\/\/blankpage.ee\/_ruumist-ruumi\/wp-json\/wp\/v2\/media\/175515"}],"wp:attachment":[{"href":"https:\/\/blankpage.ee\/_ruumist-ruumi\/wp-json\/wp\/v2\/media?parent=96335"}],"wp:term":[{"taxonomy":"product_brand","embeddable":true,"href":"https:\/\/blankpage.ee\/_ruumist-ruumi\/wp-json\/wp\/v2\/product_brand?post=96335"},{"taxonomy":"product_cat","embeddable":true,"href":"https:\/\/blankpage.ee\/_ruumist-ruumi\/wp-json\/wp\/v2\/product_cat?post=96335"},{"taxonomy":"product_tag","embeddable":true,"href":"https:\/\/blankpage.ee\/_ruumist-ruumi\/wp-json\/wp\/v2\/product_tag?post=96335"}],"curies":[{"name":"wp","href":"https:\/\/api.w.org\/{rel}","templated":true}]}}