{"id":96352,"date":"2025-04-19T22:20:13","date_gmt":"2025-04-19T22:20:13","guid":{"rendered":"https:\/\/ruumistruumi.ee\/?post_type=product&#038;p=96352"},"modified":"2025-08-21T08:18:19","modified_gmt":"2025-08-21T08:18:19","slug":"veekindel-helendav-koerakaelarihm-waudog-qr-passiga-40-mm-46-70-cm","status":"publish","type":"product","link":"https:\/\/blankpage.ee\/_ruumist-ruumi\/pood\/veekindel-helendav-koerakaelarihm-waudog-qr-passiga-40-mm-46-70-cm\/","title":{"rendered":"Veekindel helendav koerakaelarihm WAUDOG QR-passiga, 40 mm (46\u201370 cm)"},"content":{"rendered":"<h3>Veekindel koerakaelarihm WAUDOG, helendav ja QR-passiga, 40 mm lai ja 46\u201370 cm pikk<\/h3>\n<p>Veekindel koerakaelarihm WAUDOG on valmistatud vastupidavast COLLARTEX\u2122 materjalist, mis on kulumiskindel, vett h\u00fclgav ja lihtsalt puhastatav. Nutikas QR-passiga aadressisilt v\u00f5imaldab omaniku kiiret tuvastamist, kui koer peaks kaduma minema. Helendav koerarihm tagab pimedal ajal parema n\u00e4htavuse, aidates muuta jalutusk\u00e4igud turvalisemaks ka h\u00e4marates v\u00f5i halbades ilmastikutingimustes.<\/p>\n<p><img decoding=\"async\" border=\"0\" src=\"https:\/\/blankpage.ee\/_ruumist-ruumi\/wp-content\/uploads\/2025\/04\/2-664.webp\" alt=\"Veekindel koerakaelarihm sinist v\u00e4rvi COLLARTEX materjalist\" \/><\/p>\n<h3>Kvaliteetne ja mugav disain<\/h3>\n<p>Rihma laius on 40 mm, mis tagab suurema kandmismugavuse. Tugev plastist fastex-lukk ja turvalised kinnitused pikendavad koerarihma kasutusiga, sobides h\u00e4sti aktiivsetele lemmikutele. Helendav ja erksav\u00e4rviline rihm p\u00fcsib venivana ning talub igap\u00e4evast mehaanilist koormust. Veekindel koerakaelarihm s\u00e4ilitab v\u00e4rvid ja omadused ka pikaajalisel kasutamisel.<\/p>\n<p><img decoding=\"async\" border=\"0\" src=\"https:\/\/blankpage.ee\/_ruumist-ruumi\/wp-content\/uploads\/2025\/04\/5-502.webp\" alt=\"Sinine helendav koerarihm, millel on tugevad kinnitused\" \/><\/p>\n<h3>QR-passiga aadressisilt \u2013 turvalisus igas olukorras<\/h3>\n<p>QR-passiga aadressisildile saab registreerida omaniku info veebilehel <a href=\"http:\/\/animal-id.net\" target=\"_blank\">animal-id.net<\/a>, luues lemmikule personaalse profiili kontakt- ja olulisemate andmetega. QR-koodi skaneerides saab leidja koheselt omaniku andmed ning teavituse koos lemmiku asukohaga edastatakse omanikule e-kirjaga. Nii on veekindel koerakaelarihm \u00fchtaegu turvaline ja mugav valik igale lemmikloomaomanikule.<\/p>\n<p><img decoding=\"async\" border=\"0\" src=\"https:\/\/blankpage.ee\/_ruumist-ruumi\/wp-content\/uploads\/2025\/04\/6-433.webp\" alt=\"QR-passiga aadressisilt sinisel koerarihmal ja kuvand telefoni ekraanil\" \/><\/p>\n<div class=\"table-wrapper\">\n<table>\n<tbody>\n<tr>\n<th>Tootja<\/th>\n<td>WAUDOG<\/td>\n<\/tr>\n<tr>\n<th>Tootekood<\/th>\n<td>4201000090<\/td>\n<\/tr>\n<tr>\n<th>V\u00e4rvus<\/th>\n<td>sinine<\/td>\n<\/tr>\n<tr>\n<th>Laius<\/th>\n<td>40 mm<\/td>\n<\/tr>\n<tr>\n<th>Pikkus<\/th>\n<td>46\u201370 cm<\/td>\n<\/tr>\n<\/tbody>\n<\/table>\n<\/div>\n","protected":false},"excerpt":{"rendered":"<p>Veekindel koerakaelarihm WAUDOG, helendav ja QR-passiga, 40 mm lai ja 46\u201370 cm pikk Veekindel koerakaelarihm WAUDOG on valmistatud vastupidavast COLLARTEX\u2122 materjalist, mis on kulumiskindel, vett h\u00fclgav ja lihtsalt puhastatav. Nutikas QR-passiga aadressisilt v\u00f5imaldab omaniku kiiret tuvastamist, kui koer peaks kaduma minema. Helendav koerarihm tagab pimedal ajal parema n\u00e4htavuse, aidates muuta jalutusk\u00e4igud turvalisemaks ka h\u00e4marates v\u00f5i [&hellip;]<\/p>\n","protected":false},"featured_media":175589,"comment_status":"open","ping_status":"open","template":"","meta":[],"product_brand":[3117],"product_cat":[1262],"product_tag":[],"class_list":{"0":"post-96352","1":"product","2":"type-product","3":"status-publish","4":"has-post-thumbnail","6":"product_brand-waudog","7":"product_cat-lemmiklooma-transport-ja-jalutusrihmad","8":"product_shipping_class-innpro","10":"first","11":"instock","12":"sale","13":"taxable","14":"shipping-taxable","15":"purchasable","16":"product-type-simple"},"_links":{"self":[{"href":"https:\/\/blankpage.ee\/_ruumist-ruumi\/wp-json\/wp\/v2\/product\/96352","targetHints":{"allow":["GET"]}}],"collection":[{"href":"https:\/\/blankpage.ee\/_ruumist-ruumi\/wp-json\/wp\/v2\/product"}],"about":[{"href":"https:\/\/blankpage.ee\/_ruumist-ruumi\/wp-json\/wp\/v2\/types\/product"}],"replies":[{"embeddable":true,"href":"https:\/\/blankpage.ee\/_ruumist-ruumi\/wp-json\/wp\/v2\/comments?post=96352"}],"wp:featuredmedia":[{"embeddable":true,"href":"https:\/\/blankpage.ee\/_ruumist-ruumi\/wp-json\/wp\/v2\/media\/175589"}],"wp:attachment":[{"href":"https:\/\/blankpage.ee\/_ruumist-ruumi\/wp-json\/wp\/v2\/media?parent=96352"}],"wp:term":[{"taxonomy":"product_brand","embeddable":true,"href":"https:\/\/blankpage.ee\/_ruumist-ruumi\/wp-json\/wp\/v2\/product_brand?post=96352"},{"taxonomy":"product_cat","embeddable":true,"href":"https:\/\/blankpage.ee\/_ruumist-ruumi\/wp-json\/wp\/v2\/product_cat?post=96352"},{"taxonomy":"product_tag","embeddable":true,"href":"https:\/\/blankpage.ee\/_ruumist-ruumi\/wp-json\/wp\/v2\/product_tag?post=96352"}],"curies":[{"name":"wp","href":"https:\/\/api.w.org\/{rel}","templated":true}]}}