{"id":9855,"date":"2024-11-01T17:52:08","date_gmt":"2024-11-01T17:52:08","guid":{"rendered":"https:\/\/ruumistruumi.ee\/pood\/melange-valge-must-sinine-hall-beez-polsterdatud-tool-leith-let71mw-puuvillast-ja-poluestrist-alus-popliidipuit\/"},"modified":"2025-06-17T08:58:34","modified_gmt":"2025-06-17T08:58:34","slug":"hall-polsterdatud-tool-leith-let71mw-puuvill-ja-poluester","status":"publish","type":"product","link":"https:\/\/blankpage.ee\/_ruumist-ruumi\/pood\/hall-polsterdatud-tool-leith-let71mw-puuvill-ja-poluester\/","title":{"rendered":"Hall polsterdatud tool Leith LET71MW, puuvill ja pol\u00fcester"},"content":{"rendered":"<p>Leith LET71MW polsterdatud tool s\u00f6\u00f6gituppa. See elegantne mitmev\u00e4rviline tool on valmistatud k\u00f5rgeima kvaliteediga \u0161enillkangast, mille lihtne vorm ja moodsad \u00fcmarad kujundid rikastavad iga s\u00f6\u00f6gituba. Tooli pehme ja luksuslik polsterdus tagab mugavuse, samas kui vastupidav poplipuust vineerist alus annab sellele kindla toe.<\/p>\n<p>Omadused:<br \/>\n<strong>Materjal:<\/strong> Puuvill, pol\u00fcester; alus: poplipuust vineer.<br \/>\n<strong>V\u00e4rv:<\/strong> Melange valge, must, sinine, hall, bee\u017e.<br \/>\n<strong>M\u00f5\u00f5tmed:<\/strong> Laius: 62 cm, S\u00fcgavus: 58 cm, K\u00f5rgus: 75 cm.<br \/>\n<strong>T\u00e4iendavad detailid:<\/strong> Istme m\u00f5\u00f5tmed &#8211; 45,5 x 45,5 cm; k\u00e4etoe k\u00f5rgus &#8211; 23 cm; istme k\u00f5rgus &#8211; 47 cm. Puhastuskood SW = lahusti v\u00f5i vesi; laineline vedrustus ja rihm; k\u00f5rge tihedusega vaht; lopsakas \u0161enillpolster.<br \/>\n<strong>Kokkupanek:<\/strong> Kokkupandud, ei vaja paigaldust. S\u00e4\u00e4stab aega ja vaeva.<\/p>\n<p>&nbsp;<\/p>\n","protected":false},"excerpt":{"rendered":"<p>Leith LET71MW polsterdatud tool s\u00f6\u00f6gituppa. See elegantne mitmev\u00e4rviline tool on valmistatud k\u00f5rgeima kvaliteediga \u0161enillkangast, mille lihtne vorm ja moodsad \u00fcmarad kujundid rikastavad iga s\u00f6\u00f6gituba. Tooli pehme ja luksuslik polsterdus tagab mugavuse, samas kui vastupidav poplipuust vineerist alus annab sellele kindla toe. Omadused: Materjal: Puuvill, pol\u00fcester; alus: poplipuust vineer. V\u00e4rv: Melange valge, must, sinine, hall, bee\u017e. [&hellip;]<\/p>\n","protected":false},"featured_media":9856,"comment_status":"open","ping_status":"closed","template":"","meta":[],"product_brand":[],"product_cat":[108],"product_tag":[],"class_list":{"0":"post-9855","1":"product","2":"type-product","3":"status-publish","4":"has-post-thumbnail","6":"product_cat-soogitoolid","7":"product_shipping_class-livin-hill","8":"pa_kollektsioon-leith","9":"pa_materjal-puuvill-poluester-alus-popliit","10":"pa_varv-hall","12":"first","13":"instock","14":"sale","15":"taxable","16":"shipping-taxable","17":"purchasable","18":"product-type-simple"},"_links":{"self":[{"href":"https:\/\/blankpage.ee\/_ruumist-ruumi\/wp-json\/wp\/v2\/product\/9855","targetHints":{"allow":["GET"]}}],"collection":[{"href":"https:\/\/blankpage.ee\/_ruumist-ruumi\/wp-json\/wp\/v2\/product"}],"about":[{"href":"https:\/\/blankpage.ee\/_ruumist-ruumi\/wp-json\/wp\/v2\/types\/product"}],"replies":[{"embeddable":true,"href":"https:\/\/blankpage.ee\/_ruumist-ruumi\/wp-json\/wp\/v2\/comments?post=9855"}],"wp:featuredmedia":[{"embeddable":true,"href":"https:\/\/blankpage.ee\/_ruumist-ruumi\/wp-json\/wp\/v2\/media\/9856"}],"wp:attachment":[{"href":"https:\/\/blankpage.ee\/_ruumist-ruumi\/wp-json\/wp\/v2\/media?parent=9855"}],"wp:term":[{"taxonomy":"product_brand","embeddable":true,"href":"https:\/\/blankpage.ee\/_ruumist-ruumi\/wp-json\/wp\/v2\/product_brand?post=9855"},{"taxonomy":"product_cat","embeddable":true,"href":"https:\/\/blankpage.ee\/_ruumist-ruumi\/wp-json\/wp\/v2\/product_cat?post=9855"},{"taxonomy":"product_tag","embeddable":true,"href":"https:\/\/blankpage.ee\/_ruumist-ruumi\/wp-json\/wp\/v2\/product_tag?post=9855"}],"curies":[{"name":"wp","href":"https:\/\/api.w.org\/{rel}","templated":true}]}}