{"id":9893,"date":"2024-11-01T17:55:39","date_gmt":"2024-11-01T17:55:39","guid":{"rendered":"https:\/\/ruumistruumi.ee\/pood\/melange-teal-roheline-beez-valge-polsterdatud-tool-leith-let77t-puuvill-ja-poluester-alus-poppeliplaadist\/"},"modified":"2025-04-10T11:59:05","modified_gmt":"2025-04-10T11:59:05","slug":"roheline-polsterdatud-tugitool-leith-let77t-puuvill-ja-poluester","status":"publish","type":"product","link":"https:\/\/blankpage.ee\/_ruumist-ruumi\/pood\/roheline-polsterdatud-tugitool-leith-let77t-puuvill-ja-poluester\/","title":{"rendered":"Roheline polsterdatud tugitool Leith LET77T, puuvill ja pol\u00fcester"},"content":{"rendered":"<p>Leith LET77T polsterdatud tool s\u00f6\u00f6gituppa. See modernne mitmev\u00e4rviline tool on valmistatud k\u00f5rgeima kvaliteediga kangastest, pakkudes stiilset ja mugavat istumiskogemust. Lihtsa vormiga tool toetub moekatele \u00fcmaratele kujudele ning kogu konstruktsioon on kaetud materjaliga, mis annab sellele elegantse ja \u00fchtlase v\u00e4limuse.<\/p>\n<p>Leith kollektsiooni kuuluv tool on ideaalne t\u00e4iendus igasse s\u00f6\u00f6gituppa, lisades ruumile v\u00e4rske ja kaasaegse ilme. Melange teal roheline, bee\u017e ja valge v\u00e4rvikombinatsioon loovad harmoonilise ja rahuliku atmosf\u00e4\u00e4ri. Tooli tugev alus on valmistatud Paulownia puidust vineerist, mis tagab vastupidavuse ja pikaealisuse.<\/p>\n<p>Omadused:<br \/>\n<strong>Materjal:<\/strong> Puuvill, pol\u00fcester; alus: Paulownia puidust vineer.<br \/>\n<strong>V\u00e4rv:<\/strong> Melange teal roheline, bee\u017e, valge.<br \/>\n<strong>M\u00f5\u00f5tmed:<\/strong> Laius 62 cm, s\u00fcgavus 58 cm, k\u00f5rgus 80 cm.<br \/>\n<strong>T\u00e4iendavad detailid:<\/strong> Kokkupandud, ei vaja paigaldust. S\u00e4\u00e4stab aega ja vaeva.<\/p>\n<p>&nbsp;<\/p>\n","protected":false},"excerpt":{"rendered":"<p>Leith LET77T polsterdatud tool s\u00f6\u00f6gituppa. See modernne mitmev\u00e4rviline tool on valmistatud k\u00f5rgeima kvaliteediga kangastest, pakkudes stiilset ja mugavat istumiskogemust. Lihtsa vormiga tool toetub moekatele \u00fcmaratele kujudele ning kogu konstruktsioon on kaetud materjaliga, mis annab sellele elegantse ja \u00fchtlase v\u00e4limuse. Leith kollektsiooni kuuluv tool on ideaalne t\u00e4iendus igasse s\u00f6\u00f6gituppa, lisades ruumile v\u00e4rske ja kaasaegse ilme. Melange [&hellip;]<\/p>\n","protected":false},"featured_media":9894,"comment_status":"open","ping_status":"closed","template":"","meta":[],"product_brand":[],"product_cat":[108],"product_tag":[],"class_list":{"0":"post-9893","1":"product","2":"type-product","3":"status-publish","4":"has-post-thumbnail","6":"product_cat-soogitoolid","7":"product_shipping_class-livin-hill","8":"pa_kollektsioon-leith","9":"pa_materjal-puuvill-poluester-poppelipuit","10":"pa_varv-roheline","12":"first","13":"instock","14":"sale","15":"taxable","16":"shipping-taxable","17":"purchasable","18":"product-type-simple"},"_links":{"self":[{"href":"https:\/\/blankpage.ee\/_ruumist-ruumi\/wp-json\/wp\/v2\/product\/9893","targetHints":{"allow":["GET"]}}],"collection":[{"href":"https:\/\/blankpage.ee\/_ruumist-ruumi\/wp-json\/wp\/v2\/product"}],"about":[{"href":"https:\/\/blankpage.ee\/_ruumist-ruumi\/wp-json\/wp\/v2\/types\/product"}],"replies":[{"embeddable":true,"href":"https:\/\/blankpage.ee\/_ruumist-ruumi\/wp-json\/wp\/v2\/comments?post=9893"}],"wp:featuredmedia":[{"embeddable":true,"href":"https:\/\/blankpage.ee\/_ruumist-ruumi\/wp-json\/wp\/v2\/media\/9894"}],"wp:attachment":[{"href":"https:\/\/blankpage.ee\/_ruumist-ruumi\/wp-json\/wp\/v2\/media?parent=9893"}],"wp:term":[{"taxonomy":"product_brand","embeddable":true,"href":"https:\/\/blankpage.ee\/_ruumist-ruumi\/wp-json\/wp\/v2\/product_brand?post=9893"},{"taxonomy":"product_cat","embeddable":true,"href":"https:\/\/blankpage.ee\/_ruumist-ruumi\/wp-json\/wp\/v2\/product_cat?post=9893"},{"taxonomy":"product_tag","embeddable":true,"href":"https:\/\/blankpage.ee\/_ruumist-ruumi\/wp-json\/wp\/v2\/product_tag?post=9893"}],"curies":[{"name":"wp","href":"https:\/\/api.w.org\/{rel}","templated":true}]}}