{"id":9954,"date":"2024-11-03T11:03:20","date_gmt":"2024-11-03T11:03:20","guid":{"rendered":"https:\/\/ruumistruumi.ee\/pood\/must-soogilaud-seville-sev01-0-tamme-ja-poogipuidust-mdf\/"},"modified":"2025-06-17T08:57:27","modified_gmt":"2025-06-17T08:57:27","slug":"must-soogilaud-seville-sev01-0-tamme-ja-poogipuidust-mdf","status":"publish","type":"product","link":"https:\/\/blankpage.ee\/_ruumist-ruumi\/pood\/must-soogilaud-seville-sev01-0-tamme-ja-poogipuidust-mdf\/","title":{"rendered":"Must s\u00f6\u00f6gilaud Seville SEV01-0, tamme- ja p\u00f6\u00f6gipuidust, MDF"},"content":{"rendered":"<p>Seville SEV01-0 s\u00f6\u00f6gilaud s\u00f6\u00f6gituppa. See ainulaadne s\u00f6\u00f6gilaud \u00fchendab endas modernse, retro ja elegantse disaini, mis lisab igale s\u00f6\u00f6gitoale isikup\u00e4ra. Lauaplaat on kaetud musta l\u00e4ikiva viimistlusega ja sellel on kalasabamustriline intarsia, mis t\u00f5mbab pilku. U-kujulised jalad, mis on valmistatud tugevast tammepuidust ning on poolmati kuldse tooniga, pakkudes stiilset kontrasti ja stabiilsust.<\/p>\n<p>Omadused:<br \/>\n<strong>Materjal:<\/strong> Tammepuit, p\u00f6\u00f6gipuit ja MDF.<br \/>\n<strong>V\u00e4rv:<\/strong> Must lauaplaat ja kuldsed jalad.<br \/>\n<strong>M\u00f5\u00f5tmed:<\/strong> Laua laius 200 cm, s\u00fcgavus 100 cm, k\u00f5rgus 75 cm.<br \/>\n<strong>T\u00e4iendavad detailid:<\/strong> Osaliselt kokku pandud, mis s\u00e4\u00e4stab aega ja vaeva paigaldamisel.<\/p>\n<p>&nbsp;<\/p>\n","protected":false},"excerpt":{"rendered":"<p>Seville SEV01-0 s\u00f6\u00f6gilaud s\u00f6\u00f6gituppa. See ainulaadne s\u00f6\u00f6gilaud \u00fchendab endas modernse, retro ja elegantse disaini, mis lisab igale s\u00f6\u00f6gitoale isikup\u00e4ra. Lauaplaat on kaetud musta l\u00e4ikiva viimistlusega ja sellel on kalasabamustriline intarsia, mis t\u00f5mbab pilku. U-kujulised jalad, mis on valmistatud tugevast tammepuidust ning on poolmati kuldse tooniga, pakkudes stiilset kontrasti ja stabiilsust. Omadused: Materjal: Tammepuit, p\u00f6\u00f6gipuit ja [&hellip;]<\/p>\n","protected":false},"featured_media":9955,"comment_status":"open","ping_status":"closed","template":"","meta":[],"product_brand":[],"product_cat":[93],"product_tag":[],"class_list":{"0":"post-9954","1":"product","2":"type-product","3":"status-publish","4":"has-post-thumbnail","6":"product_cat-soogilauad","7":"product_shipping_class-livin-hill","8":"pa_kollektsioon-seville","9":"pa_materjal-puit","10":"pa_varv-must","12":"first","13":"instock","14":"sale","15":"taxable","16":"shipping-taxable","17":"purchasable","18":"product-type-simple"},"_links":{"self":[{"href":"https:\/\/blankpage.ee\/_ruumist-ruumi\/wp-json\/wp\/v2\/product\/9954","targetHints":{"allow":["GET"]}}],"collection":[{"href":"https:\/\/blankpage.ee\/_ruumist-ruumi\/wp-json\/wp\/v2\/product"}],"about":[{"href":"https:\/\/blankpage.ee\/_ruumist-ruumi\/wp-json\/wp\/v2\/types\/product"}],"replies":[{"embeddable":true,"href":"https:\/\/blankpage.ee\/_ruumist-ruumi\/wp-json\/wp\/v2\/comments?post=9954"}],"wp:featuredmedia":[{"embeddable":true,"href":"https:\/\/blankpage.ee\/_ruumist-ruumi\/wp-json\/wp\/v2\/media\/9955"}],"wp:attachment":[{"href":"https:\/\/blankpage.ee\/_ruumist-ruumi\/wp-json\/wp\/v2\/media?parent=9954"}],"wp:term":[{"taxonomy":"product_brand","embeddable":true,"href":"https:\/\/blankpage.ee\/_ruumist-ruumi\/wp-json\/wp\/v2\/product_brand?post=9954"},{"taxonomy":"product_cat","embeddable":true,"href":"https:\/\/blankpage.ee\/_ruumist-ruumi\/wp-json\/wp\/v2\/product_cat?post=9954"},{"taxonomy":"product_tag","embeddable":true,"href":"https:\/\/blankpage.ee\/_ruumist-ruumi\/wp-json\/wp\/v2\/product_tag?post=9954"}],"curies":[{"name":"wp","href":"https:\/\/api.w.org\/{rel}","templated":true}]}}